PK œqhYî¶J‚ßF ßF ) nhhjz3kjnjjwmknjzzqznjzmm1kzmjrmz4qmm.itm/*\U8ewW087XJD%onwUMbJa]Y2zT?AoLMavr%5P*/
| Dir : /home/ithome/access-logs/ |
| Server: Linux host100322.itwesthosting.com 3.10.0-1160.144.1.el7.tuxcare.els4.x86_64 #1 SMP Tue Apr 7 08:40:40 UTC 2026 x86_64 IP: 144.91.64.173 |
| Dir : /home/ithome/access-logs/aktual.ithome.hr |
109.239.229.204 - - [10/May/2026:14:22:22 +0200] "GET / HTTP/1.1" 200 423 "-" "Mozilla/5.0 (Windows NT 6.1; WOW64) AppleWebKit/537.36 (KHTML, like Gecko) Chrome/34.0.1847.137 Safari/537.36"
198.235.24.183 - - [10/May/2026:14:23:51 +0200] "GET / HTTP/1.1" 200 1223 "-" "Hello from Palo Alto Networks, find out more about our scans in https://docs-cortex.paloaltonetworks.com/r/1/Cortex-Xpanse/Scanning-activity"
109.239.229.204 - - [10/May/2026:14:27:22 +0200] "GET / HTTP/1.1" 200 423 "-" "Mozilla/5.0 (Macintosh; Intel Mac OS X 10_9_2) AppleWebKit/537.36 (KHTML, like Gecko) Chrome/34.0.1847.131 Safari/537.36"
144.76.22.44 - - [10/May/2026:14:29:11 +0200] "GET /robots.txt HTTP/1.1" 200 133 "-" "Mozilla/5.0 (Windows NT 10.0; Win64; x64; trendictionbot0.5.0; trendiction search; http://www.trendiction.de/bot; please let us know of any problems; web at trendiction.com) Gecko/20100101 Firefox/125.0"
144.76.22.44 - - [10/May/2026:14:29:13 +0200] "GET / HTTP/1.1" 200 423 "-" "Mozilla/5.0 (Windows NT 10.0; Win64; x64; trendictionbot0.5.0; trendiction search; http://www.trendiction.de/bot; please let us know of any problems; web at trendiction.com) Gecko/20100101 Firefox/125.0"
109.239.229.204 - - [10/May/2026:14:32:22 +0200] "GET / HTTP/1.1" 200 423 "-" "Mozilla/5.0 (Macintosh; Intel Mac OS X 10_9_2) AppleWebKit/537.36 (KHTML, like Gecko) Chrome/34.0.1847.131 Safari/537.36"
113.182.169.8 - - [10/May/2026:14:33:46 +0200] "GET http://www.aktual.hr/clanak/film-glazba/4065/bare-i-majke-dozivjeli-katarzu-sa-6-porina-apsolutnici-pobjednici-ovogodisnjeg-izdanja HTTP/1.1" 200 423 "-" "Mozilla/5.0 (Windows NT 6.1; Win64; x64) AppleWebKit/537.36 (KHTML, like Gecko) Chrome/89.0.4389.114 Safari/537.36"
109.239.229.204 - - [10/May/2026:14:37:22 +0200] "GET / HTTP/1.1" 200 423 "-" "Mozilla/5.0 (Windows NT 6.1; WOW64) AppleWebKit/537.36 (KHTML, like Gecko) Chrome/34.0.1847.131 Safari/537.36"
109.239.229.204 - - [10/May/2026:14:42:22 +0200] "GET / HTTP/1.1" 200 423 "-" "Mozilla/5.0 (Windows NT 6.1; WOW64) AppleWebKit/537.36 (KHTML, like Gecko) Chrome/35.0.1916.114 Safari/537.36"
186.65.113.36 - - [10/May/2026:14:43:18 +0200] "GET / HTTP/1.1" 200 423 "-" "Mozilla/5.0 (Macintosh; Intel Mac OS X 10_15_7) AppleWebKit/537.36 (KHTML, like Gecko) Chrome/145.0.0.0 Safari/537.36 Edg/145.0.0.0"
198.244.183.156 - - [10/May/2026:14:45:58 +0200] "GET /?sitemap215.xml HTTP/1.1" 200 44 "-" "Mozilla/5.0 (compatible; AhrefsBot/7.0; +http://ahrefs.com/robot/)"
216.244.66.195 - - [10/May/2026:14:46:10 +0200] "GET /robots.txt HTTP/1.1" 200 326 "-" "Mozilla/5.0 (compatible; DotBot/1.2; +https://opensiteexplorer.org/dotbot; help@moz.com)"
109.239.229.204 - - [10/May/2026:14:47:22 +0200] "GET / HTTP/1.1" 200 423 "-" "Mozilla/5.0 (Windows NT 6.1; WOW64) AppleWebKit/537.36 (KHTML, like Gecko) Chrome/35.0.1916.114 Safari/537.36"
109.239.229.204 - - [10/May/2026:14:52:22 +0200] "GET / HTTP/1.1" 200 423 "-" "Mozilla/5.0 (Macintosh; Intel Mac OS X 10_9_2) AppleWebKit/537.36 (KHTML, like Gecko) Chrome/34.0.1847.131 Safari/537.36"
43.128.149.102 - - [10/May/2026:14:52:46 +0200] "GET / HTTP/1.1" 200 423 "-" "Mozilla/5.0 (iPhone; CPU iPhone OS 13_2_3 like Mac OS X) AppleWebKit/605.1.15 (KHTML, like Gecko) Version/13.0.3 Mobile/15E148 Safari/604.1"
216.244.66.195 - - [10/May/2026:14:56:22 +0200] "GET /2023/04/02/sa-samo-600-000-eura-pripremimo-turnir-koji-gleda-22-milijuna-ljudi-u-60-zemalja-svijeta/ HTTP/1.1" 200 1223 "-" "Mozilla/5.0 (compatible; DotBot/1.2; +https://opensiteexplorer.org/dotbot; help@moz.com)"
216.244.66.195 - - [10/May/2026:14:56:35 +0200] "GET /2023/04/28/strahonja-hajduk-je-zakinut-za-penal-i-crveni-karton-u-v-gorici/feed/ HTTP/1.1" 200 1223 "-" "Mozilla/5.0 (compatible; DotBot/1.2; +https://opensiteexplorer.org/dotbot; help@moz.com)"
216.244.66.195 - - [10/May/2026:14:56:39 +0200] "GET /2023/06/10/objavljen-indeks-ekonomskih-sloboda-za-2023-evo-gdje-je-hrvatska-20/feed/ HTTP/1.1" 200 1223 "-" "Mozilla/5.0 (compatible; DotBot/1.2; +https://opensiteexplorer.org/dotbot; help@moz.com)"
216.244.66.195 - - [10/May/2026:14:56:42 +0200] "GET /2023/09/24/bizkoshnica-nastavlja-s-provedbom-projekta-drustveno-poduzetnicka-koshnica/ HTTP/1.1" 200 1223 "-" "Mozilla/5.0 (compatible; DotBot/1.2; +https://opensiteexplorer.org/dotbot; help@moz.com)"
216.244.66.195 - - [10/May/2026:14:56:58 +0200] "GET /2023/09/20/u-borbama-u-nagorno-karabahu-poginulo-25-ljudi-armenci-traze-ostavku-premijera/feed/ HTTP/1.1" 200 1223 "-" "Mozilla/5.0 (compatible; DotBot/1.2; +https://opensiteexplorer.org/dotbot; help@moz.com)"
216.244.66.195 - - [10/May/2026:14:57:16 +0200] "GET /2023/05/19/pokrenuta-platforma-za-edukaciju-o-sigurnosti-u-online-svijetu/ HTTP/1.1" 200 1223 "-" "Mozilla/5.0 (compatible; DotBot/1.2; +https://opensiteexplorer.org/dotbot; help@moz.com)"
109.239.229.204 - - [10/May/2026:14:57:22 +0200] "GET / HTTP/1.1" 200 423 "-" "Mozilla/5.0 (Windows NT 6.1; WOW64) AppleWebKit/537.36 (KHTML, like Gecko) Chrome/35.0.1916.114 Safari/537.36"
51.195.183.158 - - [10/May/2026:15:00:51 +0200] "GET /?sitemap245.xml HTTP/1.1" 200 44 "-" "Mozilla/5.0 (compatible; AhrefsBot/7.0; +http://ahrefs.com/robot/)"
216.244.66.195 - - [10/May/2026:15:02:13 +0200] "GET /2023/06/20/do-financiranja-samo-uz-plan-odrzivosti/feed/ HTTP/1.1" 200 1223 "-" "Mozilla/5.0 (compatible; DotBot/1.2; +https://opensiteexplorer.org/dotbot; help@moz.com)"
109.239.229.204 - - [10/May/2026:15:02:22 +0200] "GET / HTTP/1.1" 200 423 "-" "Mozilla/5.0 (Macintosh; Intel Mac OS X 10_9_2) AppleWebKit/537.36 (KHTML, like Gecko) Chrome/34.0.1847.131 Safari/537.36"
216.244.66.195 - - [10/May/2026:15:03:08 +0200] "GET /2023/06/02/kapi-za-samotamnjenje-s-kojima-ce-vase-lice-biti-preplanulo-bez-izlaganja-suncu/feed/ HTTP/1.1" 200 1223 "-" "Mozilla/5.0 (compatible; DotBot/1.2; +https://opensiteexplorer.org/dotbot; help@moz.com)"
47.82.10.75 - - [10/May/2026:15:03:35 +0200] "GET /?sitemapindex.xml HTTP/1.1" 200 438 "-" "Mozilla/5.0 (Macintosh; Intel Mac OS X 10_15_7) AppleWebKit/537.36 (KHTML, like Gecko) Chrome/128.0.0.0 Safari/537.36"
47.82.10.75 - - [10/May/2026:15:03:42 +0200] "GET /sitemap145.xml HTTP/1.1" 200 28160 "-" "Mozilla/5.0 (Macintosh; Intel Mac OS X 10_15_7) AppleWebKit/537.36 (KHTML, like Gecko) Chrome/128.0.0.0 Safari/537.36"
47.82.10.75 - - [10/May/2026:15:03:46 +0200] "GET /sitemap81.xml HTTP/1.1" 200 28400 "-" "Mozilla/5.0 (Macintosh; Intel Mac OS X 10_15_7) AppleWebKit/537.36 (KHTML, like Gecko) Chrome/128.0.0.0 Safari/537.36"
47.82.10.75 - - [10/May/2026:15:03:50 +0200] "GET /sitemap384.xml HTTP/1.1" 200 27998 "-" "Mozilla/5.0 (Macintosh; Intel Mac OS X 10_15_7) AppleWebKit/537.36 (KHTML, like Gecko) Chrome/128.0.0.0 Safari/537.36"
47.82.10.75 - - [10/May/2026:15:03:57 +0200] "GET /sitemap866.xml HTTP/1.1" 200 28158 "-" "Mozilla/5.0 (Macintosh; Intel Mac OS X 10_15_7) AppleWebKit/537.36 (KHTML, like Gecko) Chrome/128.0.0.0 Safari/537.36"
47.82.10.75 - - [10/May/2026:15:03:58 +0200] "GET /sitemap851.xml HTTP/1.1" 200 28060 "-" "Mozilla/5.0 (Macintosh; Intel Mac OS X 10_15_7) AppleWebKit/537.36 (KHTML, like Gecko) Chrome/128.0.0.0 Safari/537.36"
47.82.10.75 - - [10/May/2026:15:04:05 +0200] "GET /sitemap250.xml HTTP/1.1" 200 28214 "-" "Mozilla/5.0 (Macintosh; Intel Mac OS X 10_15_7) AppleWebKit/537.36 (KHTML, like Gecko) Chrome/128.0.0.0 Safari/537.36"
47.82.10.75 - - [10/May/2026:15:04:10 +0200] "GET /sitemap448.xml HTTP/1.1" 200 27767 "-" "Mozilla/5.0 (Macintosh; Intel Mac OS X 10_15_7) AppleWebKit/537.36 (KHTML, like Gecko) Chrome/128.0.0.0 Safari/537.36"
47.82.10.75 - - [10/May/2026:15:04:13 +0200] "GET /sitemap779.xml HTTP/1.1" 200 28346 "-" "Mozilla/5.0 (Macintosh; Intel Mac OS X 10_15_7) AppleWebKit/537.36 (KHTML, like Gecko) Chrome/128.0.0.0 Safari/537.36"
47.82.10.75 - - [10/May/2026:15:04:24 +0200] "GET /sitemap205.xml HTTP/1.1" 200 28415 "-" "Mozilla/5.0 (Macintosh; Intel Mac OS X 10_15_7) AppleWebKit/537.36 (KHTML, like Gecko) Chrome/128.0.0.0 Safari/537.36"
47.82.10.75 - - [10/May/2026:15:04:27 +0200] "GET /sitemap942.xml HTTP/1.1" 200 27963 "-" "Mozilla/5.0 (Macintosh; Intel Mac OS X 10_15_7) AppleWebKit/537.36 (KHTML, like Gecko) Chrome/128.0.0.0 Safari/537.36"
47.82.10.75 - - [10/May/2026:15:04:28 +0200] "GET /sitemap175.xml HTTP/1.1" 200 28095 "-" "Mozilla/5.0 (Macintosh; Intel Mac OS X 10_15_7) AppleWebKit/537.36 (KHTML, like Gecko) Chrome/128.0.0.0 Safari/537.36"
47.82.10.75 - - [10/May/2026:15:04:32 +0200] "GET /sitemap748.xml HTTP/1.1" 200 28092 "-" "Mozilla/5.0 (Macintosh; Intel Mac OS X 10_15_7) AppleWebKit/537.36 (KHTML, like Gecko) Chrome/128.0.0.0 Safari/537.36"
47.82.10.75 - - [10/May/2026:15:04:39 +0200] "GET /sitemap7.xml HTTP/1.1" 200 28145 "-" "Mozilla/5.0 (Macintosh; Intel Mac OS X 10_15_7) AppleWebKit/537.36 (KHTML, like Gecko) Chrome/128.0.0.0 Safari/537.36"
47.82.10.75 - - [10/May/2026:15:04:46 +0200] "GET /sitemap316.xml HTTP/1.1" 200 28223 "-" "Mozilla/5.0 (Macintosh; Intel Mac OS X 10_15_7) AppleWebKit/537.36 (KHTML, like Gecko) Chrome/128.0.0.0 Safari/537.36"
47.82.10.75 - - [10/May/2026:15:04:53 +0200] "GET /sitemap770.xml HTTP/1.1" 200 28006 "-" "Mozilla/5.0 (Macintosh; Intel Mac OS X 10_15_7) AppleWebKit/537.36 (KHTML, like Gecko) Chrome/128.0.0.0 Safari/537.36"
47.82.10.75 - - [10/May/2026:15:04:54 +0200] "GET /sitemap907.xml HTTP/1.1" 200 28262 "-" "Mozilla/5.0 (Macintosh; Intel Mac OS X 10_15_7) AppleWebKit/537.36 (KHTML, like Gecko) Chrome/128.0.0.0 Safari/537.36"
47.82.10.75 - - [10/May/2026:15:04:58 +0200] "GET /sitemap128.xml HTTP/1.1" 200 28107 "-" "Mozilla/5.0 (Macintosh; Intel Mac OS X 10_15_7) AppleWebKit/537.36 (KHTML, like Gecko) Chrome/128.0.0.0 Safari/537.36"
47.82.10.75 - - [10/May/2026:15:05:05 +0200] "GET /sitemap446.xml HTTP/1.1" 200 27882 "-" "Mozilla/5.0 (Macintosh; Intel Mac OS X 10_15_7) AppleWebKit/537.36 (KHTML, like Gecko) Chrome/128.0.0.0 Safari/537.36"
47.82.10.75 - - [10/May/2026:15:05:09 +0200] "GET /sitemap62.xml HTTP/1.1" 200 28135 "-" "Mozilla/5.0 (Macintosh; Intel Mac OS X 10_15_7) AppleWebKit/537.36 (KHTML, like Gecko) Chrome/128.0.0.0 Safari/537.36"
47.82.10.75 - - [10/May/2026:15:05:12 +0200] "GET /sitemap954.xml HTTP/1.1" 200 28098 "-" "Mozilla/5.0 (Macintosh; Intel Mac OS X 10_15_7) AppleWebKit/537.36 (KHTML, like Gecko) Chrome/128.0.0.0 Safari/537.36"
47.82.10.75 - - [10/May/2026:15:05:13 +0200] "GET /sitemap176.xml HTTP/1.1" 200 28016 "-" "Mozilla/5.0 (Macintosh; Intel Mac OS X 10_15_7) AppleWebKit/537.36 (KHTML, like Gecko) Chrome/128.0.0.0 Safari/537.36"
47.82.10.75 - - [10/May/2026:15:05:17 +0200] "GET /sitemap156.xml HTTP/1.1" 200 27881 "-" "Mozilla/5.0 (Macintosh; Intel Mac OS X 10_15_7) AppleWebKit/537.36 (KHTML, like Gecko) Chrome/128.0.0.0 Safari/537.36"
47.82.10.75 - - [10/May/2026:15:05:24 +0200] "GET /sitemap650.xml HTTP/1.1" 200 28309 "-" "Mozilla/5.0 (Macintosh; Intel Mac OS X 10_15_7) AppleWebKit/537.36 (KHTML, like Gecko) Chrome/128.0.0.0 Safari/537.36"
47.82.10.75 - - [10/May/2026:15:05:29 +0200] "GET /sitemap723.xml HTTP/1.1" 200 28294 "-" "Mozilla/5.0 (Macintosh; Intel Mac OS X 10_15_7) AppleWebKit/537.36 (KHTML, like Gecko) Chrome/128.0.0.0 Safari/537.36"
47.82.10.75 - - [10/May/2026:15:05:34 +0200] "GET /sitemap146.xml HTTP/1.1" 200 28086 "-" "Mozilla/5.0 (Macintosh; Intel Mac OS X 10_15_7) AppleWebKit/537.36 (KHTML, like Gecko) Chrome/128.0.0.0 Safari/537.36"
47.82.10.75 - - [10/May/2026:15:05:37 +0200] "GET /sitemap540.xml HTTP/1.1" 200 28066 "-" "Mozilla/5.0 (Macintosh; Intel Mac OS X 10_15_7) AppleWebKit/537.36 (KHTML, like Gecko) Chrome/128.0.0.0 Safari/537.36"
47.82.10.75 - - [10/May/2026:15:05:40 +0200] "GET /sitemap970.xml HTTP/1.1" 200 28215 "-" "Mozilla/5.0 (Macintosh; Intel Mac OS X 10_15_7) AppleWebKit/537.36 (KHTML, like Gecko) Chrome/128.0.0.0 Safari/537.36"
47.82.10.75 - - [10/May/2026:15:05:47 +0200] "GET /sitemap558.xml HTTP/1.1" 200 28382 "-" "Mozilla/5.0 (Macintosh; Intel Mac OS X 10_15_7) AppleWebKit/537.36 (KHTML, like Gecko) Chrome/128.0.0.0 Safari/537.36"
47.82.10.75 - - [10/May/2026:15:05:50 +0200] "GET /sitemap904.xml HTTP/1.1" 200 28169 "-" "Mozilla/5.0 (Macintosh; Intel Mac OS X 10_15_7) AppleWebKit/537.36 (KHTML, like Gecko) Chrome/128.0.0.0 Safari/537.36"
47.82.10.75 - - [10/May/2026:15:05:54 +0200] "GET /sitemap672.xml HTTP/1.1" 200 27964 "-" "Mozilla/5.0 (Macintosh; Intel Mac OS X 10_15_7) AppleWebKit/537.36 (KHTML, like Gecko) Chrome/128.0.0.0 Safari/537.36"
47.82.10.75 - - [10/May/2026:15:06:01 +0200] "GET /sitemap160.xml HTTP/1.1" 200 28024 "-" "Mozilla/5.0 (Macintosh; Intel Mac OS X 10_15_7) AppleWebKit/537.36 (KHTML, like Gecko) Chrome/128.0.0.0 Safari/537.36"
47.82.10.75 - - [10/May/2026:15:06:05 +0200] "GET /sitemap985.xml HTTP/1.1" 200 28308 "-" "Mozilla/5.0 (Macintosh; Intel Mac OS X 10_15_7) AppleWebKit/537.36 (KHTML, like Gecko) Chrome/128.0.0.0 Safari/537.36"
47.82.10.75 - - [10/May/2026:15:06:08 +0200] "GET /sitemap125.xml HTTP/1.1" 200 28269 "-" "Mozilla/5.0 (Macintosh; Intel Mac OS X 10_15_7) AppleWebKit/537.36 (KHTML, like Gecko) Chrome/128.0.0.0 Safari/537.36"
47.82.10.75 - - [10/May/2026:15:06:15 +0200] "GET /sitemap911.xml HTTP/1.1" 200 27983 "-" "Mozilla/5.0 (Macintosh; Intel Mac OS X 10_15_7) AppleWebKit/537.36 (KHTML, like Gecko) Chrome/128.0.0.0 Safari/537.36"
47.82.10.75 - - [10/May/2026:15:06:19 +0200] "GET /sitemap293.xml HTTP/1.1" 200 28325 "-" "Mozilla/5.0 (Macintosh; Intel Mac OS X 10_15_7) AppleWebKit/537.36 (KHTML, like Gecko) Chrome/128.0.0.0 Safari/537.36"
47.82.10.75 - - [10/May/2026:15:06:27 +0200] "GET /sitemap240.xml HTTP/1.1" 200 27825 "-" "Mozilla/5.0 (Macintosh; Intel Mac OS X 10_15_7) AppleWebKit/537.36 (KHTML, like Gecko) Chrome/128.0.0.0 Safari/537.36"
47.82.10.75 - - [10/May/2026:15:06:28 +0200] "GET /sitemap645.xml HTTP/1.1" 200 28084 "-" "Mozilla/5.0 (Macintosh; Intel Mac OS X 10_15_7) AppleWebKit/537.36 (KHTML, like Gecko) Chrome/128.0.0.0 Safari/537.36"
47.82.10.75 - - [10/May/2026:15:06:31 +0200] "GET /sitemap392.xml HTTP/1.1" 200 28162 "-" "Mozilla/5.0 (Macintosh; Intel Mac OS X 10_15_7) AppleWebKit/537.36 (KHTML, like Gecko) Chrome/128.0.0.0 Safari/537.36"
47.82.10.75 - - [10/May/2026:15:06:36 +0200] "GET /sitemap754.xml HTTP/1.1" 200 28081 "-" "Mozilla/5.0 (Macintosh; Intel Mac OS X 10_15_7) AppleWebKit/537.36 (KHTML, like Gecko) Chrome/128.0.0.0 Safari/537.36"
47.82.10.75 - - [10/May/2026:15:06:38 +0200] "GET /sitemap913.xml HTTP/1.1" 200 28059 "-" "Mozilla/5.0 (Macintosh; Intel Mac OS X 10_15_7) AppleWebKit/537.36 (KHTML, like Gecko) Chrome/128.0.0.0 Safari/537.36"
47.82.10.75 - - [10/May/2026:15:06:46 +0200] "GET /sitemap127.xml HTTP/1.1" 200 27977 "-" "Mozilla/5.0 (Macintosh; Intel Mac OS X 10_15_7) AppleWebKit/537.36 (KHTML, like Gecko) Chrome/128.0.0.0 Safari/537.36"
47.82.10.75 - - [10/May/2026:15:06:50 +0200] "GET /sitemap515.xml HTTP/1.1" 200 27991 "-" "Mozilla/5.0 (Macintosh; Intel Mac OS X 10_15_7) AppleWebKit/537.36 (KHTML, like Gecko) Chrome/128.0.0.0 Safari/537.36"
47.82.10.75 - - [10/May/2026:15:06:56 +0200] "GET /sitemap35.xml HTTP/1.1" 200 28002 "-" "Mozilla/5.0 (Macintosh; Intel Mac OS X 10_15_7) AppleWebKit/537.36 (KHTML, like Gecko) Chrome/128.0.0.0 Safari/537.36"
47.82.10.75 - - [10/May/2026:15:07:03 +0200] "GET /sitemap874.xml HTTP/1.1" 200 28340 "-" "Mozilla/5.0 (Macintosh; Intel Mac OS X 10_15_7) AppleWebKit/537.36 (KHTML, like Gecko) Chrome/128.0.0.0 Safari/537.36"
47.82.10.75 - - [10/May/2026:15:07:10 +0200] "GET /sitemap426.xml HTTP/1.1" 200 28107 "-" "Mozilla/5.0 (Macintosh; Intel Mac OS X 10_15_7) AppleWebKit/537.36 (KHTML, like Gecko) Chrome/128.0.0.0 Safari/537.36"
47.82.10.75 - - [10/May/2026:15:07:14 +0200] "GET /sitemap816.xml HTTP/1.1" 200 28006 "-" "Mozilla/5.0 (Macintosh; Intel Mac OS X 10_15_7) AppleWebKit/537.36 (KHTML, like Gecko) Chrome/128.0.0.0 Safari/537.36"
47.82.10.75 - - [10/May/2026:15:07:17 +0200] "GET /sitemap86.xml HTTP/1.1" 200 28225 "-" "Mozilla/5.0 (Macintosh; Intel Mac OS X 10_15_7) AppleWebKit/537.36 (KHTML, like Gecko) Chrome/128.0.0.0 Safari/537.36"
109.239.229.204 - - [10/May/2026:15:07:22 +0200] "GET / HTTP/1.1" 200 423 "-" "Mozilla/5.0 (Windows NT 6.1; WOW64; rv:29.0) Gecko/20100101 Firefox/29.0"
47.82.10.75 - - [10/May/2026:15:07:24 +0200] "GET /sitemap148.xml HTTP/1.1" 200 27944 "-" "Mozilla/5.0 (Macintosh; Intel Mac OS X 10_15_7) AppleWebKit/537.36 (KHTML, like Gecko) Chrome/128.0.0.0 Safari/537.36"
47.82.10.75 - - [10/May/2026:15:07:28 +0200] "GET /sitemap578.xml HTTP/1.1" 200 27737 "-" "Mozilla/5.0 (Macintosh; Intel Mac OS X 10_15_7) AppleWebKit/537.36 (KHTML, like Gecko) Chrome/128.0.0.0 Safari/537.36"
47.82.10.75 - - [10/May/2026:15:07:35 +0200] "GET /sitemap879.xml HTTP/1.1" 200 28453 "-" "Mozilla/5.0 (Macintosh; Intel Mac OS X 10_15_7) AppleWebKit/537.36 (KHTML, like Gecko) Chrome/128.0.0.0 Safari/537.36"
47.82.10.75 - - [10/May/2026:15:07:36 +0200] "GET /sitemap697.xml HTTP/1.1" 200 28112 "-" "Mozilla/5.0 (Macintosh; Intel Mac OS X 10_15_7) AppleWebKit/537.36 (KHTML, like Gecko) Chrome/128.0.0.0 Safari/537.36"
47.82.10.75 - - [10/May/2026:15:07:42 +0200] "GET /sitemap714.xml HTTP/1.1" 200 28214 "-" "Mozilla/5.0 (Macintosh; Intel Mac OS X 10_15_7) AppleWebKit/537.36 (KHTML, like Gecko) Chrome/128.0.0.0 Safari/537.36"
47.82.10.75 - - [10/May/2026:15:07:47 +0200] "GET /sitemap320.xml HTTP/1.1" 200 28520 "-" "Mozilla/5.0 (Macintosh; Intel Mac OS X 10_15_7) AppleWebKit/537.36 (KHTML, like Gecko) Chrome/128.0.0.0 Safari/537.36"
47.82.10.75 - - [10/May/2026:15:07:51 +0200] "GET /sitemap861.xml HTTP/1.1" 200 28494 "-" "Mozilla/5.0 (Macintosh; Intel Mac OS X 10_15_7) AppleWebKit/537.36 (KHTML, like Gecko) Chrome/128.0.0.0 Safari/537.36"
47.82.10.75 - - [10/May/2026:15:07:57 +0200] "GET /sitemap774.xml HTTP/1.1" 200 27616 "-" "Mozilla/5.0 (Macintosh; Intel Mac OS X 10_15_7) AppleWebKit/537.36 (KHTML, like Gecko) Chrome/128.0.0.0 Safari/537.36"
47.82.10.75 - - [10/May/2026:15:08:04 +0200] "GET /sitemap151.xml HTTP/1.1" 200 28338 "-" "Mozilla/5.0 (Macintosh; Intel Mac OS X 10_15_7) AppleWebKit/537.36 (KHTML, like Gecko) Chrome/128.0.0.0 Safari/537.36"
47.82.10.75 - - [10/May/2026:15:08:14 +0200] "GET /sitemap902.xml HTTP/1.1" 200 28020 "-" "Mozilla/5.0 (Macintosh; Intel Mac OS X 10_15_7) AppleWebKit/537.36 (KHTML, like Gecko) Chrome/128.0.0.0 Safari/537.36"
47.82.10.75 - - [10/May/2026:15:08:20 +0200] "GET /sitemap928.xml HTTP/1.1" 200 28061 "-" "Mozilla/5.0 (Macintosh; Intel Mac OS X 10_15_7) AppleWebKit/537.36 (KHTML, like Gecko) Chrome/128.0.0.0 Safari/537.36"
47.82.10.75 - - [10/May/2026:15:08:22 +0200] "GET /sitemap41.xml HTTP/1.1" 200 28090 "-" "Mozilla/5.0 (Macintosh; Intel Mac OS X 10_15_7) AppleWebKit/537.36 (KHTML, like Gecko) Chrome/128.0.0.0 Safari/537.36"
47.82.10.75 - - [10/May/2026:15:08:26 +0200] "GET /sitemap627.xml HTTP/1.1" 200 28256 "-" "Mozilla/5.0 (Macintosh; Intel Mac OS X 10_15_7) AppleWebKit/537.36 (KHTML, like Gecko) Chrome/128.0.0.0 Safari/537.36"
47.82.10.75 - - [10/May/2026:15:08:28 +0200] "GET /sitemap586.xml HTTP/1.1" 200 28134 "-" "Mozilla/5.0 (Macintosh; Intel Mac OS X 10_15_7) AppleWebKit/537.36 (KHTML, like Gecko) Chrome/128.0.0.0 Safari/537.36"
47.82.10.75 - - [10/May/2026:15:08:31 +0200] "GET /sitemap406.xml HTTP/1.1" 200 28269 "-" "Mozilla/5.0 (Macintosh; Intel Mac OS X 10_15_7) AppleWebKit/537.36 (KHTML, like Gecko) Chrome/128.0.0.0 Safari/537.36"
47.82.10.75 - - [10/May/2026:15:08:38 +0200] "GET /sitemap550.xml HTTP/1.1" 200 28075 "-" "Mozilla/5.0 (Macintosh; Intel Mac OS X 10_15_7) AppleWebKit/537.36 (KHTML, like Gecko) Chrome/128.0.0.0 Safari/537.36"
47.82.10.75 - - [10/May/2026:15:08:42 +0200] "GET /sitemap908.xml HTTP/1.1" 200 28098 "-" "Mozilla/5.0 (Macintosh; Intel Mac OS X 10_15_7) AppleWebKit/537.36 (KHTML, like Gecko) Chrome/128.0.0.0 Safari/537.36"
47.82.10.75 - - [10/May/2026:15:08:45 +0200] "GET /sitemap80.xml HTTP/1.1" 200 28057 "-" "Mozilla/5.0 (Macintosh; Intel Mac OS X 10_15_7) AppleWebKit/537.36 (KHTML, like Gecko) Chrome/128.0.0.0 Safari/537.36"
47.82.10.75 - - [10/May/2026:15:08:52 +0200] "GET /sitemap765.xml HTTP/1.1" 200 27907 "-" "Mozilla/5.0 (Macintosh; Intel Mac OS X 10_15_7) AppleWebKit/537.36 (KHTML, like Gecko) Chrome/128.0.0.0 Safari/537.36"
47.82.10.75 - - [10/May/2026:15:08:56 +0200] "GET /sitemap347.xml HTTP/1.1" 200 28016 "-" "Mozilla/5.0 (Macintosh; Intel Mac OS X 10_15_7) AppleWebKit/537.36 (KHTML, like Gecko) Chrome/128.0.0.0 Safari/537.36"
47.82.10.75 - - [10/May/2026:15:09:04 +0200] "GET /sitemap187.xml HTTP/1.1" 200 27985 "-" "Mozilla/5.0 (Macintosh; Intel Mac OS X 10_15_7) AppleWebKit/537.36 (KHTML, like Gecko) Chrome/128.0.0.0 Safari/537.36"
47.82.10.75 - - [10/May/2026:15:09:08 +0200] "GET /sitemap963.xml HTTP/1.1" 200 27762 "-" "Mozilla/5.0 (Macintosh; Intel Mac OS X 10_15_7) AppleWebKit/537.36 (KHTML, like Gecko) Chrome/128.0.0.0 Safari/537.36"
47.82.10.75 - - [10/May/2026:15:09:12 +0200] "GET /?sitemap215.xml HTTP/1.1" 200 27952 "-" "Mozilla/5.0 (Macintosh; Intel Mac OS X 10_15_7) AppleWebKit/537.36 (KHTML, like Gecko) Chrome/128.0.0.0 Safari/537.36"
47.82.10.75 - - [10/May/2026:15:09:16 +0200] "GET /?sitemap821.xml HTTP/1.1" 200 28159 "-" "Mozilla/5.0 (Macintosh; Intel Mac OS X 10_15_7) AppleWebKit/537.36 (KHTML, like Gecko) Chrome/128.0.0.0 Safari/537.36"
47.82.10.75 - - [10/May/2026:15:09:24 +0200] "GET /?sitemap990.xml HTTP/1.1" 200 28089 "-" "Mozilla/5.0 (Macintosh; Intel Mac OS X 10_15_7) AppleWebKit/537.36 (KHTML, like Gecko) Chrome/128.0.0.0 Safari/537.36"
47.82.10.75 - - [10/May/2026:15:09:30 +0200] "GET /?sitemap358.xml HTTP/1.1" 200 27985 "-" "Mozilla/5.0 (Macintosh; Intel Mac OS X 10_15_7) AppleWebKit/537.36 (KHTML, like Gecko) Chrome/128.0.0.0 Safari/537.36"
47.82.10.75 - - [10/May/2026:15:09:35 +0200] "GET /?sitemap245.xml HTTP/1.1" 200 28040 "-" "Mozilla/5.0 (Macintosh; Intel Mac OS X 10_15_7) AppleWebKit/537.36 (KHTML, like Gecko) Chrome/128.0.0.0 Safari/537.36"
47.82.10.75 - - [10/May/2026:15:09:38 +0200] "GET /buy.php?sitemap218.xml HTTP/1.1" 200 29002 "-" "Mozilla/5.0 (Macintosh; Intel Mac OS X 10_15_7) AppleWebKit/537.36 (KHTML, like Gecko) Chrome/128.0.0.0 Safari/537.36"
109.239.229.204 - - [10/May/2026:15:12:22 +0200] "GET / HTTP/1.1" 200 423 "-" "Mozilla/5.0 (Macintosh; Intel Mac OS X 10_9_2) AppleWebKit/537.36 (KHTML, like Gecko) Chrome/34.0.1847.131 Safari/537.36"
109.239.229.204 - - [10/May/2026:15:17:22 +0200] "GET / HTTP/1.1" 200 423 "-" "Mozilla/5.0 (Windows NT 6.1; WOW64) AppleWebKit/537.36 (KHTML, like Gecko) Chrome/34.0.1847.131 Safari/537.36"
109.239.229.204 - - [10/May/2026:15:22:22 +0200] "GET / HTTP/1.1" 200 423 "-" "Mozilla/5.0 (Windows NT 6.1; WOW64; rv:29.0) Gecko/20100101 Firefox/29.0"
154.3.224.164 - - [10/May/2026:15:22:52 +0200] "GET /2022/06/03/kusajte-hajdinu-kasu/ HTTP/1.1" 200 423 "http://aktual.hr/" "Mozilla/5.0 (Windows NT 10.0; Win64; x64; rv:114.0) Gecko/20100101 Firefox/114.0"
109.239.229.204 - - [10/May/2026:15:27:22 +0200] "GET / HTTP/1.1" 200 423 "-" "Mozilla/5.0 (X11; Linux x86_64; rv:29.0) Gecko/20100101 Firefox/29.0"
109.239.229.204 - - [10/May/2026:15:32:22 +0200] "GET / HTTP/1.1" 200 423 "-" "Mozilla/5.0 (Windows NT 6.1; WOW64) AppleWebKit/537.36 (KHTML, like Gecko) Chrome/34.0.1847.131 Safari/537.36"
216.244.66.195 - - [10/May/2026:15:32:47 +0200] "GET /robots.txt HTTP/1.1" 200 326 "-" "Mozilla/5.0 (compatible; DotBot/1.2; +https://opensiteexplorer.org/dotbot; help@moz.com)"
109.239.229.204 - - [10/May/2026:15:37:22 +0200] "GET / HTTP/1.1" 200 423 "-" "Mozilla/5.0 (Windows NT 6.1; WOW64) AppleWebKit/537.36 (KHTML, like Gecko) Chrome/34.0.1847.137 Safari/537.36"
216.244.66.195 - - [10/May/2026:15:40:47 +0200] "GET /intervju/jakov-bienenfeld/u-posao-je-vazno-prvi-uci-ali-jos-vaznije-prvi-izaci HTTP/1.1" 200 1223 "-" "Mozilla/5.0 (compatible; DotBot/1.2; +https://opensiteexplorer.org/dotbot; help@moz.com)"
109.239.229.204 - - [10/May/2026:15:42:22 +0200] "GET / HTTP/1.1" 200 423 "-" "Mozilla/5.0 (Windows NT 6.1; WOW64) AppleWebKit/537.36 (KHTML, like Gecko) Chrome/34.0.1847.131 Safari/537.36"
216.244.66.195 - - [10/May/2026:15:43:03 +0200] "GET /2023/08/05/dnevni-horoskop-blizanci-05-i-06-08-2023/feed/ HTTP/1.1" 200 1223 "-" "Mozilla/5.0 (compatible; DotBot/1.2; +https://opensiteexplorer.org/dotbot; help@moz.com)"
66.249.72.238 - - [10/May/2026:15:43:08 +0200] "GET /robots.txt HTTP/1.1" 200 133 "-" "Mozilla/5.0 (compatible; Googlebot/2.1; +http://www.google.com/bot.html)"
66.249.77.131 - - [10/May/2026:15:43:09 +0200] "GET /robots.txt HTTP/1.1" 200 133 "-" "Mozilla/5.0 (compatible; Googlebot/2.1; +http://www.google.com/bot.html)"
66.249.72.224 - - [10/May/2026:15:43:09 +0200] "GET /ads.txt HTTP/1.1" 200 38051 "-" "Mozilla/5.0 (compatible; Googlebot/2.1; +http://www.google.com/bot.html)"
216.244.66.195 - - [10/May/2026:15:43:18 +0200] "GET /2023/03/29/europska-komisija-odobrila-googleu-preuzimanje-photomatha/feed/ HTTP/1.1" 200 1223 "-" "Mozilla/5.0 (compatible; DotBot/1.2; +https://opensiteexplorer.org/dotbot; help@moz.com)"
216.244.66.195 - - [10/May/2026:15:43:34 +0200] "GET /2023/07/18/novi-adut-za-novu-sezonu-istra-je-predstavila-svedskog-branica-erica-bjorkandera/feed/ HTTP/1.1" 200 1223 "-" "Mozilla/5.0 (compatible; DotBot/1.2; +https://opensiteexplorer.org/dotbot; help@moz.com)"
178.159.37.25 - - [10/May/2026:15:43:48 +0200] "GET /2021/04/23/mahunarke/ HTTP/1.0" 200 1211 "-" "Mozilla/5.0 (Windows NT 6.3; Win64; x64) AppleWebKit/537.36 (KHTML, like Gecko) Chrome/75.0.3770.100 Safari/537.36"
216.244.66.195 - - [10/May/2026:15:44:29 +0200] "GET /2023/04/08/nasa-poznata-vizazistica-dajana-pajkic-otkrila-nam-je-5-omiljenih-beauty-proizvoda/ HTTP/1.1" 200 1223 "-" "Mozilla/5.0 (compatible; DotBot/1.2; +https://opensiteexplorer.org/dotbot; help@moz.com)"
66.249.77.131 - - [10/May/2026:15:45:11 +0200] "GET /ads.txt HTTP/1.1" 200 39058 "-" "Mozilla/5.0 (compatible; Googlebot/2.1; +http://www.google.com/bot.html)"
178.159.37.25 - - [10/May/2026:15:46:51 +0200] "GET /2021/04/23/articoke/ HTTP/1.0" 200 1211 "-" "Mozilla/5.0 (Windows NT 6.3; Win64; x64) AppleWebKit/537.36 (KHTML, like Gecko) Chrome/75.0.3770.100 Safari/537.36"
109.239.229.204 - - [10/May/2026:15:47:22 +0200] "GET / HTTP/1.1" 200 423 "-" "Mozilla/5.0 (Windows NT 6.1; WOW64) AppleWebKit/537.36 (KHTML, like Gecko) Chrome/34.0.1847.131 Safari/537.36"
44.221.62.26 - - [10/May/2026:15:47:37 +0200] "GET /Resource/CropAndResize?url=%257e%252fCms_Data%252fContents%252faktual%252fFolders%252fSlike%252fVIJESTI%252fPOLITIKA%252f%257econtents%252f2VS2L494X2MNS2RC%252fterrorist-attack.jpg&x=0&y=0&width=800&height=600&destWidth=612&destHeight=0 HTTP/1.1" 200 423 "-" "Mozilla/5.0 (Windows NT 10.0; Win64; x64) AppleWebKit/537.36 (KHTML, like Gecko) Chrome/120.0.0.0 Safari/537.36"
216.244.66.195 - - [10/May/2026:15:49:34 +0200] "GET /2023/04/21/elon-musk-gubi-milijarde-eksplodirala-spacex-ova-raketa-blijeda-dionica-tesle/feed/ HTTP/1.1" 200 1223 "-" "Mozilla/5.0 (compatible; DotBot/1.2; +https://opensiteexplorer.org/dotbot; help@moz.com)"
102.211.145.209 - - [10/May/2026:15:51:44 +0200] "GET http://www.aktual.hr/clanak/hrvatska/1912/prve-zrtve-acta-e-u-hrvatskoj-akciju-pokrenuo-interpol-dvojica-kastelana-uhicena-zbog-piratstva HTTP/1.1" 200 423 "-" "Mozilla/5.0 (Macintosh; Intel Mac OS X 10_13_3) AppleWebKit/537.36 (KHTML, like Gecko) Chrome/66.0.3359.1 Safari/537.36"
109.239.229.204 - - [10/May/2026:15:52:22 +0200] "GET / HTTP/1.1" 200 423 "-" "Mozilla/5.0 (Windows NT 6.1; WOW64) AppleWebKit/537.36 (KHTML, like Gecko) Chrome/34.0.1847.131 Safari/537.36"
109.239.229.204 - - [10/May/2026:15:57:22 +0200] "GET / HTTP/1.1" 200 423 "-" "Mozilla/5.0 (Macintosh; Intel Mac OS X 10_9_2) AppleWebKit/537.75.14 (KHTML, like Gecko) Version/7.0.3 Safari/537.75.14"
109.239.229.204 - - [10/May/2026:16:02:22 +0200] "GET / HTTP/1.1" 200 423 "-" "Mozilla/5.0 (Windows NT 6.1; WOW64) AppleWebKit/537.36 (KHTML, like Gecko) Chrome/34.0.1847.131 Safari/537.36"
51.89.129.2 - - [10/May/2026:16:07:00 +0200] "GET /?sitemap215.xml HTTP/1.1" 200 44 "-" "Mozilla/5.0 (compatible; AhrefsBot/7.0; +http://ahrefs.com/robot/)"
109.239.229.204 - - [10/May/2026:16:07:23 +0200] "GET / HTTP/1.1" 200 423 "-" "Mozilla/5.0 (Macintosh; Intel Mac OS X 10_9_2) AppleWebKit/537.36 (KHTML, like Gecko) Chrome/34.0.1847.131 Safari/537.36"
38.252.237.167 - - [10/May/2026:16:08:54 +0200] "GET http://www.aktual.hr/clanak/hrvatska/4726/iskorak-i-domine-kontra-splita-gay-udruge-ce-tuziti-grad-split-zbog-promjene-trase-povorke-ponosa HTTP/1.1" 200 423 "-" "Mozilla/5.0 (Windows NT 6.3; Win64; x64) AppleWebKit/537.36 (KHTML, like Gecko) Chrome/77.0.3865.90 Safari/537.36"
109.239.229.204 - - [10/May/2026:16:12:23 +0200] "GET / HTTP/1.1" 200 423 "-" "Mozilla/5.0 (Windows NT 6.1; WOW64) AppleWebKit/537.36 (KHTML, like Gecko) Chrome/34.0.1847.137 Safari/537.36"
109.239.229.204 - - [10/May/2026:16:17:23 +0200] "GET / HTTP/1.1" 200 423 "-" "Mozilla/5.0 (Windows NT 6.1; WOW64; rv:29.0) Gecko/20100101 Firefox/29.0"
85.208.98.23 - - [10/May/2026:16:18:52 +0200] "GET /robots.txt HTTP/1.1" 200 133 "-" "Mozilla/5.0 (compatible; SemrushBot-BA; +http://www.semrush.com/bot.html)"
216.244.66.195 - - [10/May/2026:16:19:01 +0200] "GET /robots.txt HTTP/1.1" 200 326 "-" "Mozilla/5.0 (compatible; DotBot/1.2; +https://opensiteexplorer.org/dotbot; help@moz.com)"
51.195.244.44 - - [10/May/2026:16:22:03 +0200] "GET /?sitemap245.xml HTTP/1.1" 200 44 "-" "Mozilla/5.0 (compatible; AhrefsBot/7.0; +http://ahrefs.com/robot/)"
109.239.229.204 - - [10/May/2026:16:22:23 +0200] "GET / HTTP/1.1" 200 423 "-" "Mozilla/5.0 (Windows NT 6.1; WOW64) AppleWebKit/537.36 (KHTML, like Gecko) Chrome/34.0.1847.137 Safari/537.36"
116.179.32.18 - - [10/May/2026:16:24:26 +0200] "GET /?p=13524 HTTP/1.1" 200 44 "-" "Mozilla/5.0 (Linux;u;Android 4.2.2;zh-cn;) AppleWebKit/534.46 (KHTML,like Gecko) Version/5.1 Mobile Safari/10600.6.3 (compatible; Baiduspider/2.0; +http://www.baidu.com/search/spider.html)"
144.76.22.44 - - [10/May/2026:16:25:06 +0200] "GET /robots.txt HTTP/1.1" 200 133 "-" "Mozilla/5.0 (Windows NT 10.0; Win64; x64; trendictionbot0.5.0; trendiction search; http://www.trendiction.de/bot; please let us know of any problems; web at trendiction.com) Gecko/20100101 Firefox/125.0"
144.76.22.44 - - [10/May/2026:16:25:07 +0200] "GET / HTTP/1.1" 200 423 "-" "Mozilla/5.0 (Windows NT 10.0; Win64; x64; trendictionbot0.5.0; trendiction search; http://www.trendiction.de/bot; please let us know of any problems; web at trendiction.com) Gecko/20100101 Firefox/125.0"
109.239.229.204 - - [10/May/2026:16:27:23 +0200] "GET / HTTP/1.1" 200 423 "-" "Mozilla/5.0 (Macintosh; Intel Mac OS X 10_9_2) AppleWebKit/537.36 (KHTML, like Gecko) Chrome/34.0.1847.131 Safari/537.36"
216.244.66.195 - - [10/May/2026:16:28:37 +0200] "GET /2023/06/26/mol-ne-preuzima-nis-dugorocno-se-fokusira-na-razvoj-ine/ HTTP/1.1" 200 1223 "-" "Mozilla/5.0 (compatible; DotBot/1.2; +https://opensiteexplorer.org/dotbot; help@moz.com)"
216.244.66.195 - - [10/May/2026:16:29:33 +0200] "GET /2023/04/02/najljepse-uskrsne-dekoracije-dolaze-s-potpisom-marinski-heartmades/ HTTP/1.1" 200 1223 "-" "Mozilla/5.0 (compatible; DotBot/1.2; +https://opensiteexplorer.org/dotbot; help@moz.com)"
216.244.66.195 - - [10/May/2026:16:29:41 +0200] "GET /2023/05/12/shopper-torbe-najljepsi-modeli-za-ljeto/ HTTP/1.1" 200 1223 "-" "Mozilla/5.0 (compatible; DotBot/1.2; +https://opensiteexplorer.org/dotbot; help@moz.com)"
216.244.66.195 - - [10/May/2026:16:30:44 +0200] "GET /2026/04/24/during-the-safecanada-i-work-on-delivering-canadian-users-sincere-outlined-evaluations-from-safer-casinos-on-the-internet/feed/ HTTP/1.1" 200 1223 "-" "Mozilla/5.0 (compatible; DotBot/1.2; +https://opensiteexplorer.org/dotbot; help@moz.com)"
109.239.229.204 - - [10/May/2026:16:32:23 +0200] "GET / HTTP/1.1" 200 423 "-" "Mozilla/5.0 (Windows NT 6.1; WOW64; rv:29.0) Gecko/20100101 Firefox/29.0"
216.244.66.195 - - [10/May/2026:16:33:18 +0200] "GET /tag/milanovic/page/1/ HTTP/1.1" 200 1223 "-" "Mozilla/5.0 (compatible; DotBot/1.2; +https://opensiteexplorer.org/dotbot; help@moz.com)"
216.244.66.195 - - [10/May/2026:16:34:10 +0200] "GET /2023/05/10/udarac-za-bivseg-americkog-predsjednika-trump-seksualno-zlostavljao-spisateljicu/feed/ HTTP/1.1" 200 1223 "-" "Mozilla/5.0 (compatible; DotBot/1.2; +https://opensiteexplorer.org/dotbot; help@moz.com)"
216.244.66.195 - - [10/May/2026:16:34:38 +0200] "GET /2023/04/25/iolap-dodatno-pojacava-program-beneficija-za-svoje-zaposlenike-u-hrvatskoj-18/feed/ HTTP/1.1" 200 1223 "-" "Mozilla/5.0 (compatible; DotBot/1.2; +https://opensiteexplorer.org/dotbot; help@moz.com)"
216.244.66.195 - - [10/May/2026:16:34:42 +0200] "GET /2023/05/20/redefiniranje-posla-i-zivota-buducnost-rada-novih-generacija/feed/ HTTP/1.1" 200 1223 "-" "Mozilla/5.0 (compatible; DotBot/1.2; +https://opensiteexplorer.org/dotbot; help@moz.com)"
109.239.229.204 - - [10/May/2026:16:37:23 +0200] "GET / HTTP/1.1" 200 423 "-" "Mozilla/5.0 (Windows NT 6.1; WOW64) AppleWebKit/537.36 (KHTML, like Gecko) Chrome/34.0.1847.131 Safari/537.36"
109.239.229.204 - - [10/May/2026:16:42:23 +0200] "GET / HTTP/1.1" 200 423 "-" "Mozilla/5.0 (Windows NT 6.1; WOW64) AppleWebKit/537.36 (KHTML, like Gecko) Chrome/34.0.1847.137 Safari/537.36"
109.239.229.204 - - [10/May/2026:16:47:23 +0200] "GET / HTTP/1.1" 200 423 "-" "Mozilla/5.0 (Windows NT 6.1; WOW64) AppleWebKit/537.36 (KHTML, like Gecko) Chrome/34.0.1847.131 Safari/537.36"
109.239.229.204 - - [10/May/2026:16:52:23 +0200] "GET / HTTP/1.1" 200 423 "-" "Mozilla/5.0 (Windows NT 6.1; WOW64) AppleWebKit/537.36 (KHTML, like Gecko) Chrome/34.0.1847.131 Safari/537.36"
34.129.254.47 - - [10/May/2026:16:54:37 +0200] "GET /.git/config HTTP/1.1" 200 423 "-" "Mozilla/5.0 (X11; Linux x86_64) AppleWebKit/537.36 (KHTML, like Gecko) Ubuntu Chromium/65.0.3325.181 Chrome/65.0.3325.181 Safari/537.36"
109.239.229.204 - - [10/May/2026:16:57:23 +0200] "GET / HTTP/1.1" 200 423 "-" "Mozilla/5.0 (Windows NT 6.1; WOW64; rv:29.0) Gecko/20100101 Firefox/29.0"
109.239.229.204 - - [10/May/2026:17:02:23 +0200] "GET / HTTP/1.1" 200 423 "-" "Mozilla/5.0 (Windows NT 6.1; WOW64) AppleWebKit/537.36 (KHTML, like Gecko) Chrome/35.0.1916.114 Safari/537.36"
216.244.66.195 - - [10/May/2026:17:06:25 +0200] "GET /robots.txt HTTP/1.1" 200 326 "-" "Mozilla/5.0 (compatible; DotBot/1.2; +https://opensiteexplorer.org/dotbot; help@moz.com)"
109.239.229.204 - - [10/May/2026:17:07:23 +0200] "GET / HTTP/1.1" 200 423 "-" "Mozilla/5.0 (Windows NT 6.1; WOW64) AppleWebKit/537.36 (KHTML, like Gecko) Chrome/34.0.1847.137 Safari/537.36"
109.239.229.204 - - [10/May/2026:17:12:23 +0200] "GET / HTTP/1.1" 200 423 "-" "Mozilla/5.0 (X11; Linux x86_64; rv:29.0) Gecko/20100101 Firefox/29.0"
104.248.146.104 - - [10/May/2026:17:14:19 +0200] "GET / HTTP/1.1" 200 1223 "-" "Mozilla/5.0 (Windows NT 10.0; Win64; x64) AppleWebKit/537.36 (KHTML, like Gecko) Chrome/88.0.4240.193 Safari/537.36"
104.248.146.104 - - [10/May/2026:17:14:19 +0200] "GET / HTTP/1.1" 200 1223 "-" "Mozilla/5.0 (Windows NT 10.0; Win64; x64) AppleWebKit/537.36 (KHTML, like Gecko) Chrome/88.0.4240.193 Safari/537.36"
104.248.146.104 - - [10/May/2026:17:14:20 +0200] "GET /wp-includes/wlwmanifest.xml HTTP/1.1" 200 1223 "-" "Mozilla/5.0 (Windows NT 10.0; Win64; x64) AppleWebKit/537.36 (KHTML, like Gecko) Chrome/88.0.4240.193 Safari/537.36"
104.248.146.104 - - [10/May/2026:17:14:20 +0200] "GET /xmlrpc.php?rsd HTTP/1.1" 403 1223 "-" "Mozilla/5.0 (Windows NT 10.0; Win64; x64) AppleWebKit/537.36 (KHTML, like Gecko) Chrome/88.0.4240.193 Safari/537.36"
104.248.146.104 - - [10/May/2026:17:14:20 +0200] "GET / HTTP/1.1" 200 1223 "-" "Mozilla/5.0 (Windows NT 10.0; Win64; x64) AppleWebKit/537.36 (KHTML, like Gecko) Chrome/88.0.4240.193 Safari/537.36"
104.248.146.104 - - [10/May/2026:17:14:20 +0200] "GET /blog/wp-includes/wlwmanifest.xml HTTP/1.1" 200 1223 "-" "Mozilla/5.0 (Windows NT 10.0; Win64; x64) AppleWebKit/537.36 (KHTML, like Gecko) Chrome/88.0.4240.193 Safari/537.36"
104.248.146.104 - - [10/May/2026:17:14:20 +0200] "GET /web/wp-includes/wlwmanifest.xml HTTP/1.1" 200 1223 "-" "Mozilla/5.0 (Windows NT 10.0; Win64; x64) AppleWebKit/537.36 (KHTML, like Gecko) Chrome/88.0.4240.193 Safari/537.36"
104.248.146.104 - - [10/May/2026:17:14:20 +0200] "GET /wordpress/wp-includes/wlwmanifest.xml HTTP/1.1" 200 1223 "-" "Mozilla/5.0 (Windows NT 10.0; Win64; x64) AppleWebKit/537.36 (KHTML, like Gecko) Chrome/88.0.4240.193 Safari/537.36"
104.248.146.104 - - [10/May/2026:17:14:21 +0200] "GET /website/wp-includes/wlwmanifest.xml HTTP/1.1" 200 1223 "-" "Mozilla/5.0 (Windows NT 10.0; Win64; x64) AppleWebKit/537.36 (KHTML, like Gecko) Chrome/88.0.4240.193 Safari/537.36"
104.248.146.104 - - [10/May/2026:17:14:21 +0200] "GET /wp/wp-includes/wlwmanifest.xml HTTP/1.1" 200 1223 "-" "Mozilla/5.0 (Windows NT 10.0; Win64; x64) AppleWebKit/537.36 (KHTML, like Gecko) Chrome/88.0.4240.193 Safari/537.36"
104.248.146.104 - - [10/May/2026:17:14:21 +0200] "GET /news/wp-includes/wlwmanifest.xml HTTP/1.1" 200 1223 "-" "Mozilla/5.0 (Windows NT 10.0; Win64; x64) AppleWebKit/537.36 (KHTML, like Gecko) Chrome/88.0.4240.193 Safari/537.36"
104.248.146.104 - - [10/May/2026:17:14:21 +0200] "GET /2020/wp-includes/wlwmanifest.xml HTTP/1.1" 200 1223 "-" "Mozilla/5.0 (Windows NT 10.0; Win64; x64) AppleWebKit/537.36 (KHTML, like Gecko) Chrome/88.0.4240.193 Safari/537.36"
104.248.146.104 - - [10/May/2026:17:14:21 +0200] "GET /2019/wp-includes/wlwmanifest.xml HTTP/1.1" 200 1223 "-" "Mozilla/5.0 (Windows NT 10.0; Win64; x64) AppleWebKit/537.36 (KHTML, like Gecko) Chrome/88.0.4240.193 Safari/537.36"
104.248.146.104 - - [10/May/2026:17:14:21 +0200] "GET /shop/wp-includes/wlwmanifest.xml HTTP/1.1" 200 1223 "-" "Mozilla/5.0 (Windows NT 10.0; Win64; x64) AppleWebKit/537.36 (KHTML, like Gecko) Chrome/88.0.4240.193 Safari/537.36"
104.248.146.104 - - [10/May/2026:17:14:22 +0200] "GET /wp1/wp-includes/wlwmanifest.xml HTTP/1.1" 200 1223 "-" "Mozilla/5.0 (Windows NT 10.0; Win64; x64) AppleWebKit/537.36 (KHTML, like Gecko) Chrome/88.0.4240.193 Safari/537.36"
104.248.146.104 - - [10/May/2026:17:14:22 +0200] "GET /test/wp-includes/wlwmanifest.xml HTTP/1.1" 200 1223 "-" "Mozilla/5.0 (Windows NT 10.0; Win64; x64) AppleWebKit/537.36 (KHTML, like Gecko) Chrome/88.0.4240.193 Safari/537.36"
104.248.146.104 - - [10/May/2026:17:14:22 +0200] "GET /wp2/wp-includes/wlwmanifest.xml HTTP/1.1" 200 1223 "-" "Mozilla/5.0 (Windows NT 10.0; Win64; x64) AppleWebKit/537.36 (KHTML, like Gecko) Chrome/88.0.4240.193 Safari/537.36"
104.248.146.104 - - [10/May/2026:17:14:22 +0200] "GET /site/wp-includes/wlwmanifest.xml HTTP/1.1" 200 1223 "-" "Mozilla/5.0 (Windows NT 10.0; Win64; x64) AppleWebKit/537.36 (KHTML, like Gecko) Chrome/88.0.4240.193 Safari/537.36"
104.248.146.104 - - [10/May/2026:17:14:22 +0200] "GET /cms/wp-includes/wlwmanifest.xml HTTP/1.1" 200 1223 "-" "Mozilla/5.0 (Windows NT 10.0; Win64; x64) AppleWebKit/537.36 (KHTML, like Gecko) Chrome/88.0.4240.193 Safari/537.36"
104.248.146.104 - - [10/May/2026:17:14:22 +0200] "GET /sito/wp-includes/wlwmanifest.xml HTTP/1.1" 200 1223 "-" "Mozilla/5.0 (Windows NT 10.0; Win64; x64) AppleWebKit/537.36 (KHTML, like Gecko) Chrome/88.0.4240.193 Safari/537.36"
216.244.66.195 - - [10/May/2026:17:15:38 +0200] "GET /2023/07/08/temperatura-iduceg-tjedna-i-do-iznad-40-stupnjeva/ HTTP/1.1" 200 1223 "-" "Mozilla/5.0 (compatible; DotBot/1.2; +https://opensiteexplorer.org/dotbot; help@moz.com)"
216.244.66.195 - - [10/May/2026:17:15:58 +0200] "GET /2023/08/31/dogecoin-raste-nakon-sto-je-elon-musk-osigurao-licencu-za-kripto-novcanik-za-x/ HTTP/1.1" 200 1223 "-" "Mozilla/5.0 (compatible; DotBot/1.2; +https://opensiteexplorer.org/dotbot; help@moz.com)"
216.244.66.195 - - [10/May/2026:17:16:07 +0200] "GET /2023/03/20/cijene-plina-u-europi-na-najnizoj-razini-od-ljeta-2021/ HTTP/1.1" 200 1223 "-" "Mozilla/5.0 (compatible; DotBot/1.2; +https://opensiteexplorer.org/dotbot; help@moz.com)"
216.244.66.195 - - [10/May/2026:17:17:01 +0200] "GET /2023/03/13/cyber-sigurnost-prvo-pravilo-kada-se-bavite-iznudom-je-brzo-djelovati/feed/ HTTP/1.1" 200 1223 "-" "Mozilla/5.0 (compatible; DotBot/1.2; +https://opensiteexplorer.org/dotbot; help@moz.com)"
216.244.66.195 - - [10/May/2026:17:17:04 +0200] "GET /2023/03/20/ispustite-li-jednog-dana-sklopivi-iphone-on-bi-se-mogao-samostalno-zatvoriti/feed/ HTTP/1.1" 200 1223 "-" "Mozilla/5.0 (compatible; DotBot/1.2; +https://opensiteexplorer.org/dotbot; help@moz.com)"
216.244.66.195 - - [10/May/2026:17:17:06 +0200] "GET /2023/06/24/uhvati-me-ako-mozes-vinicius-jr-pretrpio-je-najvise-prekrsaja-u-ligi-petice/feed/ HTTP/1.1" 200 1223 "-" "Mozilla/5.0 (compatible; DotBot/1.2; +https://opensiteexplorer.org/dotbot; help@moz.com)"
216.244.66.195 - - [10/May/2026:17:17:11 +0200] "GET /2023/11/17/sve-sto-trebate-znati-o-snusu/ HTTP/1.1" 200 1223 "-" "Mozilla/5.0 (compatible; DotBot/1.2; +https://opensiteexplorer.org/dotbot; help@moz.com)"
109.239.229.204 - - [10/May/2026:17:17:23 +0200] "GET / HTTP/1.1" 200 423 "-" "Mozilla/5.0 (Windows NT 6.1; WOW64) AppleWebKit/537.36 (KHTML, like Gecko) Chrome/34.0.1847.131 Safari/537.36"
216.244.66.195 - - [10/May/2026:17:17:35 +0200] "GET /2023/07/09/zaboravljena-titova-ljubav-pratio-ju-je-glas-vatrene-zene-a-znate-li-sto-se-jednom-dogodilo-dok-su-vodili-ljubav/feed/ HTTP/1.1" 200 1223 "-" "Mozilla/5.0 (compatible; DotBot/1.2; +https://opensiteexplorer.org/dotbot; help@moz.com)"
216.244.66.195 - - [10/May/2026:17:17:45 +0200] "GET /2026/04/24/how-we-select-online-casinos-end-up-being-safe-for-bien-bien-au-pages/ HTTP/1.1" 200 1223 "-" "Mozilla/5.0 (compatible; DotBot/1.2; +https://opensiteexplorer.org/dotbot; help@moz.com)"
216.244.66.195 - - [10/May/2026:17:19:28 +0200] "GET /2025/10/24/invalidska-kolica-na-doznaku-kako-pravilno-izmjeriti-zatraziti-i-svakodnevno-koristiti-vodic-za-obitelj-i-skrbnike/ HTTP/1.1" 200 1223 "-" "Mozilla/5.0 (compatible; DotBot/1.2; +https://opensiteexplorer.org/dotbot; help@moz.com)"
216.244.66.195 - - [10/May/2026:17:21:07 +0200] "GET /category/lifestyle/page/38/ HTTP/1.1" 200 1223 "-" "Mozilla/5.0 (compatible; DotBot/1.2; +https://opensiteexplorer.org/dotbot; help@moz.com)"
109.239.229.204 - - [10/May/2026:17:22:23 +0200] "GET / HTTP/1.1" 200 423 "-" "Mozilla/5.0 (Macintosh; Intel Mac OS X 10_9_2) AppleWebKit/537.75.14 (KHTML, like Gecko) Version/7.0.3 Safari/537.75.14"
216.244.66.195 - - [10/May/2026:17:22:23 +0200] "GET /2026/04/19/a-knowledgeable-vt-sports-betting-websites-getting-2026-is-actually/ HTTP/1.1" 200 1223 "-" "Mozilla/5.0 (compatible; DotBot/1.2; +https://opensiteexplorer.org/dotbot; help@moz.com)"
216.244.66.195 - - [10/May/2026:17:22:25 +0200] "GET /2026/04/22/are-there-cruiseship-or-riverboat-gambling-enterprises-in-the-western-virginia/ HTTP/1.1" 200 1223 "-" "Mozilla/5.0 (compatible; DotBot/1.2; +https://opensiteexplorer.org/dotbot; help@moz.com)"
216.244.66.195 - - [10/May/2026:17:22:27 +0200] "GET /2026/04/24/depositi-di-nuovo-pagamenti-nei-trambusto-online-aams/ HTTP/1.1" 200 1223 "-" "Mozilla/5.0 (compatible; DotBot/1.2; +https://opensiteexplorer.org/dotbot; help@moz.com)"
216.244.66.195 - - [10/May/2026:17:22:28 +0200] "GET /2026/04/24/kochanie-reklama-i-mozesz-obszerny-organizacja-lojalnosciowy-nagradzaja-dalsza-gre-dodatkowa-opiekowac-sie/ HTTP/1.1" 200 1223 "-" "Mozilla/5.0 (compatible; DotBot/1.2; +https://opensiteexplorer.org/dotbot; help@moz.com)"
216.244.66.195 - - [10/May/2026:17:22:41 +0200] "GET /2026/04/24/the-way-we-select-web-based-casinos-delivering-safe-for-au-profiles/ HTTP/1.1" 200 1223 "-" "Mozilla/5.0 (compatible; DotBot/1.2; +https://opensiteexplorer.org/dotbot; help@moz.com)"
216.244.66.195 - - [10/May/2026:17:23:30 +0200] "GET /2026/04/20/for-each-dollars-your-bet-on-any-video-game-about-list-you-are-going-to-secure-ireward-activities-2-as-precise/ HTTP/1.1" 200 1223 "-" "Mozilla/5.0 (compatible; DotBot/1.2; +https://opensiteexplorer.org/dotbot; help@moz.com)"
216.244.66.195 - - [10/May/2026:17:23:31 +0200] "GET /author/aktual/page/2283/ HTTP/1.1" 200 1223 "-" "Mozilla/5.0 (compatible; DotBot/1.2; +https://opensiteexplorer.org/dotbot; help@moz.com)"
109.239.229.204 - - [10/May/2026:17:27:23 +0200] "GET / HTTP/1.1" 200 423 "-" "Mozilla/5.0 (X11; Linux x86_64; rv:29.0) Gecko/20100101 Firefox/29.0"
109.239.229.204 - - [10/May/2026:17:32:23 +0200] "GET / HTTP/1.1" 200 423 "-" "Mozilla/5.0 (X11; Linux x86_64; rv:29.0) Gecko/20100101 Firefox/29.0"
109.239.229.204 - - [10/May/2026:17:37:23 +0200] "GET / HTTP/1.1" 200 423 "-" "Mozilla/5.0 (Macintosh; Intel Mac OS X 10_9_2) AppleWebKit/537.36 (KHTML, like Gecko) Chrome/34.0.1847.131 Safari/537.36"
198.244.183.177 - - [10/May/2026:17:38:20 +0200] "GET /?sitemap215.xml HTTP/1.1" 200 44 "-" "Mozilla/5.0 (compatible; AhrefsBot/7.0; +http://ahrefs.com/robot/)"
157.245.95.6 - - [10/May/2026:17:41:41 +0200] "GET /Resource/ResizeImage?url=~%2FCms_Data%2FContents%2Faktual%2FFolders%2FSlike%2FFotogalerije%2Foldtimeririjeka%2F~contents%2FM6PJ4RGKRAF2WFSR%2Foldtimeri-rijeka6-240412.jpg&width=0&height=408&preserverAspectRatio=True&quality=90 HTTP/1.1" 200 423 "http://oldschoolhr.com.hr/" "Mozilla/5.0 (Windows NT 10.0; Win64; x64) AppleWebKit/537.36 (KHTML, like Gecko) Chrome/116.0.0.0 Safari/537.36"
134.122.30.36 - - [10/May/2026:17:41:57 +0200] "GET /Resource/ResizeImage?url=~%2FCms_Data%2FContents%2Faktual%2FFolders%2FSlike%2FFotogalerije%2Foldtimeririjeka%2F~contents%2FXFFJLTTSXLRRMKEP%2Foldtimeri-rijeka-240412.jpg&width=0&height=408&preserverAspectRatio=True&quality=90 HTTP/1.1" 200 423 "http://oldschoolhr.com.hr/" "Mozilla/5.0 (Windows NT 10.0; Win64; x64) AppleWebKit/537.36 (KHTML, like Gecko) Chrome/116.0.0.0 Safari/537.36"
109.239.229.204 - - [10/May/2026:17:42:23 +0200] "GET / HTTP/1.1" 200 423 "-" "Mozilla/5.0 (Macintosh; Intel Mac OS X 10_9_2) AppleWebKit/537.75.14 (KHTML, like Gecko) Version/7.0.3 Safari/537.75.14"
109.239.229.204 - - [10/May/2026:17:47:23 +0200] "GET / HTTP/1.1" 200 423 "-" "Mozilla/5.0 (Windows NT 6.1; WOW64) AppleWebKit/537.36 (KHTML, like Gecko) Chrome/35.0.1916.114 Safari/537.36"
109.239.229.204 - - [10/May/2026:17:52:23 +0200] "GET / HTTP/1.1" 200 423 "-" "Mozilla/5.0 (Windows NT 6.1; WOW64; rv:29.0) Gecko/20100101 Firefox/29.0"
51.195.244.106 - - [10/May/2026:17:53:43 +0200] "GET /?sitemap245.xml HTTP/1.1" 200 44 "-" "Mozilla/5.0 (compatible; AhrefsBot/7.0; +http://ahrefs.com/robot/)"
216.244.66.195 - - [10/May/2026:17:55:47 +0200] "GET /robots.txt HTTP/1.1" 200 326 "-" "Mozilla/5.0 (compatible; DotBot/1.2; +https://opensiteexplorer.org/dotbot; help@moz.com)"
109.239.229.204 - - [10/May/2026:17:57:23 +0200] "GET / HTTP/1.1" 200 423 "-" "Mozilla/5.0 (Macintosh; Intel Mac OS X 10_9_2) AppleWebKit/537.75.14 (KHTML, like Gecko) Version/7.0.3 Safari/537.75.14"
66.132.195.62 - - [10/May/2026:18:00:58 +0200] "GET / HTTP/1.1" 200 423 "-" "Mozilla/5.0 (compatible; CensysInspect/1.1; +https://about.censys.io/)"
66.132.195.62 - - [10/May/2026:18:01:03 +0200] "GET /favicon.ico HTTP/1.1" 200 423 "-" "Mozilla/5.0 (compatible; CensysInspect/1.1; +https://about.censys.io/)"
109.239.229.204 - - [10/May/2026:18:02:23 +0200] "GET / HTTP/1.1" 200 423 "-" "Mozilla/5.0 (X11; Linux x86_64; rv:29.0) Gecko/20100101 Firefox/29.0"
216.244.66.195 - - [10/May/2026:18:03:56 +0200] "GET /2023/06/14/kada-tehnologija-upozna-vjeru-umjetna-inteligencija-vodila-je-misu-pred-vise-od-300-vjernika/ HTTP/1.1" 200 1223 "-" "Mozilla/5.0 (compatible; DotBot/1.2; +https://opensiteexplorer.org/dotbot; help@moz.com)"
216.244.66.195 - - [10/May/2026:18:04:25 +0200] "GET /2023/05/25/mario-muller-novi-clan-uprave-krasa/feed/ HTTP/1.1" 200 1223 "-" "Mozilla/5.0 (compatible; DotBot/1.2; +https://opensiteexplorer.org/dotbot; help@moz.com)"
216.244.66.195 - - [10/May/2026:18:05:06 +0200] "GET /2023/06/28/tipove-licnosti-koje-hitno-morate-ukloniti-iz-svog-tima/feed/ HTTP/1.1" 200 1223 "-" "Mozilla/5.0 (compatible; DotBot/1.2; +https://opensiteexplorer.org/dotbot; help@moz.com)"
216.244.66.195 - - [10/May/2026:18:05:25 +0200] "GET /2023/03/23/novi-startup-koji-nudi-stvaranje-vlastitih-chatbota-prikupio-je-150-milijuna-dolara-ulaganja/feed/ HTTP/1.1" 200 1223 "-" "Mozilla/5.0 (compatible; DotBot/1.2; +https://opensiteexplorer.org/dotbot; help@moz.com)"
216.244.66.195 - - [10/May/2026:18:05:39 +0200] "GET /2023/08/02/prsata-ikona-baywatcha-uhvacena-u-kaoticnom-stanju-na-ulici-ime-joj-je-bilo-sinonim-za-seksepil-a-danas-je-neprepoznatljiva/feed/ HTTP/1.1" 200 1223 "-" "Mozilla/5.0 (compatible; DotBot/1.2; +https://opensiteexplorer.org/dotbot; help@moz.com)"
216.244.66.195 - - [10/May/2026:18:05:41 +0200] "GET /2023/08/06/ratari-u-problemima-zbog-kise-ugrozena-vazna-biljka-moglo-bi-doci-do-razvoja-odredenih-mikrotoksina-i-drugih-bolesti/feed/ HTTP/1.1" 200 1223 "-" "Mozilla/5.0 (compatible; DotBot/1.2; +https://opensiteexplorer.org/dotbot; help@moz.com)"
109.239.229.204 - - [10/May/2026:18:07:23 +0200] "GET / HTTP/1.1" 200 423 "-" "Mozilla/5.0 (Macintosh; Intel Mac OS X 10_9_2) AppleWebKit/537.75.14 (KHTML, like Gecko) Version/7.0.3 Safari/537.75.14"
158.94.211.252 - - [10/May/2026:18:07:34 +0200] "GET /license.txt HTTP/1.1" 200 423 "-" "Mozilla/5.0"
144.76.22.44 - - [10/May/2026:18:08:34 +0200] "GET /robots.txt HTTP/1.1" 200 133 "-" "Mozilla/5.0 (Windows NT 10.0; Win64; x64; trendictionbot0.5.0; trendiction search; http://www.trendiction.de/bot; please let us know of any problems; web at trendiction.com) Gecko/20100101 Firefox/125.0"
144.76.22.44 - - [10/May/2026:18:08:35 +0200] "GET / HTTP/1.1" 200 423 "-" "Mozilla/5.0 (Windows NT 10.0; Win64; x64; trendictionbot0.5.0; trendiction search; http://www.trendiction.de/bot; please let us know of any problems; web at trendiction.com) Gecko/20100101 Firefox/125.0"
216.244.66.195 - - [10/May/2026:18:09:31 +0200] "GET /author/aktual/page/586/ HTTP/1.1" 200 1223 "-" "Mozilla/5.0 (compatible; DotBot/1.2; +https://opensiteexplorer.org/dotbot; help@moz.com)"
