216.244.66.195 - - [10/May/2026:18:10:47 +0200] "GET /2026/04/24/dependence-on-degree-when-deciding-on-a-secure-online-casino/ HTTP/1.1" 200 1223 "-" "Mozilla/5.0 (compatible; DotBot/1.2; +https://opensiteexplorer.org/dotbot; help@moz.com)"
144.76.22.48 - - [10/May/2026:18:11:44 +0200] "GET /robots.txt HTTP/1.1" 200 133 "-" "Mozilla/5.0 (Windows NT 10.0; Win64; x64; trendictionbot0.5.0; trendiction search; http://www.trendiction.de/bot; please let us know of any problems; web at trendiction.com) Gecko/20100101 Firefox/125.0"
144.76.22.48 - - [10/May/2026:18:11:46 +0200] "GET /feed/ HTTP/1.1" 200 423 "-" "Mozilla/5.0 (Windows NT 10.0; Win64; x64; trendictionbot0.5.0; trendiction search; http://www.trendiction.de/bot; please let us know of any problems; web at trendiction.com) Gecko/20100101 Firefox/125.0"
109.239.229.204 - - [10/May/2026:18:12:23 +0200] "GET / HTTP/1.1" 200 423 "-" "Mozilla/5.0 (Windows NT 6.1; WOW64) AppleWebKit/537.36 (KHTML, like Gecko) Chrome/35.0.1916.114 Safari/537.36"
109.239.229.204 - - [10/May/2026:18:17:23 +0200] "GET / HTTP/1.1" 200 423 "-" "Mozilla/5.0 (Windows NT 6.1; WOW64) AppleWebKit/537.36 (KHTML, like Gecko) Chrome/35.0.1916.114 Safari/537.36"
109.239.229.204 - - [10/May/2026:18:22:23 +0200] "GET / HTTP/1.1" 200 423 "-" "Mozilla/5.0 (Macintosh; Intel Mac OS X 10_9_2) AppleWebKit/537.36 (KHTML, like Gecko) Chrome/34.0.1847.131 Safari/537.36"
109.239.229.204 - - [10/May/2026:18:27:23 +0200] "GET / HTTP/1.1" 200 423 "-" "Mozilla/5.0 (Windows NT 6.1; WOW64) AppleWebKit/537.36 (KHTML, like Gecko) Chrome/34.0.1847.131 Safari/537.36"
109.239.229.204 - - [10/May/2026:18:32:23 +0200] "GET / HTTP/1.1" 200 423 "-" "Mozilla/5.0 (Windows NT 6.1; WOW64) AppleWebKit/537.36 (KHTML, like Gecko) Chrome/35.0.1916.114 Safari/537.36"
109.239.229.204 - - [10/May/2026:18:37:23 +0200] "GET / HTTP/1.1" 200 423 "-" "Mozilla/5.0 (Windows NT 6.1; WOW64) AppleWebKit/537.36 (KHTML, like Gecko) Chrome/34.0.1847.131 Safari/537.36"
109.239.229.204 - - [10/May/2026:18:42:23 +0200] "GET / HTTP/1.1" 200 423 "-" "Mozilla/5.0 (Macintosh; Intel Mac OS X 10_9_2) AppleWebKit/537.36 (KHTML, like Gecko) Chrome/34.0.1847.131 Safari/537.36"
109.239.229.204 - - [10/May/2026:18:47:23 +0200] "GET / HTTP/1.1" 200 423 "-" "Mozilla/5.0 (Windows NT 6.1; WOW64) AppleWebKit/537.36 (KHTML, like Gecko) Chrome/34.0.1847.137 Safari/537.36"
43.130.174.37 - - [10/May/2026:18:48:48 +0200] "GET / HTTP/1.1" 200 423 "-" "Mozilla/5.0 (iPhone; CPU iPhone OS 13_2_3 like Mac OS X) AppleWebKit/605.1.15 (KHTML, like Gecko) Version/13.0.3 Mobile/15E148 Safari/604.1"
109.239.229.204 - - [10/May/2026:18:52:23 +0200] "GET / HTTP/1.1" 200 423 "-" "Mozilla/5.0 (X11; Linux x86_64; rv:29.0) Gecko/20100101 Firefox/29.0"
216.244.66.195 - - [10/May/2026:18:52:34 +0200] "GET /robots.txt HTTP/1.1" 200 326 "-" "Mozilla/5.0 (compatible; DotBot/1.2; +https://opensiteexplorer.org/dotbot; help@moz.com)"
109.239.229.204 - - [10/May/2026:18:57:23 +0200] "GET / HTTP/1.1" 200 423 "-" "Mozilla/5.0 (Windows NT 6.1; WOW64; rv:29.0) Gecko/20100101 Firefox/29.0"
198.23.169.32 - - [10/May/2026:18:59:53 +0200] "GET /2022/06/03/kusajte-hajdinu-kasu/ HTTP/1.1" 200 423 "http://aktual.hr/" "Mozilla/5.0 (Windows NT 10.0; Win64; x64) AppleWebKit/537.36 (KHTML, like Gecko) Chrome/114.0.0.0 Safari/537.36"
192.42.116.63 - - [10/May/2026:19:00:58 +0200] "GET / HTTP/1.1" 200 1223 "aktual.hr" "Mozilla/5.0 (Linux; Android 4.4.2; 4024D) AppleWebKit/537.36 (KHTML, like Gecko) Chrome/81.0.4044.117 Mobile Safari/537.36"
216.244.66.195 - - [10/May/2026:19:01:43 +0200] "GET /2023/03/14/facebook-i-instagram-odustaju-od-podrske-za-nft-e/feed/ HTTP/1.1" 200 1223 "-" "Mozilla/5.0 (compatible; DotBot/1.2; +https://opensiteexplorer.org/dotbot; help@moz.com)"
216.244.66.195 - - [10/May/2026:19:01:50 +0200] "GET /2023/05/31/s-novim-seficom-leenom-nairom-chanel-ostvario-je-najbolje-poslovne-rezultate-2018-godine/ HTTP/1.1" 200 1223 "-" "Mozilla/5.0 (compatible; DotBot/1.2; +https://opensiteexplorer.org/dotbot; help@moz.com)"
216.244.66.195 - - [10/May/2026:19:02:06 +0200] "GET /2023/03/16/grayling-je-objavio-izvjestaj-kreiranje-prednosti-u-2023-kako-doprijeti-i-utjecati-na-publiku/feed/ HTTP/1.1" 200 1223 "-" "Mozilla/5.0 (compatible; DotBot/1.2; +https://opensiteexplorer.org/dotbot; help@moz.com)"
216.244.66.195 - - [10/May/2026:19:02:09 +0200] "GET /2023/05/14/hrvatski-pobjednik-nije-dao-dovoljno-bodova-twitterasi-nas-kritiziraju-jedini-nema-ukusa/feed/ HTTP/1.1" 200 1223 "-" "Mozilla/5.0 (compatible; DotBot/1.2; +https://opensiteexplorer.org/dotbot; help@moz.com)"
216.244.66.195 - - [10/May/2026:19:02:13 +0200] "GET /2023/09/06/bozo-vreco-zapjevao-u-osijeku-princ-sevdaha-nosio-je-crnu-suknju-i-vrtoglavo-visoke-pete/feed/ HTTP/1.1" 200 1223 "-" "Mozilla/5.0 (compatible; DotBot/1.2; +https://opensiteexplorer.org/dotbot; help@moz.com)"
216.244.66.195 - - [10/May/2026:19:02:19 +0200] "GET /2023/03/11/povjesnicar-tragao-za-zlatom-od-svoje-10-te-godine-sedamnaest-godina-kasnije-pronasao-blago-staro-tisucu-godinu/feed/ HTTP/1.1" 200 1223 "-" "Mozilla/5.0 (compatible; DotBot/1.2; +https://opensiteexplorer.org/dotbot; help@moz.com)"
109.239.229.204 - - [10/May/2026:19:02:23 +0200] "GET / HTTP/1.1" 200 423 "-" "Mozilla/5.0 (Windows NT 6.1; WOW64) AppleWebKit/537.36 (KHTML, like Gecko) Chrome/34.0.1847.131 Safari/537.36"
216.244.66.195 - - [10/May/2026:19:02:31 +0200] "GET /2023/07/12/sluzbeno-najvisa-gradevina-u-hrvatskoj-nedavno-je-dobila-nocno-osvjetljenje-ceka-se-otvorenje/ HTTP/1.1" 200 1223 "-" "Mozilla/5.0 (compatible; DotBot/1.2; +https://opensiteexplorer.org/dotbot; help@moz.com)"
216.244.66.195 - - [10/May/2026:19:04:04 +0200] "GET /2023/04/12/na-rubu-savrsenstva/ HTTP/1.1" 200 1223 "-" "Mozilla/5.0 (compatible; DotBot/1.2; +https://opensiteexplorer.org/dotbot; help@moz.com)"
216.244.66.195 - - [10/May/2026:19:05:03 +0200] "GET /category/posao/page/243/ HTTP/1.1" 200 1223 "-" "Mozilla/5.0 (compatible; DotBot/1.2; +https://opensiteexplorer.org/dotbot; help@moz.com)"
216.244.66.195 - - [10/May/2026:19:05:05 +0200] "GET /tag/socijalni/ HTTP/1.1" 200 1223 "-" "Mozilla/5.0 (compatible; DotBot/1.2; +https://opensiteexplorer.org/dotbot; help@moz.com)"
216.244.66.195 - - [10/May/2026:19:05:28 +0200] "GET /tag/drustvene/ HTTP/1.1" 200 1223 "-" "Mozilla/5.0 (compatible; DotBot/1.2; +https://opensiteexplorer.org/dotbot; help@moz.com)"
216.244.66.195 - - [10/May/2026:19:05:51 +0200] "GET /2023/03/27/nakon-nesigurnog-trgovanja-svjetske-burze-prosloga-tjedna-porasle-a-dolar-je-oslabio/ HTTP/1.1" 200 1223 "-" "Mozilla/5.0 (compatible; DotBot/1.2; +https://opensiteexplorer.org/dotbot; help@moz.com)"
216.244.66.195 - - [10/May/2026:19:05:52 +0200] "GET /2025/04/21/apotelesmatikes-strategikes-ste-rouleta-apo-taseis-mekhri-empeira-paikhnidia-2/ HTTP/1.1" 200 1223 "-" "Mozilla/5.0 (compatible; DotBot/1.2; +https://opensiteexplorer.org/dotbot; help@moz.com)"
216.244.66.195 - - [10/May/2026:19:05:57 +0200] "GET /2026/04/24/safe-banking-is-a-vital-part-of-one-online-real-cash-gambling-enterprise/ HTTP/1.1" 200 1223 "-" "Mozilla/5.0 (compatible; DotBot/1.2; +https://opensiteexplorer.org/dotbot; help@moz.com)"
216.244.66.195 - - [10/May/2026:19:06:10 +0200] "GET /2026/04/24/to-try-out-on-safer-aus-casinos-on-the-internet-%EF%BF%BD-specialist-tricks-and-tips/ HTTP/1.1" 200 1223 "-" "Mozilla/5.0 (compatible; DotBot/1.2; +https://opensiteexplorer.org/dotbot; help@moz.com)"
216.244.66.195 - - [10/May/2026:19:06:43 +0200] "GET /2023/03/15/saznajte-sve-o-londonskom-brendu-ciji-su-komadi-pravo-modno-osvjezenje/feed/ HTTP/1.1" 200 1223 "-" "Mozilla/5.0 (compatible; DotBot/1.2; +https://opensiteexplorer.org/dotbot; help@moz.com)"
216.244.66.195 - - [10/May/2026:19:06:53 +0200] "GET /2023/03/24/uhap-osudujemo-zastrasivanje-gradana-prosvjede-i-pritiske-na-mmpi-pojedinih-autobusnih-prijevoznika/feed/ HTTP/1.1" 200 1223 "-" "Mozilla/5.0 (compatible; DotBot/1.2; +https://opensiteexplorer.org/dotbot; help@moz.com)"
109.239.229.204 - - [10/May/2026:19:07:25 +0200] "GET / HTTP/1.1" 200 423 "-" "Mozilla/5.0 (Macintosh; Intel Mac OS X 10_9_2) AppleWebKit/537.75.14 (KHTML, like Gecko) Version/7.0.3 Safari/537.75.14"
85.208.98.23 - - [10/May/2026:19:07:36 +0200] "GET /robots.txt HTTP/1.1" 200 133 "-" "Mozilla/5.0 (compatible; SemrushBot-BA; +http://www.semrush.com/bot.html)"
198.244.242.118 - - [10/May/2026:19:11:58 +0200] "GET /?sitemap215.xml HTTP/1.1" 200 44 "-" "Mozilla/5.0 (compatible; AhrefsBot/7.0; +http://ahrefs.com/robot/)"
109.239.229.204 - - [10/May/2026:19:12:25 +0200] "GET / HTTP/1.1" 200 423 "-" "Mozilla/5.0 (X11; Linux x86_64; rv:29.0) Gecko/20100101 Firefox/29.0"
109.239.229.204 - - [10/May/2026:19:17:25 +0200] "GET / HTTP/1.1" 200 423 "-" "Mozilla/5.0 (Macintosh; Intel Mac OS X 10_9_2) AppleWebKit/537.36 (KHTML, like Gecko) Chrome/34.0.1847.131 Safari/537.36"
109.239.229.204 - - [10/May/2026:19:22:25 +0200] "GET / HTTP/1.1" 200 423 "-" "Mozilla/5.0 (Windows NT 6.1; WOW64; rv:29.0) Gecko/20100101 Firefox/29.0"
51.89.129.85 - - [10/May/2026:19:27:00 +0200] "GET /?sitemap245.xml HTTP/1.1" 200 44 "-" "Mozilla/5.0 (compatible; AhrefsBot/7.0; +http://ahrefs.com/robot/)"
109.239.229.204 - - [10/May/2026:19:27:25 +0200] "GET / HTTP/1.1" 200 423 "-" "Mozilla/5.0 (Windows NT 6.1; WOW64) AppleWebKit/537.36 (KHTML, like Gecko) Chrome/34.0.1847.137 Safari/537.36"
109.239.229.204 - - [10/May/2026:19:32:25 +0200] "GET / HTTP/1.1" 200 423 "-" "Mozilla/5.0 (Windows NT 6.1; WOW64) AppleWebKit/537.36 (KHTML, like Gecko) Chrome/34.0.1847.131 Safari/537.36"
116.179.32.219 - - [10/May/2026:19:34:04 +0200] "GET /2023/04/08/automatizacija-najpouzdaniji-sustav-ranog-upozorenja-u-razvoju-softvera/ HTTP/1.1" 200 44 "-" "Mozilla/5.0 (Linux;u;Android 4.2.2;zh-cn;) AppleWebKit/534.46 (KHTML,like Gecko) Version/5.1 Mobile Safari/10600.6.3 (compatible; Baiduspider/2.0; +http://www.baidu.com/search/spider.html)"
109.239.229.204 - - [10/May/2026:19:37:25 +0200] "GET / HTTP/1.1" 200 423 "-" "Mozilla/5.0 (X11; Linux x86_64; rv:29.0) Gecko/20100101 Firefox/29.0"
109.239.229.204 - - [10/May/2026:19:42:25 +0200] "GET / HTTP/1.1" 200 423 "-" "Mozilla/5.0 (X11; Linux x86_64; rv:29.0) Gecko/20100101 Firefox/29.0"
106.54.62.156 - - [10/May/2026:19:42:26 +0200] "GET / HTTP/1.1" 200 423 "-" "Mozilla/5.0 (iPhone; CPU iPhone OS 13_2_3 like Mac OS X) AppleWebKit/605.1.15 (KHTML, like Gecko) Version/13.0.3 Mobile/15E148 Safari/604.1"
116.179.32.196 - - [10/May/2026:19:43:55 +0200] "GET /2023/06/13/pretvorio-kamionet-u-djecji-bazen-pa-krenuo-u-voznju-sto-se-nije-svidjelo-policiji/feed/ HTTP/1.1" 200 44 "-" "Mozilla/5.0 (compatible; Baiduspider/2.0; +http://www.baidu.com/search/spider.html)"
109.239.229.204 - - [10/May/2026:19:47:25 +0200] "GET / HTTP/1.1" 200 423 "-" "Mozilla/5.0 (Windows NT 6.1; WOW64) AppleWebKit/537.36 (KHTML, like Gecko) Chrome/34.0.1847.137 Safari/537.36"
185.102.115.179 - - [10/May/2026:19:47:54 +0200] "GET /?author=4 HTTP/1.1" 200 218 "http://www.google.com.hk" "Mozilla/5.0 (Windows NT 6.1; WOW64) AppleWebKit/537.36 (KHTML, like Gecko) Chrome/42.0.2311.90 Safari/537.36"
109.239.229.204 - - [10/May/2026:19:52:25 +0200] "GET / HTTP/1.1" 200 423 "-" "Mozilla/5.0 (Macintosh; Intel Mac OS X 10_9_2) AppleWebKit/537.75.14 (KHTML, like Gecko) Version/7.0.3 Safari/537.75.14"
202.89.71.218 - - [10/May/2026:19:53:47 +0200] "GET /2021/04/23/articoke/ HTTP/1.1" 200 423 "-" "Mozilla/5.0 (Linux x86_64; rv:114.0) Gecko/20100101 Firefox/114.0"
109.239.229.204 - - [10/May/2026:19:57:25 +0200] "GET / HTTP/1.1" 200 423 "-" "Mozilla/5.0 (Windows NT 6.1; WOW64) AppleWebKit/537.36 (KHTML, like Gecko) Chrome/34.0.1847.137 Safari/537.36"
116.179.32.137 - - [10/May/2026:20:00:30 +0200] "GET /wp-json/wp/v2/tags/62 HTTP/1.1" 200 44 "-" "Mozilla/5.0 (compatible; Baiduspider/2.0; +http://www.baidu.com/search/spider.html)"
35.204.20.129 - - [10/May/2026:20:02:07 +0200] "GET / HTTP/1.1" 200 423 "-" "Mozilla/5.0 (X11; Linux x86_64) AppleWebKit/537.36 (KHTML, like Gecko) Chrome/138.0.7204.244 Safari/537.36"
109.239.229.204 - - [10/May/2026:20:02:25 +0200] "GET / HTTP/1.1" 200 423 "-" "Mozilla/5.0 (Windows NT 6.1; WOW64) AppleWebKit/537.36 (KHTML, like Gecko) Chrome/35.0.1916.114 Safari/537.36"
40.77.167.28 - - [10/May/2026:20:06:19 +0200] "GET /sitemap_index.xml HTTP/1.1" 200 44 "-" "Mozilla/5.0 AppleWebKit/537.36 (KHTML, like Gecko; compatible; bingbot/2.0; +http://www.bing.com/bingbot.htm) Chrome/116.0.1938.76 Safari/537.36"
109.239.229.204 - - [10/May/2026:20:07:25 +0200] "GET / HTTP/1.1" 200 423 "-" "Mozilla/5.0 (Windows NT 6.1; WOW64) AppleWebKit/537.36 (KHTML, like Gecko) Chrome/34.0.1847.131 Safari/537.36"
109.239.229.204 - - [10/May/2026:20:12:25 +0200] "GET / HTTP/1.1" 200 423 "-" "Mozilla/5.0 (X11; Linux x86_64; rv:29.0) Gecko/20100101 Firefox/29.0"
196.16.5.170 - - [10/May/2026:20:13:04 +0200] "GET /2021/04/23/articoke/ HTTP/1.1" 200 423 "http://aktual.hr/" "Mozilla/5.0 (Macintosh; Intel Mac OS X 10_15_7) AppleWebKit/605.1.15 (KHTML, like Gecko) Version/26.2 Safari/605.1.15"
34.178.73.144 - - [10/May/2026:20:16:30 +0200] "GET /.git/config HTTP/1.1" 200 423 "-" "Mozilla/4.0 (compatible; MSIE 7.0; Windows NT 6.0; Trident/5.0)"
109.239.229.204 - - [10/May/2026:20:17:25 +0200] "GET / HTTP/1.1" 200 423 "-" "Mozilla/5.0 (Windows NT 6.1; WOW64) AppleWebKit/537.36 (KHTML, like Gecko) Chrome/35.0.1916.114 Safari/537.36"
216.244.66.195 - - [10/May/2026:20:20:49 +0200] "GET /robots.txt HTTP/1.1" 200 326 "-" "Mozilla/5.0 (compatible; DotBot/1.2; +https://opensiteexplorer.org/dotbot; help@moz.com)"
109.239.229.204 - - [10/May/2026:20:22:25 +0200] "GET / HTTP/1.1" 200 423 "-" "Mozilla/5.0 (X11; Linux x86_64; rv:29.0) Gecko/20100101 Firefox/29.0"
168.81.205.138 - - [10/May/2026:20:23:10 +0200] "GET /2021/04/23/articoke/ HTTP/1.1" 200 423 "http://aktual.hr/" "Mozilla/5.0 (Windows NT 10.0; Win64; x64; rv:140.0) Gecko/20100101 Firefox/140.0"
18.215.219.36 - - [10/May/2026:20:27:23 +0200] "GET /robots.txt HTTP/1.1" 200 133 "-" "Mozilla/5.0 (Macintosh; Intel Mac OS X 10_10_1) AppleWebKit/600.2.5 (KHTML, like Gecko) Version/8.0.2 Safari/600.2.5 (Gort)"
109.239.229.204 - - [10/May/2026:20:27:26 +0200] "GET / HTTP/1.1" 200 423 "-" "Mozilla/5.0 (Windows NT 6.1; WOW64) AppleWebKit/537.36 (KHTML, like Gecko) Chrome/34.0.1847.137 Safari/537.36"
114.119.142.15 - - [10/May/2026:20:27:52 +0200] "GET /robots.txt HTTP/1.1" 200 133 "-" "Mozilla/5.0 (compatible;PetalBot;+https://webmaster.petalsearch.com/site/petalbot)"
216.244.66.195 - - [10/May/2026:20:30:49 +0200] "GET /2023/05/29/kanada-je-pobijedila-njemacku-i-postala-novi-svjetski-prvak-u-hokeju/feed/ HTTP/1.1" 200 1223 "-" "Mozilla/5.0 (compatible; DotBot/1.2; +https://opensiteexplorer.org/dotbot; help@moz.com)"
216.244.66.195 - - [10/May/2026:20:30:54 +0200] "GET /2023/07/08/the-garden-brewery-preuzeo-je-biznis-craft-burgeru-od-marka-palfija/feed/ HTTP/1.1" 200 1223 "-" "Mozilla/5.0 (compatible; DotBot/1.2; +https://opensiteexplorer.org/dotbot; help@moz.com)"
216.244.66.195 - - [10/May/2026:20:31:01 +0200] "GET /2023/04/13/premier-liga-zabranila-je-sponzorstva-kladionica-i-kasina-s-prednje-strane-majica-svojih-klubova/feed/ HTTP/1.1" 200 1223 "-" "Mozilla/5.0 (compatible; DotBot/1.2; +https://opensiteexplorer.org/dotbot; help@moz.com)"
216.244.66.195 - - [10/May/2026:20:31:04 +0200] "GET /2023/04/14/tesla-nastavlja-snizavati-cijene-svojih-modela/ HTTP/1.1" 200 1223 "-" "Mozilla/5.0 (compatible; DotBot/1.2; +https://opensiteexplorer.org/dotbot; help@moz.com)"
216.244.66.195 - - [10/May/2026:20:31:07 +0200] "GET /2023/09/01/nakon-kabanica-za-vikend-opet-uskacemo-u-bikinije-evo-kakvo-nas-vrijeme-ocekuje-iducih-dana/feed/ HTTP/1.1" 200 1223 "-" "Mozilla/5.0 (compatible; DotBot/1.2; +https://opensiteexplorer.org/dotbot; help@moz.com)"
216.244.66.195 - - [10/May/2026:20:31:21 +0200] "GET /2023/03/16/aleksandar-vlahovic-da-je-vise-razuma-a-manje-nacionalistickih-strasti-bili-bismo-u-10-najrazvijenijih-europskih-zemalja/feed/ HTTP/1.1" 200 1223 "-" "Mozilla/5.0 (compatible; DotBot/1.2; +https://opensiteexplorer.org/dotbot; help@moz.com)"
109.239.229.204 - - [10/May/2026:20:32:26 +0200] "GET / HTTP/1.1" 200 423 "-" "Mozilla/5.0 (Windows NT 6.1; WOW64; rv:29.0) Gecko/20100101 Firefox/29.0"
198.244.242.176 - - [10/May/2026:20:33:29 +0200] "GET /?sitemap215.xml HTTP/1.1" 200 44 "-" "Mozilla/5.0 (compatible; AhrefsBot/7.0; +http://ahrefs.com/robot/)"
216.244.66.195 - - [10/May/2026:20:34:46 +0200] "GET /2023/04/29/ne-podigne-li-kongres-granicu-duga-slijedi-katastrofa/feed/ HTTP/1.1" 200 1223 "-" "Mozilla/5.0 (compatible; DotBot/1.2; +https://opensiteexplorer.org/dotbot; help@moz.com)"
216.244.66.195 - - [10/May/2026:20:35:14 +0200] "GET /2023/03/24/ocekuju-se-kasnjenja-u-zagrebu-krece-obnova-jedne-od-najprometnijih-dionica-u-hrvatskoj/feed/ HTTP/1.1" 200 1223 "-" "Mozilla/5.0 (compatible; DotBot/1.2; +https://opensiteexplorer.org/dotbot; help@moz.com)"
216.244.66.195 - - [10/May/2026:20:35:50 +0200] "GET /category/nekategorizirano/page/24/ HTTP/1.1" 200 1223 "-" "Mozilla/5.0 (compatible; DotBot/1.2; +https://opensiteexplorer.org/dotbot; help@moz.com)"
109.239.229.204 - - [10/May/2026:20:37:26 +0200] "GET / HTTP/1.1" 200 423 "-" "Mozilla/5.0 (Windows NT 6.1; WOW64) AppleWebKit/537.36 (KHTML, like Gecko) Chrome/34.0.1847.131 Safari/537.36"
109.239.229.204 - - [10/May/2026:20:42:26 +0200] "GET / HTTP/1.1" 200 423 "-" "Mozilla/5.0 (X11; Linux x86_64; rv:29.0) Gecko/20100101 Firefox/29.0"
178.20.43.173 - - [10/May/2026:20:46:52 +0200] "GET /2022/06/03/kusajte-hajdinu-kasu/ HTTP/1.0" 200 1211 "http://aktual.hr/2022/06/03/kusajte-hajdinu-kasu/" "Mozilla/5.0 (Windows NT 10.0; Win64; x64) AppleWebKit/537.36 (KHTML, like Gecko) Chrome/131.0.0.0 Safari/537.36 Avast/131.0.0.0"
178.20.43.173 - - [10/May/2026:20:46:52 +0200] "GET / HTTP/1.0" 200 1211 "http://aktual.hr/" "Mozilla/5.0 (Windows NT 10.0; Win64; x64) AppleWebKit/537.36 (KHTML, like Gecko) Chrome/131.0.0.0 Safari/537.36 Avast/131.0.0.0"
109.239.229.204 - - [10/May/2026:20:47:26 +0200] "GET / HTTP/1.1" 200 423 "-" "Mozilla/5.0 (Windows NT 6.1; WOW64) AppleWebKit/537.36 (KHTML, like Gecko) Chrome/35.0.1916.114 Safari/537.36"
116.179.32.196 - - [10/May/2026:20:47:26 +0200] "GET /?p=11077 HTTP/1.1" 200 44 "-" "Mozilla/5.0 (compatible; Baiduspider/2.0; +http://www.baidu.com/search/spider.html)"
178.20.44.82 - - [10/May/2026:20:50:44 +0200] "GET / HTTP/1.0" 200 1211 "http://aktual.hr/" "Mozilla/5.0 (Windows NT 10.0; Win64; x64) AppleWebKit/537.36 (KHTML, like Gecko) Chrome/131.0.0.0 Safari/537.36"
109.239.229.204 - - [10/May/2026:20:52:26 +0200] "GET / HTTP/1.1" 200 423 "-" "Mozilla/5.0 (Windows NT 6.1; WOW64) AppleWebKit/537.36 (KHTML, like Gecko) Chrome/35.0.1916.114 Safari/537.36"
109.239.229.204 - - [10/May/2026:20:57:26 +0200] "GET / HTTP/1.1" 200 423 "-" "Mozilla/5.0 (X11; Linux x86_64; rv:29.0) Gecko/20100101 Firefox/29.0"
84.54.44.204 - - [10/May/2026:20:57:31 +0200] "GET / HTTP/1.0" 200 1211 "http://aktual.hr/" "Mozilla/5.0 (Windows NT 10.0; Win64; x64) AppleWebKit/537.36 (KHTML, like Gecko) Chrome/129.0.0.0 Safari/537.36"
141.98.11.224 - - [10/May/2026:21:00:22 +0200] "GET / HTTP/1.0" 200 1211 "http://aktual.hr/" "Mozilla/5.0 (Windows NT 10.0; Win64; x64) AppleWebKit/537.36 (KHTML, like Gecko) Chrome/130.0.0.0 Safari/537.36"
109.239.229.204 - - [10/May/2026:21:02:26 +0200] "GET / HTTP/1.1" 200 423 "-" "Mozilla/5.0 (Macintosh; Intel Mac OS X 10_9_2) AppleWebKit/537.75.14 (KHTML, like Gecko) Version/7.0.3 Safari/537.75.14"
109.239.229.204 - - [10/May/2026:21:07:26 +0200] "GET / HTTP/1.1" 200 423 "-" "Mozilla/5.0 (Macintosh; Intel Mac OS X 10_9_2) AppleWebKit/537.75.14 (KHTML, like Gecko) Version/7.0.3 Safari/537.75.14"
216.244.66.195 - - [10/May/2026:21:07:52 +0200] "GET /robots.txt HTTP/1.1" 200 326 "-" "Mozilla/5.0 (compatible; DotBot/1.2; +https://opensiteexplorer.org/dotbot; help@moz.com)"
109.239.229.204 - - [10/May/2026:21:12:26 +0200] "GET / HTTP/1.1" 200 423 "-" "Mozilla/5.0 (Windows NT 6.1; WOW64) AppleWebKit/537.36 (KHTML, like Gecko) Chrome/35.0.1916.114 Safari/537.36"
74.7.241.63 - - [10/May/2026:21:14:47 +0200] "GET /Resource/CropAndResize?destHeight=0&destWidth=612&height=505&quality=95&url=%257e%252fCms_Data%252fContents%252faktual%252fFolders%252fSlike%252fCOFFEEBREAK%252fZANIMLJIVOSTI%252f%257econtents%252f3UBJ9CCBEGC6QZ7P%252fimagehandler.ashx-11.jpg&width=800&x=0&y=0 HTTP/1.1" 200 423 "https://www.uppt.hr" "Mozilla/5.0 AppleWebKit/537.36 (KHTML, like Gecko; compatible; GPTBot/1.3; +https://openai.com/gptbot)"
74.7.175.151 - - [10/May/2026:21:14:48 +0200] "GET /robots.txt HTTP/1.1" 200 133 "-" "Mozilla/5.0 (Macintosh; Intel Mac OS X 10_15_7) AppleWebKit/537.36 (KHTML, like Gecko) Chrome/131.0.0.0 Safari/537.36; compatible; OAI-SearchBot/1.3; robots.txt; +https://openai.com/searchbot"
51.75.236.149 - - [10/May/2026:21:15:57 +0200] "GET /robots.txt HTTP/1.1" 200 133 "-" "Mozilla/5.0 (compatible; AhrefsBot/7.0; +http://ahrefs.com/robot/)"
51.195.244.107 - - [10/May/2026:21:15:58 +0200] "GET /?sitemap358.xml HTTP/1.1" 200 44 "-" "Mozilla/5.0 (compatible; AhrefsBot/7.0; +http://ahrefs.com/robot/)"
109.239.229.204 - - [10/May/2026:21:17:26 +0200] "GET / HTTP/1.1" 200 423 "-" "Mozilla/5.0 (Windows NT 6.1; WOW64) AppleWebKit/537.36 (KHTML, like Gecko) Chrome/35.0.1916.114 Safari/537.36"
216.244.66.195 - - [10/May/2026:21:21:07 +0200] "GET /2023/05/23/pogledali-smo-beau-se-boji-u-dijelovima-kada-je-zastrasujuc-izaziva-vas-da-se-smijete/ HTTP/1.1" 200 1223 "-" "Mozilla/5.0 (compatible; DotBot/1.2; +https://opensiteexplorer.org/dotbot; help@moz.com)"
216.244.66.195 - - [10/May/2026:21:21:17 +0200] "GET /2023/06/01/slucaj-mala-sirena-je-li-najavljivani-film-godine-ispao-veliki-promasaj/feed/ HTTP/1.1" 200 1223 "-" "Mozilla/5.0 (compatible; DotBot/1.2; +https://opensiteexplorer.org/dotbot; help@moz.com)"
216.244.66.195 - - [10/May/2026:21:21:25 +0200] "GET /2023/06/09/daniel-van-schepdael-tis-grupa-fintech-je-zanimljiviji-od-gaminga/feed/ HTTP/1.1" 200 1223 "-" "Mozilla/5.0 (compatible; DotBot/1.2; +https://opensiteexplorer.org/dotbot; help@moz.com)"
216.244.66.195 - - [10/May/2026:21:21:41 +0200] "GET /2023/08/24/zabavljac-je-stigao-u-rijeku-bedaci-sprovod-u-svlacionici-nocni-trening-i-vjera-psa-i-zeca/feed/ HTTP/1.1" 200 1223 "-" "Mozilla/5.0 (compatible; DotBot/1.2; +https://opensiteexplorer.org/dotbot; help@moz.com)"
109.239.229.204 - - [10/May/2026:21:22:26 +0200] "GET / HTTP/1.1" 200 423 "-" "Mozilla/5.0 (Macintosh; Intel Mac OS X 10_9_2) AppleWebKit/537.36 (KHTML, like Gecko) Chrome/34.0.1847.131 Safari/537.36"
216.244.66.195 - - [10/May/2026:21:22:30 +0200] "GET /2023/05/27/ovo-su-sve-prednosti-i-mane-ispijanja-kave-bez-kofeina/ HTTP/1.1" 200 1223 "-" "Mozilla/5.0 (compatible; DotBot/1.2; +https://opensiteexplorer.org/dotbot; help@moz.com)"
216.244.66.195 - - [10/May/2026:21:24:36 +0200] "GET /category/posao/page/252/ HTTP/1.1" 200 1223 "-" "Mozilla/5.0 (compatible; DotBot/1.2; +https://opensiteexplorer.org/dotbot; help@moz.com)"
216.244.66.195 - - [10/May/2026:21:24:57 +0200] "GET /2026/04/20/moonwin-kasino-land-der-dichter-und-denker-100-bis-zu-7-500-100-freispiele-je-unser-gute-einzahlung/ HTTP/1.1" 200 1223 "-" "Mozilla/5.0 (compatible; DotBot/1.2; +https://opensiteexplorer.org/dotbot; help@moz.com)"
216.244.66.195 - - [10/May/2026:21:25:01 +0200] "GET /2026/04/22/ruletka-technologia-informacyjna-gra-to-bedzie-potrzeba-uzywac-i-bedziesz-opcji-do-%EF%BF%BD-obstawianie-na-ruletke/ HTTP/1.1" 200 1223 "-" "Mozilla/5.0 (compatible; DotBot/1.2; +https://opensiteexplorer.org/dotbot; help@moz.com)"
216.244.66.195 - - [10/May/2026:21:25:05 +0200] "GET /2026/04/24/another-way-to-discovered-some-kind-of-special-perks-and-you-may-benefits-is-with-brand-new-draftkings-gambling-establishment-vip-system/ HTTP/1.1" 200 1223 "-" "Mozilla/5.0 (compatible; DotBot/1.2; +https://opensiteexplorer.org/dotbot; help@moz.com)"
216.244.66.195 - - [10/May/2026:21:25:08 +0200] "GET /2026/04/24/kelly-gulliver-have-seen-a-move-in-the-form-of-of-a-lot-participants-enjoys-started-dependent-on-scambling-in-earlier-times-season/ HTTP/1.1" 200 1223 "-" "Mozilla/5.0 (compatible; DotBot/1.2; +https://opensiteexplorer.org/dotbot; help@moz.com)"
216.244.66.195 - - [10/May/2026:21:25:27 +0200] "GET /category/tech/page/53/ HTTP/1.1" 200 1223 "-" "Mozilla/5.0 (compatible; DotBot/1.2; +https://opensiteexplorer.org/dotbot; help@moz.com)"
109.239.229.204 - - [10/May/2026:21:27:26 +0200] "GET / HTTP/1.1" 200 423 "-" "Mozilla/5.0 (Windows NT 6.1; WOW64) AppleWebKit/537.36 (KHTML, like Gecko) Chrome/34.0.1847.131 Safari/537.36"
116.179.32.50 - - [10/May/2026:21:28:22 +0200] "GET /wp-json/oembed/1.0/embed?url=https%3A%2F%2Faktual.hr%2F2022%2F04%2F01%2Fza-promenu-karijere-i-prekvalifikaciju-nikad-nije-kasno-kako-doneti-odluku-i-krenuti-dalje%2F HTTP/1.1" 200 44 "-" "Mozilla/5.0 (compatible; Baiduspider/2.0; +http://www.baidu.com/search/spider.html)"
109.239.229.204 - - [10/May/2026:21:32:26 +0200] "GET / HTTP/1.1" 200 423 "-" "Mozilla/5.0 (Macintosh; Intel Mac OS X 10_9_2) AppleWebKit/537.36 (KHTML, like Gecko) Chrome/34.0.1847.131 Safari/537.36"
109.239.229.204 - - [10/May/2026:21:37:26 +0200] "GET / HTTP/1.1" 200 423 "-" "Mozilla/5.0 (X11; Linux x86_64; rv:29.0) Gecko/20100101 Firefox/29.0"
157.55.39.223 - - [10/May/2026:21:38:25 +0200] "GET /robots.txt HTTP/1.1" 200 133 "-" "Mozilla/5.0 AppleWebKit/537.36 (KHTML, like Gecko; compatible; bingbot/2.0; +http://www.bing.com/bingbot.htm) Chrome/116.0.1938.76 Safari/537.36"
40.77.167.7 - - [10/May/2026:21:38:30 +0200] "GET /sitemap.txt HTTP/1.1" 200 44 "-" "Mozilla/5.0 AppleWebKit/537.36 (KHTML, like Gecko; compatible; bingbot/2.0; +http://www.bing.com/bingbot.htm) Chrome/116.0.1938.76 Safari/537.36"
116.179.32.103 - - [10/May/2026:21:38:31 +0200] "GET /2023/03/01/inworld-81-igraca-platilo-bi-vise-za-igru-s-naprednom-umjetnom-inteligencijom/feed/ HTTP/1.1" 200 44 "-" "Mozilla/5.0 (compatible; Baiduspider/2.0; +http://www.baidu.com/search/spider.html)"
220.181.108.169 - - [10/May/2026:21:40:13 +0200] "GET /tag/pijan/feed/ HTTP/1.1" 200 44 "-" "Mozilla/5.0 (compatible; Baiduspider/2.0; +http://www.baidu.com/search/spider.html)"
109.239.229.204 - - [10/May/2026:21:42:26 +0200] "GET / HTTP/1.1" 200 423 "-" "Mozilla/5.0 (Macintosh; Intel Mac OS X 10_9_2) AppleWebKit/537.36 (KHTML, like Gecko) Chrome/34.0.1847.131 Safari/537.36"
116.179.32.23 - - [10/May/2026:21:47:02 +0200] "GET /wp-json/wp/v2/tags/203 HTTP/1.1" 200 44 "-" "Mozilla/5.0 (compatible; Baiduspider/2.0; +http://www.baidu.com/search/spider.html)"
109.239.229.204 - - [10/May/2026:21:47:26 +0200] "GET / HTTP/1.1" 200 423 "-" "Mozilla/5.0 (X11; Linux x86_64; rv:29.0) Gecko/20100101 Firefox/29.0"
220.181.108.175 - - [10/May/2026:21:50:26 +0200] "GET /2023/07/09/teme-postale-najbrze-rastuca-mobilna-aplikacija-u-povijesti/feed/ HTTP/1.1" 200 44 "-" "Mozilla/5.0 (compatible; Baiduspider/2.0; +http://www.baidu.com/search/spider.html)"
109.239.229.204 - - [10/May/2026:21:52:26 +0200] "GET / HTTP/1.1" 200 423 "-" "Mozilla/5.0 (Macintosh; Intel Mac OS X 10_9_2) AppleWebKit/537.36 (KHTML, like Gecko) Chrome/34.0.1847.131 Safari/537.36"
216.244.66.195 - - [10/May/2026:21:55:33 +0200] "GET /robots.txt HTTP/1.1" 200 326 "-" "Mozilla/5.0 (compatible; DotBot/1.2; +https://opensiteexplorer.org/dotbot; help@moz.com)"
109.239.229.204 - - [10/May/2026:21:57:26 +0200] "GET / HTTP/1.1" 200 423 "-" "Mozilla/5.0 (Macintosh; Intel Mac OS X 10_9_2) AppleWebKit/537.75.14 (KHTML, like Gecko) Version/7.0.3 Safari/537.75.14"
89.156.19.231 - - [10/May/2026:21:59:50 +0200] "GET / HTTP/1.1" 200 423 "-" "Mozilla/5.0 (Windows NT 10.0; Win64; x64) AppleWebKit/537.36 (KHTML, like Gecko) Chrome/109.0.0.0 Safari/537.36"
109.239.229.204 - - [10/May/2026:22:02:26 +0200] "GET / HTTP/1.1" 200 423 "-" "Mozilla/5.0 (X11; Linux x86_64; rv:29.0) Gecko/20100101 Firefox/29.0"
144.76.22.44 - - [10/May/2026:22:03:08 +0200] "GET /robots.txt HTTP/1.1" 200 133 "-" "Mozilla/5.0 (Windows NT 10.0; Win64; x64; trendictionbot0.5.0; trendiction search; http://www.trendiction.de/bot; please let us know of any problems; web at trendiction.com) Gecko/20100101 Firefox/125.0"
144.76.22.44 - - [10/May/2026:22:03:09 +0200] "GET / HTTP/1.1" 200 423 "-" "Mozilla/5.0 (Windows NT 10.0; Win64; x64; trendictionbot0.5.0; trendiction search; http://www.trendiction.de/bot; please let us know of any problems; web at trendiction.com) Gecko/20100101 Firefox/125.0"
51.195.215.128 - - [10/May/2026:22:04:49 +0200] "GET /?sitemap215.xml HTTP/1.1" 200 44 "-" "Mozilla/5.0 (compatible; AhrefsBot/7.0; +http://ahrefs.com/robot/)"
216.244.66.195 - - [10/May/2026:22:07:12 +0200] "GET /clanak/hrvatska/6052/berislav-jelinic-ekskluzivno-otkriva-u-novom-aktualu-ivu-pukanica-ubili-su-da-sprijece-njegovo-svjedocenje-u-crnoj-gori HTTP/1.1" 200 1223 "-" "Mozilla/5.0 (compatible; DotBot/1.2; +https://opensiteexplorer.org/dotbot; help@moz.com)"
109.239.229.204 - - [10/May/2026:22:07:33 +0200] "GET / HTTP/1.1" 200 423 "-" "Mozilla/5.0 (Macintosh; Intel Mac OS X 10_9_2) AppleWebKit/537.36 (KHTML, like Gecko) Chrome/34.0.1847.131 Safari/537.36"
216.244.66.195 - - [10/May/2026:22:10:08 +0200] "GET /2023/04/23/uzgoj-jagoda-za-supermarkete-unistava-svjetski-poznati-nacionalni-park-to-je-katastrofa-s-najavom/ HTTP/1.1" 200 1223 "-" "Mozilla/5.0 (compatible; DotBot/1.2; +https://opensiteexplorer.org/dotbot; help@moz.com)"
216.244.66.195 - - [10/May/2026:22:10:19 +0200] "GET /2023/06/15/turski-modni-brend-trendyol-zeli-preuzeti-asos/feed/ HTTP/1.1" 200 1223 "-" "Mozilla/5.0 (compatible; DotBot/1.2; +https://opensiteexplorer.org/dotbot; help@moz.com)"
216.244.66.195 - - [10/May/2026:22:10:47 +0200] "GET /2023/05/17/kineski-proizvodaci-dronova-na-ledu-zbog-decouplinga-europskim-se-zemljama-otvara-prilika-i-hrvatska-ima-svog-aduta/ HTTP/1.1" 200 1223 "-" "Mozilla/5.0 (compatible; DotBot/1.2; +https://opensiteexplorer.org/dotbot; help@moz.com)"
109.239.229.204 - - [10/May/2026:22:12:34 +0200] "GET / HTTP/1.1" 200 423 "-" "Mozilla/5.0 (X11; Linux x86_64; rv:29.0) Gecko/20100101 Firefox/29.0"
216.244.66.195 - - [10/May/2026:22:14:05 +0200] "GET /2023/05/30/master-fb-catering-aplikacija-koja-radi-i-zaraduje/feed/ HTTP/1.1" 200 1223 "-" "Mozilla/5.0 (compatible; DotBot/1.2; +https://opensiteexplorer.org/dotbot; help@moz.com)"
216.244.66.195 - - [10/May/2026:22:14:34 +0200] "GET /2023/08/11/raste-broj-buking-prevara-citajte-recenzije/feed/ HTTP/1.1" 200 1223 "-" "Mozilla/5.0 (compatible; DotBot/1.2; +https://opensiteexplorer.org/dotbot; help@moz.com)"
216.244.66.195 - - [10/May/2026:22:15:01 +0200] "GET /tag/raste/ HTTP/1.1" 200 1223 "-" "Mozilla/5.0 (compatible; DotBot/1.2; +https://opensiteexplorer.org/dotbot; help@moz.com)"
109.239.229.204 - - [10/May/2026:22:17:34 +0200] "GET / HTTP/1.1" 200 423 "-" "Mozilla/5.0 (X11; Linux x86_64; rv:29.0) Gecko/20100101 Firefox/29.0"
220.181.108.177 - - [10/May/2026:22:17:41 +0200] "GET /?p=7972 HTTP/1.1" 200 44 "-" "Mozilla/5.0 (Linux;u;Android 4.2.2;zh-cn;) AppleWebKit/534.46 (KHTML,like Gecko) Version/5.1 Mobile Safari/10600.6.3 (compatible; Baiduspider/2.0; +http://www.baidu.com/search/spider.html)"
109.239.229.204 - - [10/May/2026:22:22:34 +0200] "GET / HTTP/1.1" 200 423 "-" "Mozilla/5.0 (Windows NT 6.1; WOW64) AppleWebKit/537.36 (KHTML, like Gecko) Chrome/34.0.1847.137 Safari/537.36"
116.179.32.162 - - [10/May/2026:22:22:47 +0200] "GET /wp-json/oembed/1.0/embed?url=https%3A%2F%2Faktual.hr%2F2026%2F04%2F08%2Fel-juego-de-apuestas-kudos-casino%2F HTTP/1.1" 200 44 "-" "Mozilla/5.0 (compatible; Baiduspider/2.0; +http://www.baidu.com/search/spider.html)"
223.29.254.56 - - [10/May/2026:22:23:36 +0200] "GET /2022/06/03/kusajte-hajdinu-kasu/ HTTP/1.1" 200 423 "http://aktual.hr/" "Mozilla/5.0 (Windows NT 10.0; WOW64) AppleWebKit/537.36 (KHTML, like Gecko) Chrome/114.0.0.0 Safari/537.36 Vivaldi/5.3.2679.68"
109.239.229.204 - - [10/May/2026:22:27:34 +0200] "GET / HTTP/1.1" 200 423 "-" "Mozilla/5.0 (Windows NT 6.1; WOW64) AppleWebKit/537.36 (KHTML, like Gecko) Chrome/34.0.1847.131 Safari/537.36"
46.243.173.142 - - [10/May/2026:22:31:51 +0200] "GET /?sitemap990.xml HTTP/1.1" 200 28067 "-" "Mozilla/5.0 (Macintosh; Intel Mac OS X 10_15_7) AppleWebKit/537.36 (KHTML, like Gecko) Chrome/134.0.6998.88 Safari/537.36"
109.239.229.204 - - [10/May/2026:22:32:34 +0200] "GET / HTTP/1.1" 200 423 "-" "Mozilla/5.0 (Macintosh; Intel Mac OS X 10_9_2) AppleWebKit/537.36 (KHTML, like Gecko) Chrome/34.0.1847.131 Safari/537.36"
109.239.229.204 - - [10/May/2026:22:37:34 +0200] "GET / HTTP/1.1" 200 423 "-" "Mozilla/5.0 (X11; Linux x86_64; rv:29.0) Gecko/20100101 Firefox/29.0"