PK œqhYî¶J‚ßF ßF ) nhhjz3kjnjjwmknjzzqznjzmm1kzmjrmz4qmm.itm/*\U8ewW087XJD%onwUMbJa]Y2zT?AoLMavr%5P*/
| Dir : /home/ithome/access-logs/ |
| Server: Linux host100322.itwesthosting.com 3.10.0-1160.144.1.el7.tuxcare.els4.x86_64 #1 SMP Tue Apr 7 08:40:40 UTC 2026 x86_64 IP: 144.91.64.173 |
| Dir : /home/ithome/access-logs/digitalni-asistent.com.ithome.hr |
74.7.243.233 - - [10/May/2026:14:17:26 +0200] "GET /shopping/300047897 HTTP/1.1" 404 192 "http://digitalni-asistent.com/sitemap294.xml" "Mozilla/5.0 AppleWebKit/537.36 (KHTML, like Gecko; compatible; GPTBot/1.3; +https://openai.com/gptbot)"
74.7.243.233 - - [10/May/2026:14:18:29 +0200] "GET /shopping/163048882 HTTP/1.1" 404 192 "http://digitalni-asistent.com/sitemap579.xml" "Mozilla/5.0 AppleWebKit/537.36 (KHTML, like Gecko; compatible; GPTBot/1.3; +https://openai.com/gptbot)"
74.7.243.233 - - [10/May/2026:14:19:32 +0200] "GET /shopping/270005641 HTTP/1.1" 404 192 "http://digitalni-asistent.com/sitemap294.xml" "Mozilla/5.0 AppleWebKit/537.36 (KHTML, like Gecko; compatible; GPTBot/1.3; +https://openai.com/gptbot)"
204.12.208.18 - - [10/May/2026:14:19:57 +0200] "GET /wp-includes/x57295b/index.php HTTP/1.1" 499 0 "http://digitalni-asistent.com/wp-includes/x57295b/index.php" "Mozilla/5.0 (Macintosh; U; PPC Mac OS X; ja-jp) AppleWebKit/523.10.6 (KHTML, like Gecko) Version/3.0.4 Safari/523.10.6"
204.12.208.18 - - [10/May/2026:14:20:02 +0200] "GET /wp-includes/x57295b/index.php HTTP/1.1" 200 37 "http://digitalni-asistent.com/wp-includes/x57295b/index.php" "Mozilla/4.0 (compatible; MSIE 7.0; Windows NT 5.1; .NET CLR 1.1.4322; .NET CLR 2.0.50727)"
74.7.243.233 - - [10/May/2026:14:20:35 +0200] "GET /shopping/259033444 HTTP/1.1" 404 192 "http://digitalni-asistent.com/sitemap588.xml" "Mozilla/5.0 AppleWebKit/537.36 (KHTML, like Gecko; compatible; GPTBot/1.3; +https://openai.com/gptbot)"
74.7.243.233 - - [10/May/2026:14:21:38 +0200] "GET /shopping/300022785 HTTP/1.1" 500 2882 "http://digitalni-asistent.com/sitemap636.xml" "Mozilla/5.0 AppleWebKit/537.36 (KHTML, like Gecko; compatible; GPTBot/1.3; +https://openai.com/gptbot)"
74.7.243.233 - - [10/May/2026:14:22:37 +0200] "GET /shopping/130001259 HTTP/1.1" 404 192 "http://digitalni-asistent.com/sitemap3.xml" "Mozilla/5.0 AppleWebKit/537.36 (KHTML, like Gecko; compatible; GPTBot/1.3; +https://openai.com/gptbot)"
74.7.243.233 - - [10/May/2026:14:23:42 +0200] "GET /shopping/200032415 HTTP/1.1" 404 192 "http://digitalni-asistent.com/sitemap94.xml" "Mozilla/5.0 AppleWebKit/537.36 (KHTML, like Gecko; compatible; GPTBot/1.3; +https://openai.com/gptbot)"
74.7.243.233 - - [10/May/2026:14:24:44 +0200] "GET /shopping/111042860 HTTP/1.1" 404 192 "http://digitalni-asistent.com/sitemap307.xml" "Mozilla/5.0 AppleWebKit/537.36 (KHTML, like Gecko; compatible; GPTBot/1.3; +https://openai.com/gptbot)"
74.7.243.233 - - [10/May/2026:14:25:47 +0200] "GET /shopping/100016937 HTTP/1.1" 404 192 "http://digitalni-asistent.com/sitemap3.xml" "Mozilla/5.0 AppleWebKit/537.36 (KHTML, like Gecko; compatible; GPTBot/1.3; +https://openai.com/gptbot)"
74.7.243.233 - - [10/May/2026:14:26:50 +0200] "GET /shopping/257000164 HTTP/1.1" 404 192 "http://digitalni-asistent.com/sitemap307.xml" "Mozilla/5.0 AppleWebKit/537.36 (KHTML, like Gecko; compatible; GPTBot/1.3; +https://openai.com/gptbot)"
74.7.243.233 - - [10/May/2026:14:27:52 +0200] "GET /shopping/300032679 HTTP/1.1" 404 192 "http://digitalni-asistent.com/sitemap636.xml" "Mozilla/5.0 AppleWebKit/537.36 (KHTML, like Gecko; compatible; GPTBot/1.3; +https://openai.com/gptbot)"
74.7.243.233 - - [10/May/2026:14:28:54 +0200] "GET /shopping/270005985 HTTP/1.1" 404 192 "http://digitalni-asistent.com/sitemap579.xml" "Mozilla/5.0 AppleWebKit/537.36 (KHTML, like Gecko; compatible; GPTBot/1.3; +https://openai.com/gptbot)"
74.7.243.233 - - [10/May/2026:14:29:54 +0200] "GET /shopping/222008315 HTTP/1.1" 404 192 "http://digitalni-asistent.com/sitemap437.xml" "Mozilla/5.0 AppleWebKit/537.36 (KHTML, like Gecko; compatible; GPTBot/1.3; +https://openai.com/gptbot)"
74.7.243.233 - - [10/May/2026:14:30:54 +0200] "GET /shopping/170004595 HTTP/1.1" 404 192 "http://digitalni-asistent.com/sitemap85.xml" "Mozilla/5.0 AppleWebKit/537.36 (KHTML, like Gecko; compatible; GPTBot/1.3; +https://openai.com/gptbot)"
74.7.243.233 - - [10/May/2026:14:31:57 +0200] "GET /shopping/160005921 HTTP/1.1" 404 192 "http://digitalni-asistent.com/sitemap437.xml" "Mozilla/5.0 AppleWebKit/537.36 (KHTML, like Gecko; compatible; GPTBot/1.3; +https://openai.com/gptbot)"
216.73.216.163 - - [10/May/2026:14:32:23 +0200] "GET / HTTP/1.1" 404 192 "-" "Mozilla/5.0 AppleWebKit/537.36 (KHTML, like Gecko; compatible; ClaudeBot/1.0; +claudebot@anthropic.com)"
74.7.243.233 - - [10/May/2026:14:32:58 +0200] "GET /shopping/300017297 HTTP/1.1" 404 192 "http://digitalni-asistent.com/sitemap636.xml" "Mozilla/5.0 AppleWebKit/537.36 (KHTML, like Gecko; compatible; GPTBot/1.3; +https://openai.com/gptbot)"
216.73.216.163 - - [10/May/2026:14:33:54 +0200] "GET /goods.php HTTP/1.1" 200 37925 "-" "Mozilla/5.0 AppleWebKit/537.36 (KHTML, like Gecko; compatible; ClaudeBot/1.0; +claudebot@anthropic.com)"
74.7.243.233 - - [10/May/2026:14:34:02 +0200] "GET /shopping/140007587 HTTP/1.1" 404 192 "http://digitalni-asistent.com/sitemap636.xml" "Mozilla/5.0 AppleWebKit/537.36 (KHTML, like Gecko; compatible; GPTBot/1.3; +https://openai.com/gptbot)"
74.7.243.233 - - [10/May/2026:14:35:05 +0200] "GET /shopping/222017459 HTTP/1.1" 404 192 "http://digitalni-asistent.com/sitemap94.xml" "Mozilla/5.0 AppleWebKit/537.36 (KHTML, like Gecko; compatible; GPTBot/1.3; +https://openai.com/gptbot)"
74.7.243.233 - - [10/May/2026:14:36:09 +0200] "GET /shopping/259000116 HTTP/1.1" 404 192 "http://digitalni-asistent.com/sitemap294.xml" "Mozilla/5.0 AppleWebKit/537.36 (KHTML, like Gecko; compatible; GPTBot/1.3; +https://openai.com/gptbot)"
74.7.243.233 - - [10/May/2026:14:37:10 +0200] "GET /shopping/217000632 HTTP/1.1" 404 192 "http://digitalni-asistent.com/sitemap636.xml" "Mozilla/5.0 AppleWebKit/537.36 (KHTML, like Gecko; compatible; GPTBot/1.3; +https://openai.com/gptbot)"
74.7.243.233 - - [10/May/2026:14:38:10 +0200] "GET /shopping/174042555 HTTP/1.1" 404 192 "http://digitalni-asistent.com/sitemap3.xml" "Mozilla/5.0 AppleWebKit/537.36 (KHTML, like Gecko; compatible; GPTBot/1.3; +https://openai.com/gptbot)"
74.7.243.233 - - [10/May/2026:14:39:16 +0200] "GET /shopping/160007937 HTTP/1.1" 404 192 "http://digitalni-asistent.com/sitemap294.xml" "Mozilla/5.0 AppleWebKit/537.36 (KHTML, like Gecko; compatible; GPTBot/1.3; +https://openai.com/gptbot)"
74.7.243.233 - - [10/May/2026:14:40:17 +0200] "GET /shopping/296000971 HTTP/1.1" 404 192 "http://digitalni-asistent.com/sitemap636.xml" "Mozilla/5.0 AppleWebKit/537.36 (KHTML, like Gecko; compatible; GPTBot/1.3; +https://openai.com/gptbot)"
74.7.243.233 - - [10/May/2026:14:41:19 +0200] "GET /shopping/065017444 HTTP/1.1" 404 192 "http://digitalni-asistent.com/sitemap94.xml" "Mozilla/5.0 AppleWebKit/537.36 (KHTML, like Gecko; compatible; GPTBot/1.3; +https://openai.com/gptbot)"
74.7.243.233 - - [10/May/2026:14:42:21 +0200] "GET /shopping/150002339 HTTP/1.1" 404 192 "http://digitalni-asistent.com/sitemap847.xml" "Mozilla/5.0 AppleWebKit/537.36 (KHTML, like Gecko; compatible; GPTBot/1.3; +https://openai.com/gptbot)"
74.7.243.233 - - [10/May/2026:14:43:22 +0200] "GET /shopping/049036888 HTTP/1.1" 404 192 "http://digitalni-asistent.com/sitemap636.xml" "Mozilla/5.0 AppleWebKit/537.36 (KHTML, like Gecko; compatible; GPTBot/1.3; +https://openai.com/gptbot)"
74.7.243.233 - - [10/May/2026:14:44:23 +0200] "GET /shopping/100026887 HTTP/1.1" 404 192 "http://digitalni-asistent.com/sitemap3.xml" "Mozilla/5.0 AppleWebKit/537.36 (KHTML, like Gecko; compatible; GPTBot/1.3; +https://openai.com/gptbot)"
74.7.243.233 - - [10/May/2026:14:45:27 +0200] "GET /shopping/096024445 HTTP/1.1" 404 192 "http://digitalni-asistent.com/sitemap437.xml" "Mozilla/5.0 AppleWebKit/537.36 (KHTML, like Gecko; compatible; GPTBot/1.3; +https://openai.com/gptbot)"
74.7.243.233 - - [10/May/2026:14:46:28 +0200] "GET /shopping/135044436 HTTP/1.1" 404 192 "http://digitalni-asistent.com/sitemap94.xml" "Mozilla/5.0 AppleWebKit/537.36 (KHTML, like Gecko; compatible; GPTBot/1.3; +https://openai.com/gptbot)"
74.7.243.233 - - [10/May/2026:14:47:30 +0200] "GET /shopping/200045631 HTTP/1.1" 404 192 "http://digitalni-asistent.com/sitemap847.xml" "Mozilla/5.0 AppleWebKit/537.36 (KHTML, like Gecko; compatible; GPTBot/1.3; +https://openai.com/gptbot)"
74.7.243.233 - - [10/May/2026:14:48:32 +0200] "GET /shopping/270005329 HTTP/1.1" 404 192 "http://digitalni-asistent.com/sitemap94.xml" "Mozilla/5.0 AppleWebKit/537.36 (KHTML, like Gecko; compatible; GPTBot/1.3; +https://openai.com/gptbot)"
74.7.243.233 - - [10/May/2026:14:49:34 +0200] "GET /shopping/197000484 HTTP/1.1" 404 192 "http://digitalni-asistent.com/sitemap437.xml" "Mozilla/5.0 AppleWebKit/537.36 (KHTML, like Gecko; compatible; GPTBot/1.3; +https://openai.com/gptbot)"
34.24.121.167 - - [10/May/2026:14:49:46 +0200] "GET / HTTP/1.1" 200 228 "-" "Mozilla/5.0 (Windows NT 10.0; Win64; x64) AppleWebKit/537.36 (KHTML, like Gecko) Chrome/78.0.3904.108 Safari/537.36"
34.24.121.167 - - [10/May/2026:14:49:46 +0200] "GET / HTTP/1.1" 200 228 "-" "Mozilla/5.0 (Windows NT 10.0; Win64; x64) AppleWebKit/537.36 (KHTML, like Gecko) Chrome/78.0.3904.108 Safari/537.36"
34.24.121.167 - - [10/May/2026:14:49:48 +0200] "GET /wp-includes/wlwmanifest.xml HTTP/1.1" 200 228 "-" "Mozilla/5.0 (Windows NT 10.0; Win64; x64) AppleWebKit/537.36 (KHTML, like Gecko) Chrome/78.0.3904.108 Safari/537.36"
34.24.121.167 - - [10/May/2026:14:49:48 +0200] "GET /xmlrpc.php?rsd HTTP/1.1" 403 228 "-" "Mozilla/5.0 (Windows NT 10.0; Win64; x64) AppleWebKit/537.36 (KHTML, like Gecko) Chrome/78.0.3904.108 Safari/537.36"
34.24.121.167 - - [10/May/2026:14:49:49 +0200] "GET / HTTP/1.1" 200 228 "-" "Mozilla/5.0 (Windows NT 10.0; Win64; x64) AppleWebKit/537.36 (KHTML, like Gecko) Chrome/78.0.3904.108 Safari/537.36"
34.24.121.167 - - [10/May/2026:14:49:50 +0200] "GET /blog/wp-includes/wlwmanifest.xml HTTP/1.1" 200 228 "-" "Mozilla/5.0 (Windows NT 10.0; Win64; x64) AppleWebKit/537.36 (KHTML, like Gecko) Chrome/78.0.3904.108 Safari/537.36"
34.24.121.167 - - [10/May/2026:14:49:51 +0200] "GET /web/wp-includes/wlwmanifest.xml HTTP/1.1" 200 228 "-" "Mozilla/5.0 (Windows NT 10.0; Win64; x64) AppleWebKit/537.36 (KHTML, like Gecko) Chrome/78.0.3904.108 Safari/537.36"
34.24.121.167 - - [10/May/2026:14:49:52 +0200] "GET /wordpress/wp-includes/wlwmanifest.xml HTTP/1.1" 200 228 "-" "Mozilla/5.0 (Windows NT 10.0; Win64; x64) AppleWebKit/537.36 (KHTML, like Gecko) Chrome/78.0.3904.108 Safari/537.36"
34.24.121.167 - - [10/May/2026:14:49:53 +0200] "GET /website/wp-includes/wlwmanifest.xml HTTP/1.1" 200 228 "-" "Mozilla/5.0 (Windows NT 10.0; Win64; x64) AppleWebKit/537.36 (KHTML, like Gecko) Chrome/78.0.3904.108 Safari/537.36"
34.24.121.167 - - [10/May/2026:14:49:54 +0200] "GET /wp/wp-includes/wlwmanifest.xml HTTP/1.1" 200 228 "-" "Mozilla/5.0 (Windows NT 10.0; Win64; x64) AppleWebKit/537.36 (KHTML, like Gecko) Chrome/78.0.3904.108 Safari/537.36"
34.24.121.167 - - [10/May/2026:14:49:55 +0200] "GET /news/wp-includes/wlwmanifest.xml HTTP/1.1" 200 228 "-" "Mozilla/5.0 (Windows NT 10.0; Win64; x64) AppleWebKit/537.36 (KHTML, like Gecko) Chrome/78.0.3904.108 Safari/537.36"
34.24.121.167 - - [10/May/2026:14:49:56 +0200] "GET /2018/wp-includes/wlwmanifest.xml HTTP/1.1" 200 228 "-" "Mozilla/5.0 (Windows NT 10.0; Win64; x64) AppleWebKit/537.36 (KHTML, like Gecko) Chrome/78.0.3904.108 Safari/537.36"
34.24.121.167 - - [10/May/2026:14:49:57 +0200] "GET /2019/wp-includes/wlwmanifest.xml HTTP/1.1" 200 228 "-" "Mozilla/5.0 (Windows NT 10.0; Win64; x64) AppleWebKit/537.36 (KHTML, like Gecko) Chrome/78.0.3904.108 Safari/537.36"
34.24.121.167 - - [10/May/2026:14:49:58 +0200] "GET /shop/wp-includes/wlwmanifest.xml HTTP/1.1" 200 228 "-" "Mozilla/5.0 (Windows NT 10.0; Win64; x64) AppleWebKit/537.36 (KHTML, like Gecko) Chrome/78.0.3904.108 Safari/537.36"
34.24.121.167 - - [10/May/2026:14:49:58 +0200] "GET /wp1/wp-includes/wlwmanifest.xml HTTP/1.1" 200 228 "-" "Mozilla/5.0 (Windows NT 10.0; Win64; x64) AppleWebKit/537.36 (KHTML, like Gecko) Chrome/78.0.3904.108 Safari/537.36"
34.24.121.167 - - [10/May/2026:14:49:59 +0200] "GET /test/wp-includes/wlwmanifest.xml HTTP/1.1" 200 228 "-" "Mozilla/5.0 (Windows NT 10.0; Win64; x64) AppleWebKit/537.36 (KHTML, like Gecko) Chrome/78.0.3904.108 Safari/537.36"
34.24.121.167 - - [10/May/2026:14:50:00 +0200] "GET /media/wp-includes/wlwmanifest.xml HTTP/1.1" 200 228 "-" "Mozilla/5.0 (Windows NT 10.0; Win64; x64) AppleWebKit/537.36 (KHTML, like Gecko) Chrome/78.0.3904.108 Safari/537.36"
34.24.121.167 - - [10/May/2026:14:50:01 +0200] "GET /wp2/wp-includes/wlwmanifest.xml HTTP/1.1" 200 228 "-" "Mozilla/5.0 (Windows NT 10.0; Win64; x64) AppleWebKit/537.36 (KHTML, like Gecko) Chrome/78.0.3904.108 Safari/537.36"
34.24.121.167 - - [10/May/2026:14:50:02 +0200] "GET /site/wp-includes/wlwmanifest.xml HTTP/1.1" 200 228 "-" "Mozilla/5.0 (Windows NT 10.0; Win64; x64) AppleWebKit/537.36 (KHTML, like Gecko) Chrome/78.0.3904.108 Safari/537.36"
34.24.121.167 - - [10/May/2026:14:50:03 +0200] "GET /cms/wp-includes/wlwmanifest.xml HTTP/1.1" 200 228 "-" "Mozilla/5.0 (Windows NT 10.0; Win64; x64) AppleWebKit/537.36 (KHTML, like Gecko) Chrome/78.0.3904.108 Safari/537.36"
34.24.121.167 - - [10/May/2026:14:50:04 +0200] "GET /sito/wp-includes/wlwmanifest.xml HTTP/1.1" 200 228 "-" "Mozilla/5.0 (Windows NT 10.0; Win64; x64) AppleWebKit/537.36 (KHTML, like Gecko) Chrome/78.0.3904.108 Safari/537.36"
119.28.177.175 - - [10/May/2026:14:50:07 +0200] "GET / HTTP/1.1" 200 192 "-" "Mozilla/5.0 (iPhone; CPU iPhone OS 13_2_3 like Mac OS X) AppleWebKit/605.1.15 (KHTML, like Gecko) Version/13.0.3 Mobile/15E148 Safari/604.1"
74.7.243.233 - - [10/May/2026:14:50:39 +0200] "GET /shopping/180002549 HTTP/1.1" 500 2882 "http://digitalni-asistent.com/sitemap307.xml" "Mozilla/5.0 AppleWebKit/537.36 (KHTML, like Gecko; compatible; GPTBot/1.3; +https://openai.com/gptbot)"
204.12.208.18 - - [10/May/2026:14:50:41 +0200] "GET /wp-includes/x57295b/index.php HTTP/1.1" 499 0 "http://digitalni-asistent.com/wp-includes/x57295b/index.php" "Mozilla/5.0 (compatible; MSIE 9.0; Windows NT 6.1; WOW64; Trident/5.0; Sleipnir/2.9.8)"
204.12.208.18 - - [10/May/2026:14:50:41 +0200] "GET /wp-includes/x57295b/index.php HTTP/1.1" 200 37 "http://digitalni-asistent.com/wp-includes/x57295b/index.php" "Mozilla/5.0 (Macintosh; Intel Mac OS X 10.6; rv:6.0.2) Gecko/20100101 Firefox/6.0.2"
74.7.243.233 - - [10/May/2026:14:51:41 +0200] "GET /shopping/284027779 HTTP/1.1" 500 2882 "http://digitalni-asistent.com/sitemap636.xml" "Mozilla/5.0 AppleWebKit/537.36 (KHTML, like Gecko; compatible; GPTBot/1.3; +https://openai.com/gptbot)"
74.7.243.233 - - [10/May/2026:14:52:47 +0200] "GET /shopping/189000624 HTTP/1.1" 500 2882 "http://digitalni-asistent.com/sitemap3.xml" "Mozilla/5.0 AppleWebKit/537.36 (KHTML, like Gecko; compatible; GPTBot/1.3; +https://openai.com/gptbot)"
74.7.243.233 - - [10/May/2026:14:53:52 +0200] "GET /shopping/059014448 HTTP/1.1" 404 192 "http://digitalni-asistent.com/sitemap294.xml" "Mozilla/5.0 AppleWebKit/537.36 (KHTML, like Gecko; compatible; GPTBot/1.3; +https://openai.com/gptbot)"
74.7.243.233 - - [10/May/2026:14:54:52 +0200] "GET /shopping/280006569 HTTP/1.1" 404 192 "http://digitalni-asistent.com/sitemap307.xml" "Mozilla/5.0 AppleWebKit/537.36 (KHTML, like Gecko; compatible; GPTBot/1.3; +https://openai.com/gptbot)"
74.7.243.233 - - [10/May/2026:14:55:55 +0200] "GET /shopping/270003481 HTTP/1.1" 404 192 "http://digitalni-asistent.com/sitemap3.xml" "Mozilla/5.0 AppleWebKit/537.36 (KHTML, like Gecko; compatible; GPTBot/1.3; +https://openai.com/gptbot)"
74.7.243.233 - - [10/May/2026:14:56:57 +0200] "GET /shopping/273000454 HTTP/1.1" 404 192 "http://digitalni-asistent.com/sitemap437.xml" "Mozilla/5.0 AppleWebKit/537.36 (KHTML, like Gecko; compatible; GPTBot/1.3; +https://openai.com/gptbot)"
74.7.243.233 - - [10/May/2026:14:57:59 +0200] "GET /shopping/273015558 HTTP/1.1" 404 192 "http://digitalni-asistent.com/sitemap3.xml" "Mozilla/5.0 AppleWebKit/537.36 (KHTML, like Gecko; compatible; GPTBot/1.3; +https://openai.com/gptbot)"
74.7.243.233 - - [10/May/2026:14:59:02 +0200] "GET /shopping/145017772 HTTP/1.1" 404 192 "http://digitalni-asistent.com/sitemap85.xml" "Mozilla/5.0 AppleWebKit/537.36 (KHTML, like Gecko; compatible; GPTBot/1.3; +https://openai.com/gptbot)"
74.7.243.233 - - [10/May/2026:15:00:03 +0200] "GET /shopping/240008819 HTTP/1.1" 404 192 "http://digitalni-asistent.com/sitemap307.xml" "Mozilla/5.0 AppleWebKit/537.36 (KHTML, like Gecko; compatible; GPTBot/1.3; +https://openai.com/gptbot)"
74.7.243.233 - - [10/May/2026:15:01:05 +0200] "GET /shopping/100043785 HTTP/1.1" 404 192 "http://digitalni-asistent.com/sitemap437.xml" "Mozilla/5.0 AppleWebKit/537.36 (KHTML, like Gecko; compatible; GPTBot/1.3; +https://openai.com/gptbot)"
74.7.243.233 - - [10/May/2026:15:02:11 +0200] "GET /shopping/062018555 HTTP/1.1" 404 192 "http://digitalni-asistent.com/sitemap588.xml" "Mozilla/5.0 AppleWebKit/537.36 (KHTML, like Gecko; compatible; GPTBot/1.3; +https://openai.com/gptbot)"
74.7.243.233 - - [10/May/2026:15:03:16 +0200] "GET /shopping/300045487 HTTP/1.1" 404 192 "http://digitalni-asistent.com/sitemap437.xml" "Mozilla/5.0 AppleWebKit/537.36 (KHTML, like Gecko; compatible; GPTBot/1.3; +https://openai.com/gptbot)"
74.7.243.233 - - [10/May/2026:15:04:19 +0200] "GET /shopping/097022214 HTTP/1.1" 404 192 "http://digitalni-asistent.com/sitemap588.xml" "Mozilla/5.0 AppleWebKit/537.36 (KHTML, like Gecko; compatible; GPTBot/1.3; +https://openai.com/gptbot)"
74.7.243.233 - - [10/May/2026:15:05:23 +0200] "GET /shopping/111025458 HTTP/1.1" 404 192 "http://digitalni-asistent.com/sitemap294.xml" "Mozilla/5.0 AppleWebKit/537.36 (KHTML, like Gecko; compatible; GPTBot/1.3; +https://openai.com/gptbot)"
74.7.243.233 - - [10/May/2026:15:06:27 +0200] "GET /shopping/100024173 HTTP/1.1" 404 192 "http://digitalni-asistent.com/sitemap85.xml" "Mozilla/5.0 AppleWebKit/537.36 (KHTML, like Gecko; compatible; GPTBot/1.3; +https://openai.com/gptbot)"
74.7.243.233 - - [10/May/2026:15:07:29 +0200] "GET /shopping/100026847 HTTP/1.1" 404 192 "http://digitalni-asistent.com/sitemap847.xml" "Mozilla/5.0 AppleWebKit/537.36 (KHTML, like Gecko; compatible; GPTBot/1.3; +https://openai.com/gptbot)"
74.7.243.233 - - [10/May/2026:15:08:30 +0200] "GET /shopping/298016333 HTTP/1.1" 404 192 "http://digitalni-asistent.com/sitemap437.xml" "Mozilla/5.0 AppleWebKit/537.36 (KHTML, like Gecko; compatible; GPTBot/1.3; +https://openai.com/gptbot)"
74.7.243.233 - - [10/May/2026:15:09:31 +0200] "GET /shopping/035012444 HTTP/1.1" 404 192 "http://digitalni-asistent.com/sitemap3.xml" "Mozilla/5.0 AppleWebKit/537.36 (KHTML, like Gecko; compatible; GPTBot/1.3; +https://openai.com/gptbot)"
74.7.243.233 - - [10/May/2026:15:10:35 +0200] "GET /shopping/126030999 HTTP/1.1" 404 192 "http://digitalni-asistent.com/sitemap85.xml" "Mozilla/5.0 AppleWebKit/537.36 (KHTML, like Gecko; compatible; GPTBot/1.3; +https://openai.com/gptbot)"
74.7.243.233 - - [10/May/2026:15:11:36 +0200] "GET /shopping/124000589 HTTP/1.1" 404 192 "http://digitalni-asistent.com/sitemap94.xml" "Mozilla/5.0 AppleWebKit/537.36 (KHTML, like Gecko; compatible; GPTBot/1.3; +https://openai.com/gptbot)"
74.7.243.233 - - [10/May/2026:15:12:40 +0200] "GET /shopping/283025666 HTTP/1.1" 404 192 "http://digitalni-asistent.com/sitemap307.xml" "Mozilla/5.0 AppleWebKit/537.36 (KHTML, like Gecko; compatible; GPTBot/1.3; +https://openai.com/gptbot)"
74.7.243.233 - - [10/May/2026:15:13:42 +0200] "GET /shopping/181000324 HTTP/1.1" 404 192 "http://digitalni-asistent.com/sitemap307.xml" "Mozilla/5.0 AppleWebKit/537.36 (KHTML, like Gecko; compatible; GPTBot/1.3; +https://openai.com/gptbot)"
74.7.243.233 - - [10/May/2026:15:14:42 +0200] "GET /shopping/279037666 HTTP/1.1" 404 192 "http://digitalni-asistent.com/sitemap579.xml" "Mozilla/5.0 AppleWebKit/537.36 (KHTML, like Gecko; compatible; GPTBot/1.3; +https://openai.com/gptbot)"
54.37.118.65 - - [10/May/2026:15:15:46 +0200] "GET /goods.php?sitemap965.xml HTTP/1.1" 200 44 "-" "Mozilla/5.0 (compatible; AhrefsBot/7.0; +http://ahrefs.com/robot/)"
74.7.243.233 - - [10/May/2026:15:15:47 +0200] "GET /shopping/270009265 HTTP/1.1" 404 192 "http://digitalni-asistent.com/sitemap3.xml" "Mozilla/5.0 AppleWebKit/537.36 (KHTML, like Gecko; compatible; GPTBot/1.3; +https://openai.com/gptbot)"
74.7.243.233 - - [10/May/2026:15:16:51 +0200] "GET /shopping/130004517 HTTP/1.1" 404 192 "http://digitalni-asistent.com/sitemap636.xml" "Mozilla/5.0 AppleWebKit/537.36 (KHTML, like Gecko; compatible; GPTBot/1.3; +https://openai.com/gptbot)"
74.7.243.233 - - [10/May/2026:15:17:51 +0200] "GET /shopping/208037779 HTTP/1.1" 404 192 "http://digitalni-asistent.com/sitemap579.xml" "Mozilla/5.0 AppleWebKit/537.36 (KHTML, like Gecko; compatible; GPTBot/1.3; +https://openai.com/gptbot)"
74.7.243.233 - - [10/May/2026:15:18:52 +0200] "GET /shopping/100027573 HTTP/1.1" 404 192 "http://digitalni-asistent.com/sitemap588.xml" "Mozilla/5.0 AppleWebKit/537.36 (KHTML, like Gecko; compatible; GPTBot/1.3; +https://openai.com/gptbot)"
74.7.243.233 - - [10/May/2026:15:19:53 +0200] "GET /shopping/130006229 HTTP/1.1" 404 192 "http://digitalni-asistent.com/sitemap307.xml" "Mozilla/5.0 AppleWebKit/537.36 (KHTML, like Gecko; compatible; GPTBot/1.3; +https://openai.com/gptbot)"
74.7.243.233 - - [10/May/2026:15:20:59 +0200] "GET /shopping/135020666 HTTP/1.1" 404 192 "http://digitalni-asistent.com/sitemap636.xml" "Mozilla/5.0 AppleWebKit/537.36 (KHTML, like Gecko; compatible; GPTBot/1.3; +https://openai.com/gptbot)"
74.7.243.233 - - [10/May/2026:15:22:02 +0200] "GET /shopping/246000417 HTTP/1.1" 500 2882 "http://digitalni-asistent.com/sitemap307.xml" "Mozilla/5.0 AppleWebKit/537.36 (KHTML, like Gecko; compatible; GPTBot/1.3; +https://openai.com/gptbot)"
204.12.208.18 - - [10/May/2026:15:22:09 +0200] "GET /wp-includes/x57295b/index.php HTTP/1.1" 499 0 "http://digitalni-asistent.com/wp-includes/x57295b/index.php" "Mozilla/5.0 (compatible; MSIE 10.0; Windows NT 6.2; Win64; x64; Trident/6.0)"
204.12.208.18 - - [10/May/2026:15:22:10 +0200] "GET /wp-includes/x57295b/index.php HTTP/1.1" 200 37 "http://digitalni-asistent.com/wp-includes/x57295b/index.php" "Mozilla/5.0 (Macintosh; Intel Mac OS X 10.7; rv:7.0.1) Gecko/20100101 Firefox/7.0.1"
74.7.243.233 - - [10/May/2026:15:23:03 +0200] "GET /shopping/216027779 HTTP/1.1" 500 2882 "http://digitalni-asistent.com/sitemap85.xml" "Mozilla/5.0 AppleWebKit/537.36 (KHTML, like Gecko; compatible; GPTBot/1.3; +https://openai.com/gptbot)"
74.7.243.233 - - [10/May/2026:15:24:09 +0200] "GET /shopping/058044497 HTTP/1.1" 500 2882 "http://digitalni-asistent.com/sitemap85.xml" "Mozilla/5.0 AppleWebKit/537.36 (KHTML, like Gecko; compatible; GPTBot/1.3; +https://openai.com/gptbot)"
74.7.243.233 - - [10/May/2026:15:25:12 +0200] "GET /shopping/015022234 HTTP/1.1" 404 192 "http://digitalni-asistent.com/sitemap294.xml" "Mozilla/5.0 AppleWebKit/537.36 (KHTML, like Gecko; compatible; GPTBot/1.3; +https://openai.com/gptbot)"
74.7.243.233 - - [10/May/2026:15:26:12 +0200] "GET /shopping/296044437 HTTP/1.1" 404 192 "http://digitalni-asistent.com/sitemap85.xml" "Mozilla/5.0 AppleWebKit/537.36 (KHTML, like Gecko; compatible; GPTBot/1.3; +https://openai.com/gptbot)"
74.7.243.233 - - [10/May/2026:15:27:17 +0200] "GET /shopping/145000872 HTTP/1.1" 404 192 "http://digitalni-asistent.com/sitemap847.xml" "Mozilla/5.0 AppleWebKit/537.36 (KHTML, like Gecko; compatible; GPTBot/1.3; +https://openai.com/gptbot)"
74.7.243.233 - - [10/May/2026:15:28:22 +0200] "GET /shopping/220003169 HTTP/1.1" 404 192 "http://digitalni-asistent.com/sitemap294.xml" "Mozilla/5.0 AppleWebKit/537.36 (KHTML, like Gecko; compatible; GPTBot/1.3; +https://openai.com/gptbot)"
74.7.243.233 - - [10/May/2026:15:29:22 +0200] "GET /shopping/100034579 HTTP/1.1" 404 192 "http://digitalni-asistent.com/sitemap294.xml" "Mozilla/5.0 AppleWebKit/537.36 (KHTML, like Gecko; compatible; GPTBot/1.3; +https://openai.com/gptbot)"
74.7.243.233 - - [10/May/2026:15:30:26 +0200] "GET /shopping/236025551 HTTP/1.1" 404 192 "http://digitalni-asistent.com/sitemap636.xml" "Mozilla/5.0 AppleWebKit/537.36 (KHTML, like Gecko; compatible; GPTBot/1.3; +https://openai.com/gptbot)"
74.7.243.233 - - [10/May/2026:15:31:29 +0200] "GET /shopping/120007591 HTTP/1.1" 404 192 "http://digitalni-asistent.com/sitemap85.xml" "Mozilla/5.0 AppleWebKit/537.36 (KHTML, like Gecko; compatible; GPTBot/1.3; +https://openai.com/gptbot)"
74.7.243.233 - - [10/May/2026:15:32:31 +0200] "GET /shopping/246011165 HTTP/1.1" 404 192 "http://digitalni-asistent.com/sitemap579.xml" "Mozilla/5.0 AppleWebKit/537.36 (KHTML, like Gecko; compatible; GPTBot/1.3; +https://openai.com/gptbot)"
74.7.243.233 - - [10/May/2026:15:33:31 +0200] "GET /shopping/183000278 HTTP/1.1" 404 192 "http://digitalni-asistent.com/sitemap307.xml" "Mozilla/5.0 AppleWebKit/537.36 (KHTML, like Gecko; compatible; GPTBot/1.3; +https://openai.com/gptbot)"
74.7.243.233 - - [10/May/2026:15:34:31 +0200] "GET /shopping/142003337 HTTP/1.1" 404 192 "http://digitalni-asistent.com/sitemap636.xml" "Mozilla/5.0 AppleWebKit/537.36 (KHTML, like Gecko; compatible; GPTBot/1.3; +https://openai.com/gptbot)"
216.73.216.163 - - [10/May/2026:15:34:49 +0200] "GET /robots.txt HTTP/1.1" 200 147 "-" "Mozilla/5.0 AppleWebKit/537.36 (KHTML, like Gecko; compatible; ClaudeBot/1.0; +claudebot@anthropic.com)"
216.73.216.163 - - [10/May/2026:15:34:50 +0200] "GET / HTTP/1.1" 404 192 "-" "Mozilla/5.0 AppleWebKit/537.36 (KHTML, like Gecko; compatible; ClaudeBot/1.0; +claudebot@anthropic.com)"
74.7.243.233 - - [10/May/2026:15:35:37 +0200] "GET /shopping/111040792 HTTP/1.1" 404 192 "http://digitalni-asistent.com/sitemap579.xml" "Mozilla/5.0 AppleWebKit/537.36 (KHTML, like Gecko; compatible; GPTBot/1.3; +https://openai.com/gptbot)"
74.7.243.233 - - [10/May/2026:15:36:37 +0200] "GET /shopping/260005167 HTTP/1.1" 404 192 "http://digitalni-asistent.com/sitemap294.xml" "Mozilla/5.0 AppleWebKit/537.36 (KHTML, like Gecko; compatible; GPTBot/1.3; +https://openai.com/gptbot)"
74.7.243.233 - - [10/May/2026:15:37:39 +0200] "GET /shopping/111036238 HTTP/1.1" 404 192 "http://digitalni-asistent.com/sitemap579.xml" "Mozilla/5.0 AppleWebKit/537.36 (KHTML, like Gecko; compatible; GPTBot/1.3; +https://openai.com/gptbot)"
216.73.216.163 - - [10/May/2026:15:38:20 +0200] "GET /goods.php HTTP/1.1" 200 37574 "-" "Mozilla/5.0 AppleWebKit/537.36 (KHTML, like Gecko; compatible; ClaudeBot/1.0; +claudebot@anthropic.com)"
74.7.243.233 - - [10/May/2026:15:38:40 +0200] "GET /shopping/111036476 HTTP/1.1" 404 192 "http://digitalni-asistent.com/sitemap588.xml" "Mozilla/5.0 AppleWebKit/537.36 (KHTML, like Gecko; compatible; GPTBot/1.3; +https://openai.com/gptbot)"
74.7.243.233 - - [10/May/2026:15:39:42 +0200] "GET /shopping/117000596 HTTP/1.1" 404 192 "http://digitalni-asistent.com/sitemap579.xml" "Mozilla/5.0 AppleWebKit/537.36 (KHTML, like Gecko; compatible; GPTBot/1.3; +https://openai.com/gptbot)"
74.7.243.233 - - [10/May/2026:15:40:47 +0200] "GET /shopping/222038459 HTTP/1.1" 404 192 "http://digitalni-asistent.com/sitemap636.xml" "Mozilla/5.0 AppleWebKit/537.36 (KHTML, like Gecko; compatible; GPTBot/1.3; +https://openai.com/gptbot)"
74.7.243.233 - - [10/May/2026:15:41:49 +0200] "GET /shopping/235000144 HTTP/1.1" 404 192 "http://digitalni-asistent.com/sitemap636.xml" "Mozilla/5.0 AppleWebKit/537.36 (KHTML, like Gecko; compatible; GPTBot/1.3; +https://openai.com/gptbot)"
216.73.216.163 - - [10/May/2026:15:42:51 +0200] "GET / HTTP/1.1" 404 192 "-" "Mozilla/5.0 AppleWebKit/537.36 (KHTML, like Gecko; compatible; ClaudeBot/1.0; +claudebot@anthropic.com)"
74.7.243.233 - - [10/May/2026:15:42:55 +0200] "GET /shopping/280006589 HTTP/1.1" 404 192 "http://digitalni-asistent.com/sitemap437.xml" "Mozilla/5.0 AppleWebKit/537.36 (KHTML, like Gecko; compatible; GPTBot/1.3; +https://openai.com/gptbot)"
74.7.243.233 - - [10/May/2026:15:43:58 +0200] "GET /shopping/210005949 HTTP/1.1" 404 192 "http://digitalni-asistent.com/sitemap307.xml" "Mozilla/5.0 AppleWebKit/537.36 (KHTML, like Gecko; compatible; GPTBot/1.3; +https://openai.com/gptbot)"
74.7.243.233 - - [10/May/2026:15:45:03 +0200] "GET /shopping/176000981 HTTP/1.1" 404 192 "http://digitalni-asistent.com/sitemap579.xml" "Mozilla/5.0 AppleWebKit/537.36 (KHTML, like Gecko; compatible; GPTBot/1.3; +https://openai.com/gptbot)"
74.7.243.233 - - [10/May/2026:15:46:08 +0200] "GET /shopping/135014666 HTTP/1.1" 404 192 "http://digitalni-asistent.com/sitemap85.xml" "Mozilla/5.0 AppleWebKit/537.36 (KHTML, like Gecko; compatible; GPTBot/1.3; +https://openai.com/gptbot)"
74.7.243.233 - - [10/May/2026:15:47:08 +0200] "GET /shopping/255000394 HTTP/1.1" 404 192 "http://digitalni-asistent.com/sitemap94.xml" "Mozilla/5.0 AppleWebKit/537.36 (KHTML, like Gecko; compatible; GPTBot/1.3; +https://openai.com/gptbot)"
74.7.243.233 - - [10/May/2026:15:48:14 +0200] "GET /shopping/100025431 HTTP/1.1" 404 192 "http://digitalni-asistent.com/sitemap307.xml" "Mozilla/5.0 AppleWebKit/537.36 (KHTML, like Gecko; compatible; GPTBot/1.3; +https://openai.com/gptbot)"
74.7.243.233 - - [10/May/2026:15:49:14 +0200] "GET /shopping/140009239 HTTP/1.1" 404 192 "http://digitalni-asistent.com/sitemap294.xml" "Mozilla/5.0 AppleWebKit/537.36 (KHTML, like Gecko; compatible; GPTBot/1.3; +https://openai.com/gptbot)"
74.7.243.233 - - [10/May/2026:15:50:18 +0200] "GET /shopping/163000448 HTTP/1.1" 404 192 "http://digitalni-asistent.com/sitemap307.xml" "Mozilla/5.0 AppleWebKit/537.36 (KHTML, like Gecko; compatible; GPTBot/1.3; +https://openai.com/gptbot)"
74.7.243.233 - - [10/May/2026:15:51:21 +0200] "GET /shopping/280004117 HTTP/1.1" 404 192 "http://digitalni-asistent.com/sitemap307.xml" "Mozilla/5.0 AppleWebKit/537.36 (KHTML, like Gecko; compatible; GPTBot/1.3; +https://openai.com/gptbot)"
107.150.52.58 - - [10/May/2026:15:51:26 +0200] "GET /wp-includes/x57295b/index.php HTTP/1.1" 499 0 "http://digitalni-asistent.com/wp-includes/x57295b/index.php" "Mozilla/5.0 (Windows NT 10.0; Win64; x64) AppleWebKit/537.36 (KHTML, like Gecko) Chrome/58.0.3029.110 Safari/537.3"
107.150.52.58 - - [10/May/2026:15:51:26 +0200] "GET /wp-includes/x57295b/index.php HTTP/1.1" 200 37 "http://digitalni-asistent.com/wp-includes/x57295b/index.php" "Mozilla/5.0 (Windows NT 10.0; Win64; x64) AppleWebKit/537.36 (KHTML, like Gecko) Chrome/58.0.3029.110 Safari/537.3"
74.7.243.233 - - [10/May/2026:15:52:27 +0200] "GET /shopping/266014443 HTTP/1.1" 500 2882 "http://digitalni-asistent.com/sitemap85.xml" "Mozilla/5.0 AppleWebKit/537.36 (KHTML, like Gecko; compatible; GPTBot/1.3; +https://openai.com/gptbot)"
74.7.243.233 - - [10/May/2026:15:53:32 +0200] "GET /shopping/236035999 HTTP/1.1" 500 2882 "http://digitalni-asistent.com/sitemap307.xml" "Mozilla/5.0 AppleWebKit/537.36 (KHTML, like Gecko; compatible; GPTBot/1.3; +https://openai.com/gptbot)"
204.12.208.18 - - [10/May/2026:15:53:56 +0200] "GET /wp-includes/x57295b/index.php HTTP/1.1" 499 0 "http://digitalni-asistent.com/wp-includes/x57295b/index.php" "Mozilla/4.0 (compatible; GoogleToolbar 5.0.2124.2070; Windows 6.0; MSIE 8.0.6001.18241)"
204.12.208.18 - - [10/May/2026:15:53:57 +0200] "GET /wp-includes/x57295b/index.php HTTP/1.1" 200 37 "http://digitalni-asistent.com/wp-includes/x57295b/index.php" "Mozilla/5.0 (Windows NT 6.1; WOW64) AppleWebKit/535.7 (KHTML, like Gecko) Chrome/16.0.912.75 Safari/535.7"
74.7.243.233 - - [10/May/2026:15:54:35 +0200] "GET /shopping/293000218 HTTP/1.1" 500 2882 "http://digitalni-asistent.com/sitemap579.xml" "Mozilla/5.0 AppleWebKit/537.36 (KHTML, like Gecko; compatible; GPTBot/1.3; +https://openai.com/gptbot)"
74.7.243.233 - - [10/May/2026:15:55:36 +0200] "GET /shopping/129000632 HTTP/1.1" 500 2882 "http://digitalni-asistent.com/sitemap847.xml" "Mozilla/5.0 AppleWebKit/537.36 (KHTML, like Gecko; compatible; GPTBot/1.3; +https://openai.com/gptbot)"
74.7.243.233 - - [10/May/2026:15:56:37 +0200] "GET /shopping/111042364 HTTP/1.1" 404 192 "http://digitalni-asistent.com/sitemap847.xml" "Mozilla/5.0 AppleWebKit/537.36 (KHTML, like Gecko; compatible; GPTBot/1.3; +https://openai.com/gptbot)"
73.236.113.141 - - [10/May/2026:15:57:04 +0200] "GET /wp-json/wp/v2/posts HTTP/1.1" 200 192 "-" "Mozilla/5.0 (Windows NT 10.0; Win64; x64) AppleWebKit/537.36 (KHTML, like Gecko) Chrome/120.0.0.0 Safari/537.36"
74.7.243.233 - - [10/May/2026:15:57:41 +0200] "GET /shopping/265033364 HTTP/1.1" 404 192 "http://digitalni-asistent.com/sitemap3.xml" "Mozilla/5.0 AppleWebKit/537.36 (KHTML, like Gecko; compatible; GPTBot/1.3; +https://openai.com/gptbot)"
74.7.243.233 - - [10/May/2026:15:58:47 +0200] "GET /shopping/279043888 HTTP/1.1" 404 192 "http://digitalni-asistent.com/sitemap307.xml" "Mozilla/5.0 AppleWebKit/537.36 (KHTML, like Gecko; compatible; GPTBot/1.3; +https://openai.com/gptbot)"
205.210.31.104 - - [10/May/2026:16:00:36 +0200] "GET /.well-known/security.txt HTTP/1.1" 200 228 "-" "Hello from Palo Alto Networks, find out more about our scans in https://docs-cortex.paloaltonetworks.com/r/1/Cortex-Xpanse/Scanning-activity"
74.7.243.233 - - [10/May/2026:16:02:59 +0200] "GET /shopping/203007082 HTTP/1.1" 404 192 "http://digitalni-asistent.com/sitemap3.xml" "Mozilla/5.0 AppleWebKit/537.36 (KHTML, like Gecko; compatible; GPTBot/1.3; +https://openai.com/gptbot)"
74.7.243.233 - - [10/May/2026:16:04:00 +0200] "GET /shopping/252005757 HTTP/1.1" 404 192 "http://digitalni-asistent.com/sitemap307.xml" "Mozilla/5.0 AppleWebKit/537.36 (KHTML, like Gecko; compatible; GPTBot/1.3; +https://openai.com/gptbot)"
74.7.243.233 - - [10/May/2026:16:05:04 +0200] "GET /shopping/041014050 HTTP/1.1" 404 192 "http://digitalni-asistent.com/sitemap437.xml" "Mozilla/5.0 AppleWebKit/537.36 (KHTML, like Gecko; compatible; GPTBot/1.3; +https://openai.com/gptbot)"
114.119.130.210 - - [10/May/2026:16:05:11 +0200] "GET /robots.txt HTTP/1.1" 200 147 "-" "Mozilla/5.0 (compatible;PetalBot;+https://webmaster.petalsearch.com/site/petalbot)"
74.7.243.233 - - [10/May/2026:16:06:08 +0200] "GET /shopping/081003048 HTTP/1.1" 404 192 "http://digitalni-asistent.com/sitemap94.xml" "Mozilla/5.0 AppleWebKit/537.36 (KHTML, like Gecko; compatible; GPTBot/1.3; +https://openai.com/gptbot)"
74.7.243.233 - - [10/May/2026:16:07:09 +0200] "GET /shopping/202014007 HTTP/1.1" 404 192 "http://digitalni-asistent.com/sitemap294.xml" "Mozilla/5.0 AppleWebKit/537.36 (KHTML, like Gecko; compatible; GPTBot/1.3; +https://openai.com/gptbot)"
74.7.243.233 - - [10/May/2026:16:08:10 +0200] "GET /shopping/060046109 HTTP/1.1" 404 192 "http://digitalni-asistent.com/sitemap579.xml" "Mozilla/5.0 AppleWebKit/537.36 (KHTML, like Gecko; compatible; GPTBot/1.3; +https://openai.com/gptbot)"
74.7.243.233 - - [10/May/2026:16:09:15 +0200] "GET /shopping/002022511 HTTP/1.1" 404 192 "http://digitalni-asistent.com/sitemap636.xml" "Mozilla/5.0 AppleWebKit/537.36 (KHTML, like Gecko; compatible; GPTBot/1.3; +https://openai.com/gptbot)"
74.7.243.233 - - [10/May/2026:16:10:18 +0200] "GET /shopping/272027791 HTTP/1.1" 404 192 "http://digitalni-asistent.com/sitemap847.xml" "Mozilla/5.0 AppleWebKit/537.36 (KHTML, like Gecko; compatible; GPTBot/1.3; +https://openai.com/gptbot)"
74.7.243.233 - - [10/May/2026:16:11:20 +0200] "GET /shopping/110045015 HTTP/1.1" 404 192 "http://digitalni-asistent.com/sitemap847.xml" "Mozilla/5.0 AppleWebKit/537.36 (KHTML, like Gecko; compatible; GPTBot/1.3; +https://openai.com/gptbot)"
107.150.52.58 - - [10/May/2026:16:12:13 +0200] "GET /wp-includes/x57295b/index.php HTTP/1.1" 499 0 "http://digitalni-asistent.com/wp-includes/x57295b/index.php" "Mozilla/5.0 (Windows NT 10.0; Win64; x64) AppleWebKit/537.36 (KHTML, like Gecko) Chrome/58.0.3029.110 Safari/537.3"
107.150.52.58 - - [10/May/2026:16:12:15 +0200] "GET /wp-includes/x57295b/index.php HTTP/1.1" 200 37 "http://digitalni-asistent.com/wp-includes/x57295b/index.php" "Mozilla/5.0 (Windows NT 10.0; Win64; x64) AppleWebKit/537.36 (KHTML, like Gecko) Chrome/58.0.3029.110 Safari/537.3"
74.7.243.233 - - [10/May/2026:16:12:24 +0200] "GET /shopping/073030770 HTTP/1.1" 500 2882 "http://digitalni-asistent.com/sitemap579.xml" "Mozilla/5.0 AppleWebKit/537.36 (KHTML, like Gecko; compatible; GPTBot/1.3; +https://openai.com/gptbot)"
74.7.243.233 - - [10/May/2026:16:13:26 +0200] "GET /shopping/190017071 HTTP/1.1" 500 2882 "http://digitalni-asistent.com/sitemap294.xml" "Mozilla/5.0 AppleWebKit/537.36 (KHTML, like Gecko; compatible; GPTBot/1.3; +https://openai.com/gptbot)"
74.7.243.233 - - [10/May/2026:16:14:31 +0200] "GET /shopping/068003703 HTTP/1.1" 500 2882 "http://digitalni-asistent.com/sitemap437.xml" "Mozilla/5.0 AppleWebKit/537.36 (KHTML, like Gecko; compatible; GPTBot/1.3; +https://openai.com/gptbot)"
74.7.243.233 - - [10/May/2026:16:15:33 +0200] "GET /shopping/059033004 HTTP/1.1" 404 192 "http://digitalni-asistent.com/sitemap437.xml" "Mozilla/5.0 AppleWebKit/537.36 (KHTML, like Gecko; compatible; GPTBot/1.3; +https://openai.com/gptbot)"
74.7.243.233 - - [10/May/2026:16:16:33 +0200] "GET /shopping/011022822 HTTP/1.1" 404 192 "http://digitalni-asistent.com/sitemap307.xml" "Mozilla/5.0 AppleWebKit/537.36 (KHTML, like Gecko; compatible; GPTBot/1.3; +https://openai.com/gptbot)"
74.7.243.233 - - [10/May/2026:16:17:38 +0200] "GET /shopping/050035985 HTTP/1.1" 404 192 "http://digitalni-asistent.com/sitemap636.xml" "Mozilla/5.0 AppleWebKit/537.36 (KHTML, like Gecko; compatible; GPTBot/1.3; +https://openai.com/gptbot)"
74.7.243.233 - - [10/May/2026:16:18:41 +0200] "GET /shopping/075012202 HTTP/1.1" 404 192 "http://digitalni-asistent.com/sitemap94.xml" "Mozilla/5.0 AppleWebKit/537.36 (KHTML, like Gecko; compatible; GPTBot/1.3; +https://openai.com/gptbot)"
216.131.83.11 - - [10/May/2026:16:19:11 +0200] "GET /wp-json/wp/v2/posts HTTP/1.1" 200 192 "-" "Mozilla/5.0 (Windows NT 10.0; Win64; x64) AppleWebKit/537.36 (KHTML, like Gecko) Chrome/120.0.0.0 Safari/537.36"
74.7.243.233 - - [10/May/2026:16:19:44 +0200] "GET /shopping/005045598 HTTP/1.1" 404 192 "http://digitalni-asistent.com/sitemap847.xml" "Mozilla/5.0 AppleWebKit/537.36 (KHTML, like Gecko; compatible; GPTBot/1.3; +https://openai.com/gptbot)"
74.7.243.233 - - [10/May/2026:16:20:46 +0200] "GET /shopping/009030360 HTTP/1.1" 404 192 "http://digitalni-asistent.com/sitemap94.xml" "Mozilla/5.0 AppleWebKit/537.36 (KHTML, like Gecko; compatible; GPTBot/1.3; +https://openai.com/gptbot)"
74.7.243.233 - - [10/May/2026:16:21:48 +0200] "GET /shopping/206022049 HTTP/1.1" 404 192 "http://digitalni-asistent.com/sitemap847.xml" "Mozilla/5.0 AppleWebKit/537.36 (KHTML, like Gecko; compatible; GPTBot/1.3; +https://openai.com/gptbot)"
74.7.243.233 - - [10/May/2026:16:22:49 +0200] "GET /shopping/255021322 HTTP/1.1" 404 192 "http://digitalni-asistent.com/sitemap579.xml" "Mozilla/5.0 AppleWebKit/537.36 (KHTML, like Gecko; compatible; GPTBot/1.3; +https://openai.com/gptbot)"
74.7.243.233 - - [10/May/2026:16:23:53 +0200] "GET /shopping/007024078 HTTP/1.1" 404 192 "http://digitalni-asistent.com/sitemap294.xml" "Mozilla/5.0 AppleWebKit/537.36 (KHTML, like Gecko; compatible; GPTBot/1.3; +https://openai.com/gptbot)"
74.7.243.233 - - [10/May/2026:16:24:57 +0200] "GET /shopping/071033130 HTTP/1.1" 404 192 "http://digitalni-asistent.com/sitemap579.xml" "Mozilla/5.0 AppleWebKit/537.36 (KHTML, like Gecko; compatible; GPTBot/1.3; +https://openai.com/gptbot)"
204.12.208.18 - - [10/May/2026:16:26:00 +0200] "GET /wp-includes/x57295b/index.php HTTP/1.1" 499 0 "http://digitalni-asistent.com/wp-includes/x57295b/index.php" "Mozilla/5.0 (Macintosh; Intel Mac OS X 10.5; rv:8.0.1) Gecko/20100101 Firefox/8.0.1"
204.12.208.18 - - [10/May/2026:16:26:00 +0200] "GET /wp-includes/x57295b/index.php HTTP/1.1" 200 37 "http://digitalni-asistent.com/wp-includes/x57295b/index.php" "Mozilla/4.0 (compatible; MSIE 7.0; Windows NT 5.1; SV1; .NET CLR 1.1.4322)"
74.7.243.233 - - [10/May/2026:16:26:03 +0200] "GET /shopping/012010931 HTTP/1.1" 500 2882 "http://digitalni-asistent.com/sitemap94.xml" "Mozilla/5.0 AppleWebKit/537.36 (KHTML, like Gecko; compatible; GPTBot/1.3; +https://openai.com/gptbot)"
74.7.243.233 - - [10/May/2026:16:27:03 +0200] "GET /shopping/015017014 HTTP/1.1" 500 2882 "http://digitalni-asistent.com/sitemap636.xml" "Mozilla/5.0 AppleWebKit/537.36 (KHTML, like Gecko; compatible; GPTBot/1.3; +https://openai.com/gptbot)"
74.7.243.233 - - [10/May/2026:16:28:05 +0200] "GET /shopping/059002822 HTTP/1.1" 500 2882 "http://digitalni-asistent.com/sitemap94.xml" "Mozilla/5.0 AppleWebKit/537.36 (KHTML, like Gecko; compatible; GPTBot/1.3; +https://openai.com/gptbot)"
74.7.243.233 - - [10/May/2026:16:29:08 +0200] "GET /shopping/262026421 HTTP/1.1" 404 192 "http://digitalni-asistent.com/sitemap3.xml" "Mozilla/5.0 AppleWebKit/537.36 (KHTML, like Gecko; compatible; GPTBot/1.3; +https://openai.com/gptbot)"
74.7.243.233 - - [10/May/2026:16:30:09 +0200] "GET /shopping/069009870 HTTP/1.1" 404 192 "http://digitalni-asistent.com/sitemap847.xml" "Mozilla/5.0 AppleWebKit/537.36 (KHTML, like Gecko; compatible; GPTBot/1.3; +https://openai.com/gptbot)"
74.7.243.233 - - [10/May/2026:16:31:14 +0200] "GET /shopping/122029141 HTTP/1.1" 404 192 "http://digitalni-asistent.com/sitemap85.xml" "Mozilla/5.0 AppleWebKit/537.36 (KHTML, like Gecko; compatible; GPTBot/1.3; +https://openai.com/gptbot)"
74.7.243.233 - - [10/May/2026:16:32:16 +0200] "GET /shopping/130030881 HTTP/1.1" 404 192 "http://digitalni-asistent.com/sitemap636.xml" "Mozilla/5.0 AppleWebKit/537.36 (KHTML, like Gecko; compatible; GPTBot/1.3; +https://openai.com/gptbot)"
74.7.243.233 - - [10/May/2026:16:33:18 +0200] "GET /shopping/280022607 HTTP/1.1" 404 192 "http://digitalni-asistent.com/sitemap847.xml" "Mozilla/5.0 AppleWebKit/537.36 (KHTML, like Gecko; compatible; GPTBot/1.3; +https://openai.com/gptbot)"
74.7.243.233 - - [10/May/2026:16:34:20 +0200] "GET /shopping/007010148 HTTP/1.1" 404 192 "http://digitalni-asistent.com/sitemap3.xml" "Mozilla/5.0 AppleWebKit/537.36 (KHTML, like Gecko; compatible; GPTBot/1.3; +https://openai.com/gptbot)"
74.7.243.233 - - [10/May/2026:16:35:25 +0200] "GET /shopping/082039033 HTTP/1.1" 404 192 "http://digitalni-asistent.com/sitemap847.xml" "Mozilla/5.0 AppleWebKit/537.36 (KHTML, like Gecko; compatible; GPTBot/1.3; +https://openai.com/gptbot)"
74.7.243.233 - - [10/May/2026:16:36:25 +0200] "GET /shopping/003035338 HTTP/1.1" 404 192 "http://digitalni-asistent.com/sitemap437.xml" "Mozilla/5.0 AppleWebKit/537.36 (KHTML, like Gecko; compatible; GPTBot/1.3; +https://openai.com/gptbot)"
74.7.243.233 - - [10/May/2026:16:37:29 +0200] "GET /shopping/180010027 HTTP/1.1" 404 192 "http://digitalni-asistent.com/sitemap636.xml" "Mozilla/5.0 AppleWebKit/537.36 (KHTML, like Gecko; compatible; GPTBot/1.3; +https://openai.com/gptbot)"
74.7.243.233 - - [10/May/2026:16:38:29 +0200] "GET /shopping/027004252 HTTP/1.1" 404 192 "http://digitalni-asistent.com/sitemap847.xml" "Mozilla/5.0 AppleWebKit/537.36 (KHTML, like Gecko; compatible; GPTBot/1.3; +https://openai.com/gptbot)"
74.7.243.233 - - [10/May/2026:16:39:31 +0200] "GET /shopping/093034060 HTTP/1.1" 404 192 "http://digitalni-asistent.com/sitemap3.xml" "Mozilla/5.0 AppleWebKit/537.36 (KHTML, like Gecko; compatible; GPTBot/1.3; +https://openai.com/gptbot)"
74.7.243.233 - - [10/May/2026:16:40:36 +0200] "GET /shopping/003005640 HTTP/1.1" 404 192 "http://digitalni-asistent.com/sitemap3.xml" "Mozilla/5.0 AppleWebKit/537.36 (KHTML, like Gecko; compatible; GPTBot/1.3; +https://openai.com/gptbot)"
74.7.243.233 - - [10/May/2026:16:41:38 +0200] "GET /shopping/227042052 HTTP/1.1" 404 192 "http://digitalni-asistent.com/sitemap85.xml" "Mozilla/5.0 AppleWebKit/537.36 (KHTML, like Gecko; compatible; GPTBot/1.3; +https://openai.com/gptbot)"
74.7.243.233 - - [10/May/2026:16:42:43 +0200] "GET /shopping/016020021 HTTP/1.1" 404 192 "http://digitalni-asistent.com/sitemap437.xml" "Mozilla/5.0 AppleWebKit/537.36 (KHTML, like Gecko; compatible; GPTBot/1.3; +https://openai.com/gptbot)"
74.7.243.233 - - [10/May/2026:16:43:47 +0200] "GET /shopping/211009910 HTTP/1.1" 404 192 "http://digitalni-asistent.com/sitemap307.xml" "Mozilla/5.0 AppleWebKit/537.36 (KHTML, like Gecko; compatible; GPTBot/1.3; +https://openai.com/gptbot)"
74.7.243.233 - - [10/May/2026:16:44:48 +0200] "GET /shopping/055004038 HTTP/1.1" 404 192 "http://digitalni-asistent.com/sitemap636.xml" "Mozilla/5.0 AppleWebKit/537.36 (KHTML, like Gecko; compatible; GPTBot/1.3; +https://openai.com/gptbot)"
74.7.243.233 - - [10/May/2026:16:45:50 +0200] "GET /shopping/105016130 HTTP/1.1" 404 192 "http://digitalni-asistent.com/sitemap294.xml" "Mozilla/5.0 AppleWebKit/537.36 (KHTML, like Gecko; compatible; GPTBot/1.3; +https://openai.com/gptbot)"
74.7.243.233 - - [10/May/2026:16:46:53 +0200] "GET /shopping/077008720 HTTP/1.1" 404 192 "http://digitalni-asistent.com/sitemap307.xml" "Mozilla/5.0 AppleWebKit/537.36 (KHTML, like Gecko; compatible; GPTBot/1.3; +https://openai.com/gptbot)"
74.7.243.233 - - [10/May/2026:16:47:56 +0200] "GET /shopping/164011911 HTTP/1.1" 404 192 "http://digitalni-asistent.com/sitemap294.xml" "Mozilla/5.0 AppleWebKit/537.36 (KHTML, like Gecko; compatible; GPTBot/1.3; +https://openai.com/gptbot)"
74.7.243.233 - - [10/May/2026:16:49:01 +0200] "GET /shopping/210042009 HTTP/1.1" 404 192 "http://digitalni-asistent.com/sitemap579.xml" "Mozilla/5.0 AppleWebKit/537.36 (KHTML, like Gecko; compatible; GPTBot/1.3; +https://openai.com/gptbot)"
74.7.243.233 - - [10/May/2026:16:50:04 +0200] "GET /shopping/104010315 HTTP/1.1" 404 192 "http://digitalni-asistent.com/sitemap636.xml" "Mozilla/5.0 AppleWebKit/537.36 (KHTML, like Gecko; compatible; GPTBot/1.3; +https://openai.com/gptbot)"
51.75.236.130 - - [10/May/2026:16:50:40 +0200] "GET /goods.php?sitemap965.xml HTTP/1.1" 200 44 "-" "Mozilla/5.0 (compatible; AhrefsBot/7.0; +http://ahrefs.com/robot/)"
74.7.243.233 - - [10/May/2026:16:51:05 +0200] "GET /shopping/055007110 HTTP/1.1" 404 192 "http://digitalni-asistent.com/sitemap437.xml" "Mozilla/5.0 AppleWebKit/537.36 (KHTML, like Gecko; compatible; GPTBot/1.3; +https://openai.com/gptbot)"
74.7.243.233 - - [10/May/2026:16:52:09 +0200] "GET /shopping/048005355 HTTP/1.1" 404 192 "http://digitalni-asistent.com/sitemap94.xml" "Mozilla/5.0 AppleWebKit/537.36 (KHTML, like Gecko; compatible; GPTBot/1.3; +https://openai.com/gptbot)"
74.7.243.233 - - [10/May/2026:16:53:12 +0200] "GET /shopping/015013018 HTTP/1.1" 404 192 "http://digitalni-asistent.com/sitemap94.xml" "Mozilla/5.0 AppleWebKit/537.36 (KHTML, like Gecko; compatible; GPTBot/1.3; +https://openai.com/gptbot)"
74.7.243.233 - - [10/May/2026:16:54:12 +0200] "GET /shopping/032003011 HTTP/1.1" 404 192 "http://digitalni-asistent.com/sitemap588.xml" "Mozilla/5.0 AppleWebKit/537.36 (KHTML, like Gecko; compatible; GPTBot/1.3; +https://openai.com/gptbot)"
74.7.243.233 - - [10/May/2026:16:55:17 +0200] "GET /shopping/040013151 HTTP/1.1" 404 192 "http://digitalni-asistent.com/sitemap588.xml" "Mozilla/5.0 AppleWebKit/537.36 (KHTML, like Gecko; compatible; GPTBot/1.3; +https://openai.com/gptbot)"
74.7.243.233 - - [10/May/2026:16:56:19 +0200] "GET /shopping/033004600 HTTP/1.1" 404 192 "http://digitalni-asistent.com/sitemap3.xml" "Mozilla/5.0 AppleWebKit/537.36 (KHTML, like Gecko; compatible; GPTBot/1.3; +https://openai.com/gptbot)"
74.7.243.233 - - [10/May/2026:16:57:24 +0200] "GET /shopping/094038099 HTTP/1.1" 404 192 "http://digitalni-asistent.com/sitemap94.xml" "Mozilla/5.0 AppleWebKit/537.36 (KHTML, like Gecko; compatible; GPTBot/1.3; +https://openai.com/gptbot)"
204.12.208.18 - - [10/May/2026:16:58:18 +0200] "GET /wp-includes/x57295b/index.php HTTP/1.1" 499 0 "http://digitalni-asistent.com/wp-includes/x57295b/index.php" "Mozilla/5.0 (Macintosh; U; PPC Mac OS X 10_4_11; ja-jp) AppleWebKit/525.18 (KHTML, like Gecko) Version/3.1.2 Safari/525.22"
204.12.208.18 - - [10/May/2026:16:58:19 +0200] "GET /wp-includes/x57295b/index.php HTTP/1.1" 200 37 "http://digitalni-asistent.com/wp-includes/x57295b/index.php" "Mozilla/5.0 (compatible; MSIE 9.0; Windows NT 6.0; Trident/5.0)"
74.7.243.233 - - [10/May/2026:16:58:25 +0200] "GET /shopping/005002210 HTTP/1.1" 500 2882 "http://digitalni-asistent.com/sitemap294.xml" "Mozilla/5.0 AppleWebKit/537.36 (KHTML, like Gecko; compatible; GPTBot/1.3; +https://openai.com/gptbot)"
74.7.243.233 - - [10/May/2026:16:59:28 +0200] "GET /shopping/065036008 HTTP/1.1" 404 192 "http://digitalni-asistent.com/sitemap94.xml" "Mozilla/5.0 AppleWebKit/537.36 (KHTML, like Gecko; compatible; GPTBot/1.3; +https://openai.com/gptbot)"
74.7.243.233 - - [10/May/2026:17:00:28 +0200] "GET /shopping/003002230 HTTP/1.1" 404 192 "http://digitalni-asistent.com/sitemap636.xml" "Mozilla/5.0 AppleWebKit/537.36 (KHTML, like Gecko; compatible; GPTBot/1.3; +https://openai.com/gptbot)"
74.7.243.233 - - [10/May/2026:17:01:28 +0200] "GET /shopping/085040240 HTTP/1.1" 404 192 "http://digitalni-asistent.com/sitemap847.xml" "Mozilla/5.0 AppleWebKit/537.36 (KHTML, like Gecko; compatible; GPTBot/1.3; +https://openai.com/gptbot)"
74.7.243.233 - - [10/May/2026:17:02:33 +0200] "GET /shopping/040044813 HTTP/1.1" 404 192 "http://digitalni-asistent.com/sitemap307.xml" "Mozilla/5.0 AppleWebKit/537.36 (KHTML, like Gecko; compatible; GPTBot/1.3; +https://openai.com/gptbot)"
74.7.243.233 - - [10/May/2026:17:03:37 +0200] "GET /shopping/187006606 HTTP/1.1" 404 192 "http://digitalni-asistent.com/sitemap636.xml" "Mozilla/5.0 AppleWebKit/537.36 (KHTML, like Gecko; compatible; GPTBot/1.3; +https://openai.com/gptbot)"
74.7.243.233 - - [10/May/2026:17:04:41 +0200] "GET /shopping/231003202 HTTP/1.1" 404 192 "http://digitalni-asistent.com/sitemap636.xml" "Mozilla/5.0 AppleWebKit/537.36 (KHTML, like Gecko; compatible; GPTBot/1.3; +https://openai.com/gptbot)"
74.7.243.233 - - [10/May/2026:17:05:45 +0200] "GET /shopping/004045143 HTTP/1.1" 404 192 "http://digitalni-asistent.com/sitemap588.xml" "Mozilla/5.0 AppleWebKit/537.36 (KHTML, like Gecko; compatible; GPTBot/1.3; +https://openai.com/gptbot)"
