74.249.238.26 - - [10/May/2026:17:29:28 +0200] "GET /lm15.php HTTP/1.1" 404 27 "-" "-"
74.249.238.26 - - [10/May/2026:17:29:29 +0200] "GET /2ksm17n.php HTTP/1.1" 404 27 "-" "-"
74.249.238.26 - - [10/May/2026:17:29:29 +0200] "GET /8.php HTTP/1.1" 404 27 "-" "-"
74.249.238.26 - - [10/May/2026:17:29:29 +0200] "GET /xper1.php HTTP/1.1" 404 27 "-" "-"
74.249.238.26 - - [10/May/2026:17:29:29 +0200] "GET /bnm.php HTTP/1.1" 404 27 "-" "-"
74.249.238.26 - - [10/May/2026:17:29:30 +0200] "GET /vanda.php HTTP/1.1" 404 27 "-" "-"
74.249.238.26 - - [10/May/2026:17:29:30 +0200] "GET /bgymj.php HTTP/1.1" 404 27 "-" "-"
74.249.238.26 - - [10/May/2026:17:29:31 +0200] "GET /tx79.php HTTP/1.1" 404 27 "-" "-"
74.249.238.26 - - [10/May/2026:17:29:31 +0200] "GET /asasx.php HTTP/1.1" 404 27 "-" "-"
74.249.238.26 - - [10/May/2026:17:29:31 +0200] "GET /lb.php HTTP/1.1" 404 27 "-" "-"
74.249.238.26 - - [10/May/2026:17:29:31 +0200] "GET /abrand.php HTTP/1.1" 404 27 "-" "-"
74.249.238.26 - - [10/May/2026:17:29:31 +0200] "GET /ws49.php HTTP/1.1" 404 27 "-" "-"
74.249.238.26 - - [10/May/2026:17:29:32 +0200] "GET /abc.php HTTP/1.1" 404 27 "-" "-"
74.249.238.26 - - [10/May/2026:17:29:32 +0200] "GET /56c53.php HTTP/1.1" 404 27 "-" "-"
74.249.238.26 - - [10/May/2026:17:29:32 +0200] "GET /d12.php HTTP/1.1" 404 27 "-" "-"
74.249.238.26 - - [10/May/2026:17:29:33 +0200] "GET /atomlib.php HTTP/1.1" 404 27 "-" "-"
74.249.238.26 - - [10/May/2026:17:29:33 +0200] "GET /inege.php HTTP/1.1" 404 27 "-" "-"
74.249.238.26 - - [10/May/2026:17:29:33 +0200] "GET /8573.php HTTP/1.1" 404 27 "-" "-"
74.249.238.26 - - [10/May/2026:17:29:33 +0200] "GET /nw.php HTTP/1.1" 404 27 "-" "-"
74.249.238.26 - - [10/May/2026:17:29:33 +0200] "GET /file61.php HTTP/1.1" 404 27 "-" "-"
74.249.238.26 - - [10/May/2026:17:29:34 +0200] "GET /eetu.php HTTP/1.1" 404 27 "-" "-"
74.249.238.26 - - [10/May/2026:17:29:34 +0200] "GET /drykl.php HTTP/1.1" 404 27 "-" "-"
74.249.238.26 - - [10/May/2026:17:29:34 +0200] "GET /crgio.php HTTP/1.1" 404 27 "-" "-"
74.249.238.26 - - [10/May/2026:17:29:34 +0200] "GET /1.php HTTP/1.1" 404 27 "-" "-"
74.249.238.26 - - [10/May/2026:17:29:34 +0200] "GET /atkno.php HTTP/1.1" 404 27 "-" "-"
74.249.238.26 - - [10/May/2026:17:29:34 +0200] "GET /wo.php HTTP/1.1" 404 27 "-" "-"
74.249.238.26 - - [10/May/2026:17:29:35 +0200] "GET /ljbluatr.php HTTP/1.1" 404 27 "-" "-"
74.249.238.26 - - [10/May/2026:17:29:35 +0200] "GET /luuinooe.php HTTP/1.1" 404 27 "-" "-"
74.249.238.26 - - [10/May/2026:17:29:35 +0200] "GET /qqdwwzge.php HTTP/1.1" 404 27 "-" "-"
74.249.238.26 - - [10/May/2026:17:29:35 +0200] "GET /jid0mtxz.php HTTP/1.1" 404 27 "-" "-"
74.249.238.26 - - [10/May/2026:17:29:35 +0200] "GET /izgatewp.php HTTP/1.1" 404 27 "-" "-"
74.249.238.26 - - [10/May/2026:17:29:36 +0200] "GET /gh.php HTTP/1.1" 404 27 "-" "-"
74.249.238.26 - - [10/May/2026:17:29:36 +0200] "GET /groupon.php HTTP/1.1" 404 27 "-" "-"
74.249.238.26 - - [10/May/2026:17:29:36 +0200] "GET /lupo.php HTTP/1.1" 404 27 "-" "-"
74.249.238.26 - - [10/May/2026:17:29:36 +0200] "GET /villain.php HTTP/1.1" 404 27 "-" "-"
74.249.238.26 - - [10/May/2026:17:29:36 +0200] "GET /CDX6.php HTTP/1.1" 404 27 "-" "-"
74.249.238.26 - - [10/May/2026:17:29:36 +0200] "GET /CDX7.php HTTP/1.1" 404 27 "-" "-"
74.249.238.26 - - [10/May/2026:17:29:36 +0200] "GET /CDX4.php HTTP/1.1" 404 27 "-" "-"
74.249.238.26 - - [10/May/2026:17:29:37 +0200] "GET /CDX5.php HTTP/1.1" 404 27 "-" "-"
74.249.238.26 - - [10/May/2026:17:29:37 +0200] "GET /CDX3.php HTTP/1.1" 404 27 "-" "-"
74.249.238.26 - - [10/May/2026:17:29:37 +0200] "GET /wper.php HTTP/1.1" 404 27 "-" "-"
74.249.238.26 - - [10/May/2026:17:29:37 +0200] "GET /wp-sx9.php HTTP/1.1" 404 27 "-" "-"
74.249.238.26 - - [10/May/2026:17:29:37 +0200] "GET /ibjnu.php HTTP/1.1" 404 27 "-" "-"
74.249.238.26 - - [10/May/2026:17:29:37 +0200] "GET /sk25_1.php HTTP/1.1" 404 27 "-" "-"
74.249.238.26 - - [10/May/2026:17:29:38 +0200] "GET /insta.php HTTP/1.1" 404 27 "-" "-"
74.249.238.26 - - [10/May/2026:17:29:38 +0200] "GET /wp-content/OMrMKfSU.php HTTP/1.1" 404 355 "-" "-"
74.249.238.26 - - [10/May/2026:17:29:38 +0200] "GET /wp-content/tBEZGQz.php HTTP/1.1" 404 355 "-" "-"
74.249.238.26 - - [10/May/2026:17:29:38 +0200] "GET /dgs.php HTTP/1.1" 404 27 "-" "-"
74.249.238.26 - - [10/May/2026:17:29:38 +0200] "GET /xigmltad.php HTTP/1.1" 404 27 "-" "-"
74.249.238.26 - - [10/May/2026:17:29:38 +0200] "GET /fff.php HTTP/1.1" 404 27 "-" "-"
74.249.238.26 - - [10/May/2026:17:29:39 +0200] "GET /pass4.php HTTP/1.1" 404 27 "-" "-"
74.249.238.26 - - [10/May/2026:17:29:39 +0200] "GET /academy.php HTTP/1.1" 404 27 "-" "-"
74.249.238.26 - - [10/May/2026:17:29:39 +0200] "GET /lco.php HTTP/1.1" 404 27 "-" "-"
74.249.238.26 - - [10/May/2026:17:29:39 +0200] "GET /lgr.php HTTP/1.1" 404 27 "-" "-"
74.249.238.26 - - [10/May/2026:17:29:39 +0200] "GET /mac.php HTTP/1.1" 404 27 "-" "-"
74.249.238.26 - - [10/May/2026:17:29:40 +0200] "GET /wgift1.php HTTP/1.1" 404 27 "-" "-"
74.249.238.26 - - [10/May/2026:17:29:40 +0200] "GET /wglum1.php HTTP/1.1" 404 27 "-" "-"
74.249.238.26 - - [10/May/2026:17:29:40 +0200] "GET /awa.php HTTP/1.1" 404 27 "-" "-"
74.249.238.26 - - [10/May/2026:17:29:40 +0200] "GET /lti.php HTTP/1.1" 404 27 "-" "-"
74.249.238.26 - - [10/May/2026:17:29:40 +0200] "GET /solo1.php HTTP/1.1" 404 27 "-" "-"
74.249.238.26 - - [10/May/2026:17:29:41 +0200] "GET /sxdfrt.php HTTP/1.1" 404 27 "-" "-"
74.249.238.26 - - [10/May/2026:17:29:41 +0200] "GET /vgtyu.php HTTP/1.1" 404 27 "-" "-"
74.249.238.26 - - [10/May/2026:17:29:41 +0200] "GET /kikikoko.php HTTP/1.1" 404 27 "-" "-"
74.249.238.26 - - [10/May/2026:17:29:41 +0200] "GET /tires.php HTTP/1.1" 404 27 "-" "-"
74.249.238.26 - - [10/May/2026:17:29:41 +0200] "GET /gelio1.php HTTP/1.1" 404 27 "-" "-"
74.249.238.26 - - [10/May/2026:17:29:41 +0200] "GET /xwpg.php HTTP/1.1" 404 27 "-" "-"
74.7.227.10 - - [10/May/2026:17:29:46 +0200] "GET /brzitest.com.hr/6.php?sepatusuper=//proc/self/root/sys/devices/system/cpu/cpu7/driver/cpu4/node0/memory51/subsystem HTTP/1.1" 404 47 "http://mail.ithome.hr/brzitest.com.hr/6.php?sepatusuper=//proc/self/root/sys/devices/system/cpu/cpu7/driver/cpu4/node0/memory51" "Mozilla/5.0 AppleWebKit/537.36 (KHTML, like Gecko; compatible; GPTBot/1.3; +https://openai.com/gptbot)"
74.7.241.51 - - [10/May/2026:17:30:25 +0200] "GET /brzitest.com.hr/6.php?sepatusuper=//proc/self/root/sys/devices/system/cpu/cpu7/driver/cpu6/node0/cpu1/subsystem/devices HTTP/1.1" 404 47 "http://ithome.hr/brzitest.com.hr/6.php?sepatusuper=//proc/self/root/sys/devices/system/cpu/cpu7/driver/cpu6/node0/cpu1/subsystem" "Mozilla/5.0 AppleWebKit/537.36 (KHTML, like Gecko; compatible; GPTBot/1.3; +https://openai.com/gptbot)"
74.7.227.10 - - [10/May/2026:17:30:48 +0200] "GET /brzitest.com.hr/6.php?sepatusuper=//proc/self/root/sys/devices/system/cpu/cpu7/driver/cpu3/node0/memory88/subsystem HTTP/1.1" 404 47 "http://mail.ithome.hr/brzitest.com.hr/6.php?sepatusuper=//proc/self/root/sys/devices/system/cpu/cpu7/driver/cpu3/node0/memory88" "Mozilla/5.0 AppleWebKit/537.36 (KHTML, like Gecko; compatible; GPTBot/1.3; +https://openai.com/gptbot)"
74.7.241.51 - - [10/May/2026:17:31:29 +0200] "GET /brzitest.com.hr/6.php?sepatusuper=//proc/self/root/sys/devices/system/cpu/cpu2/driver/cpu0/node0/cpu1/subsystem/drivers HTTP/1.1" 404 47 "http://ithome.hr/brzitest.com.hr/6.php?sepatusuper=//proc/self/root/sys/devices/system/cpu/cpu2/driver/cpu0/node0/cpu1/subsystem" "Mozilla/5.0 AppleWebKit/537.36 (KHTML, like Gecko; compatible; GPTBot/1.3; +https://openai.com/gptbot)"
204.76.203.206 - - [10/May/2026:17:31:44 +0200] "GET / HTTP/1.1" 200 163 "-" "Mozilla/5.0"
74.7.227.10 - - [10/May/2026:17:31:52 +0200] "GET /brzitest.com.hr/6.php?sepatusuper=//proc/self/root/sys/devices/system/cpu/cpu4/driver/cpu5/node0/memory61/subsystem HTTP/1.1" 404 47 "http://mail.ithome.hr/brzitest.com.hr/6.php?sepatusuper=//proc/self/root/sys/devices/system/cpu/cpu4/driver/cpu5/node0/memory61" "Mozilla/5.0 AppleWebKit/537.36 (KHTML, like Gecko; compatible; GPTBot/1.3; +https://openai.com/gptbot)"
74.7.241.51 - - [10/May/2026:17:32:30 +0200] "GET /brzitest.com.hr/6.php?sepatusuper=//proc/self/root/sys/devices/system/cpu/cpu7/node0/cpu3/driver/cpu6/driver HTTP/1.1" 404 47 "http://ithome.hr/brzitest.com.hr/6.php?sepatusuper=//proc/self/root/sys/devices/system/cpu/cpu7/node0/cpu3/driver/cpu6" "Mozilla/5.0 AppleWebKit/537.36 (KHTML, like Gecko; compatible; GPTBot/1.3; +https://openai.com/gptbot)"
74.7.227.10 - - [10/May/2026:17:32:54 +0200] "GET /brzitest.com.hr/6.php?sepatusuper=//proc/self/root/sys/devices/system/cpu/cpu5/driver/cpu4/node0/memory96/subsystem HTTP/1.1" 404 47 "http://mail.ithome.hr/brzitest.com.hr/6.php?sepatusuper=//proc/self/root/sys/devices/system/cpu/cpu5/driver/cpu4/node0/memory96" "Mozilla/5.0 AppleWebKit/537.36 (KHTML, like Gecko; compatible; GPTBot/1.3; +https://openai.com/gptbot)"
74.7.241.51 - - [10/May/2026:17:33:35 +0200] "GET /brzitest.com.hr/6.php?sepatusuper=//proc/self/root/sys/devices/system/cpu/cpu7/node0/cpu5/driver/cpu6/driver HTTP/1.1" 404 47 "http://ithome.hr/brzitest.com.hr/6.php?sepatusuper=//proc/self/root/sys/devices/system/cpu/cpu7/node0/cpu5/driver/cpu6" "Mozilla/5.0 AppleWebKit/537.36 (KHTML, like Gecko; compatible; GPTBot/1.3; +https://openai.com/gptbot)"
74.7.227.10 - - [10/May/2026:17:33:58 +0200] "GET /brzitest.com.hr/6.php?sepatusuper=//proc/self/root/sys/devices/system/cpu/cpu4/driver/cpu1/node0/memory42/subsystem HTTP/1.1" 404 47 "http://mail.ithome.hr/brzitest.com.hr/6.php?sepatusuper=//proc/self/root/sys/devices/system/cpu/cpu4/driver/cpu1/node0/memory42" "Mozilla/5.0 AppleWebKit/537.36 (KHTML, like Gecko; compatible; GPTBot/1.3; +https://openai.com/gptbot)"
74.7.241.51 - - [10/May/2026:17:34:37 +0200] "GET /brzitest.com.hr/6.php?sepatusuper=//proc/self/root/sys/devices/system/cpu/cpu2/driver/cpu4/node0/cpu7/subsystem/drivers HTTP/1.1" 404 47 "http://ithome.hr/brzitest.com.hr/6.php?sepatusuper=//proc/self/root/sys/devices/system/cpu/cpu2/driver/cpu4/node0/cpu7/subsystem" "Mozilla/5.0 AppleWebKit/537.36 (KHTML, like Gecko; compatible; GPTBot/1.3; +https://openai.com/gptbot)"
74.7.227.10 - - [10/May/2026:17:35:02 +0200] "GET /brzitest.com.hr/6.php?sepatusuper=//proc/self/root/sys/devices/system/cpu/cpu5/driver/cpu6/node0/memory79/subsystem HTTP/1.1" 404 47 "http://mail.ithome.hr/brzitest.com.hr/6.php?sepatusuper=//proc/self/root/sys/devices/system/cpu/cpu5/driver/cpu6/node0/memory79" "Mozilla/5.0 AppleWebKit/537.36 (KHTML, like Gecko; compatible; GPTBot/1.3; +https://openai.com/gptbot)"
74.7.241.51 - - [10/May/2026:17:35:40 +0200] "GET /brzitest.com.hr/6.php?sepatusuper=//proc/self/root/sys/devices/system/cpu/cpu6/driver/cpu3/node0/memory6/subsystem/drivers HTTP/1.1" 404 47 "http://ithome.hr/brzitest.com.hr/6.php?sepatusuper=//proc/self/root/sys/devices/system/cpu/cpu6/driver/cpu3/node0/memory6/subsystem" "Mozilla/5.0 AppleWebKit/537.36 (KHTML, like Gecko; compatible; GPTBot/1.3; +https://openai.com/gptbot)"
74.7.227.10 - - [10/May/2026:17:36:06 +0200] "GET /brzitest.com.hr/6.php?sepatusuper=//proc/self/root/sys/devices/system/cpu/cpu2/driver/cpu5/node0/memory83/subsystem HTTP/1.1" 404 47 "http://mail.ithome.hr/brzitest.com.hr/6.php?sepatusuper=//proc/self/root/sys/devices/system/cpu/cpu2/driver/cpu5/node0/memory83" "Mozilla/5.0 AppleWebKit/537.36 (KHTML, like Gecko; compatible; GPTBot/1.3; +https://openai.com/gptbot)"
74.7.244.28 - - [10/May/2026:17:36:08 +0200] "GET /robots.txt HTTP/1.1" 404 277 "-" "Mozilla/5.0 (Macintosh; Intel Mac OS X 10_15_7) AppleWebKit/537.36 (KHTML, like Gecko) Chrome/131.0.0.0 Safari/537.36; compatible; OAI-SearchBot/1.3; robots.txt; +https://openai.com/searchbot"
74.7.241.51 - - [10/May/2026:17:36:42 +0200] "GET /brzitest.com.hr/6.php?sepatusuper=//proc/self/root/sys/devices/system/cpu/cpu0/driver/cpu1/node0/cpu6/subsystem/drivers HTTP/1.1" 404 47 "http://ithome.hr/brzitest.com.hr/6.php?sepatusuper=//proc/self/root/sys/devices/system/cpu/cpu0/driver/cpu1/node0/cpu6/subsystem" "Mozilla/5.0 AppleWebKit/537.36 (KHTML, like Gecko; compatible; GPTBot/1.3; +https://openai.com/gptbot)"
74.7.227.10 - - [10/May/2026:17:37:10 +0200] "GET /brzitest.com.hr/6.php?sepatusuper=//proc/self/root/sys/devices/system/cpu/cpu7/driver/cpu0/node0/memory83/subsystem HTTP/1.1" 404 47 "http://mail.ithome.hr/brzitest.com.hr/6.php?sepatusuper=//proc/self/root/sys/devices/system/cpu/cpu7/driver/cpu0/node0/memory83" "Mozilla/5.0 AppleWebKit/537.36 (KHTML, like Gecko; compatible; GPTBot/1.3; +https://openai.com/gptbot)"
74.7.241.51 - - [10/May/2026:17:37:44 +0200] "GET /brzitest.com.hr/6.php?sepatusuper=//proc/self/root/sys/devices/system/cpu/cpu6/driver/cpu1/node0/cpu4/subsystem/drivers HTTP/1.1" 404 47 "http://ithome.hr/brzitest.com.hr/6.php?sepatusuper=//proc/self/root/sys/devices/system/cpu/cpu6/driver/cpu1/node0/cpu4/subsystem" "Mozilla/5.0 AppleWebKit/537.36 (KHTML, like Gecko; compatible; GPTBot/1.3; +https://openai.com/gptbot)"
74.7.227.10 - - [10/May/2026:17:38:12 +0200] "GET /brzitest.com.hr/6.php?sepatusuper=//proc/self/root/sys/devices/system/cpu/cpu5/driver/cpu7/node0/memory54/subsystem HTTP/1.1" 404 47 "http://mail.ithome.hr/brzitest.com.hr/6.php?sepatusuper=//proc/self/root/sys/devices/system/cpu/cpu5/driver/cpu7/node0/memory54" "Mozilla/5.0 AppleWebKit/537.36 (KHTML, like Gecko; compatible; GPTBot/1.3; +https://openai.com/gptbot)"
74.7.241.51 - - [10/May/2026:17:38:48 +0200] "GET /brzitest.com.hr/6.php?sepatusuper=//proc/self/root/sys/devices/system/cpu/cpu7/driver/cpu2/node0/cpu0/subsystem/devices HTTP/1.1" 404 47 "http://ithome.hr/brzitest.com.hr/6.php?sepatusuper=//proc/self/root/sys/devices/system/cpu/cpu7/driver/cpu2/node0/cpu0/subsystem" "Mozilla/5.0 AppleWebKit/537.36 (KHTML, like Gecko; compatible; GPTBot/1.3; +https://openai.com/gptbot)"
204.76.203.206 - - [10/May/2026:17:38:49 +0200] "GET / HTTP/1.1" 200 163 "-" "Mozilla/5.0"
74.7.227.10 - - [10/May/2026:17:39:14 +0200] "GET /brzitest.com.hr/6.php?sepatusuper=//proc/self/root/sys/devices/system/cpu/cpu4/driver/cpu2/node0/memory50/subsystem HTTP/1.1" 404 47 "http://mail.ithome.hr/brzitest.com.hr/6.php?sepatusuper=//proc/self/root/sys/devices/system/cpu/cpu4/driver/cpu2/node0/memory50" "Mozilla/5.0 AppleWebKit/537.36 (KHTML, like Gecko; compatible; GPTBot/1.3; +https://openai.com/gptbot)"
74.7.241.51 - - [10/May/2026:17:39:49 +0200] "GET /brzitest.com.hr/6.php?sepatusuper=//proc/self/root/sys/devices/system/cpu/cpu0/driver/cpu7/node0/cpu6/node0/subsystem HTTP/1.1" 404 47 "http://ithome.hr/brzitest.com.hr/6.php?sepatusuper=//proc/self/root/sys/devices/system/cpu/cpu0/driver/cpu7/node0/cpu6/node0" "Mozilla/5.0 AppleWebKit/537.36 (KHTML, like Gecko; compatible; GPTBot/1.3; +https://openai.com/gptbot)"
74.7.227.10 - - [10/May/2026:17:40:14 +0200] "GET /brzitest.com.hr/6.php?sepatusuper=//proc/self/root/sys/devices/system/cpu/cpu2/driver/cpu0/node0/memory95/subsystem HTTP/1.1" 404 47 "http://mail.ithome.hr/brzitest.com.hr/6.php?sepatusuper=//proc/self/root/sys/devices/system/cpu/cpu2/driver/cpu0/node0/memory95" "Mozilla/5.0 AppleWebKit/537.36 (KHTML, like Gecko; compatible; GPTBot/1.3; +https://openai.com/gptbot)"
74.7.241.51 - - [10/May/2026:17:40:51 +0200] "GET /brzitest.com.hr/6.php?sepatusuper=//proc/self/root/sys/devices/system/cpu/cpu0/driver/cpu7/node0/cpu2/driver HTTP/1.1" 404 47 "http://ithome.hr/brzitest.com.hr/6.php?sepatusuper=//proc/self/root/sys/devices/system/cpu/cpu0/driver/cpu7/node0/cpu2" "Mozilla/5.0 AppleWebKit/537.36 (KHTML, like Gecko; compatible; GPTBot/1.3; +https://openai.com/gptbot)"
74.7.227.10 - - [10/May/2026:17:41:16 +0200] "GET /brzitest.com.hr/6.php?sepatusuper=//proc/self/root/sys/devices/system/cpu/cpu7/driver/cpu4/node0/memory84/subsystem HTTP/1.1" 404 47 "http://mail.ithome.hr/brzitest.com.hr/6.php?sepatusuper=//proc/self/root/sys/devices/system/cpu/cpu7/driver/cpu4/node0/memory84" "Mozilla/5.0 AppleWebKit/537.36 (KHTML, like Gecko; compatible; GPTBot/1.3; +https://openai.com/gptbot)"
74.7.241.51 - - [10/May/2026:17:41:53 +0200] "GET /brzitest.com.hr/6.php?sepatusuper=//proc/self/root/sys/devices/system/cpu/cpu0/driver/cpu7/node0/cpu6/subsystem/drivers HTTP/1.1" 404 47 "http://ithome.hr/brzitest.com.hr/6.php?sepatusuper=//proc/self/root/sys/devices/system/cpu/cpu0/driver/cpu7/node0/cpu6/subsystem" "Mozilla/5.0 AppleWebKit/537.36 (KHTML, like Gecko; compatible; GPTBot/1.3; +https://openai.com/gptbot)"
74.7.227.10 - - [10/May/2026:17:42:17 +0200] "GET /brzitest.com.hr/6.php?sepatusuper=//proc/self/root/sys/devices/system/cpu/cpu5/driver/cpu2/node0/memory86/subsystem HTTP/1.1" 404 47 "http://mail.ithome.hr/brzitest.com.hr/6.php?sepatusuper=//proc/self/root/sys/devices/system/cpu/cpu5/driver/cpu2/node0/memory86" "Mozilla/5.0 AppleWebKit/537.36 (KHTML, like Gecko; compatible; GPTBot/1.3; +https://openai.com/gptbot)"
74.7.241.51 - - [10/May/2026:17:42:57 +0200] "GET /brzitest.com.hr/6.php?sepatusuper=//proc/self/root/sys/devices/system/cpu/cpu2/driver/cpu7/node0/cpu1/subsystem/drivers HTTP/1.1" 404 47 "http://ithome.hr/brzitest.com.hr/6.php?sepatusuper=//proc/self/root/sys/devices/system/cpu/cpu2/driver/cpu7/node0/cpu1/subsystem" "Mozilla/5.0 AppleWebKit/537.36 (KHTML, like Gecko; compatible; GPTBot/1.3; +https://openai.com/gptbot)"
74.7.227.10 - - [10/May/2026:17:43:18 +0200] "GET /brzitest.com.hr/6.php?sepatusuper=//proc/self/root/sys/devices/system/cpu/cpu4/driver/cpu2/node0/memory33/subsystem HTTP/1.1" 404 47 "http://mail.ithome.hr/brzitest.com.hr/6.php?sepatusuper=//proc/self/root/sys/devices/system/cpu/cpu4/driver/cpu2/node0/memory33" "Mozilla/5.0 AppleWebKit/537.36 (KHTML, like Gecko; compatible; GPTBot/1.3; +https://openai.com/gptbot)"
74.7.227.10 - - [10/May/2026:17:44:23 +0200] "GET /brzitest.com.hr/6.php?sepatusuper=//proc/self/root/sys/devices/system/cpu/cpu2/driver/cpu4/node0/memory84/subsystem HTTP/1.1" 404 47 "http://mail.ithome.hr/brzitest.com.hr/6.php?sepatusuper=//proc/self/root/sys/devices/system/cpu/cpu2/driver/cpu4/node0/memory84" "Mozilla/5.0 AppleWebKit/537.36 (KHTML, like Gecko; compatible; GPTBot/1.3; +https://openai.com/gptbot)"
74.7.241.51 - - [10/May/2026:17:45:04 +0200] "GET /brzitest.com.hr/6.php?sepatusuper=//proc/self/root/sys/devices/system/cpu/cpu6/driver/cpu5/node0/memory9/subsystem/devices HTTP/1.1" 404 47 "http://ithome.hr/brzitest.com.hr/6.php?sepatusuper=//proc/self/root/sys/devices/system/cpu/cpu6/driver/cpu5/node0/memory9/subsystem" "Mozilla/5.0 AppleWebKit/537.36 (KHTML, like Gecko; compatible; GPTBot/1.3; +https://openai.com/gptbot)"
74.7.227.10 - - [10/May/2026:17:45:29 +0200] "GET /brzitest.com.hr/6.php?sepatusuper=//proc/self/root/sys/devices/system/cpu/cpu2/driver/cpu0/node0/memory54/subsystem HTTP/1.1" 404 47 "http://mail.ithome.hr/brzitest.com.hr/6.php?sepatusuper=//proc/self/root/sys/devices/system/cpu/cpu2/driver/cpu0/node0/memory54" "Mozilla/5.0 AppleWebKit/537.36 (KHTML, like Gecko; compatible; GPTBot/1.3; +https://openai.com/gptbot)"
74.7.241.51 - - [10/May/2026:17:46:08 +0200] "GET /brzitest.com.hr/6.php?sepatusuper=//proc/self/root/sys/devices/system/cpu/cpu7/node0/cpu0/driver/cpu4/subsystem/devices HTTP/1.1" 404 47 "http://ithome.hr/brzitest.com.hr/6.php?sepatusuper=//proc/self/root/sys/devices/system/cpu/cpu7/node0/cpu0/driver/cpu4/subsystem" "Mozilla/5.0 AppleWebKit/537.36 (KHTML, like Gecko; compatible; GPTBot/1.3; +https://openai.com/gptbot)"
74.7.227.10 - - [10/May/2026:17:46:33 +0200] "GET /brzitest.com.hr/6.php?sepatusuper=//proc/self/root/sys/devices/system/cpu/cpu7/driver/cpu3/node0/memory74/subsystem HTTP/1.1" 404 47 "http://mail.ithome.hr/brzitest.com.hr/6.php?sepatusuper=//proc/self/root/sys/devices/system/cpu/cpu7/driver/cpu3/node0/memory74" "Mozilla/5.0 AppleWebKit/537.36 (KHTML, like Gecko; compatible; GPTBot/1.3; +https://openai.com/gptbot)"
74.7.241.51 - - [10/May/2026:17:47:08 +0200] "GET /brzitest.com.hr/6.php?sepatusuper=//proc/self/root/sys/devices/system/cpu/cpu0/driver/cpu5/node0/memory7/subsystem/devices HTTP/1.1" 404 47 "http://ithome.hr/brzitest.com.hr/6.php?sepatusuper=//proc/self/root/sys/devices/system/cpu/cpu0/driver/cpu5/node0/memory7/subsystem" "Mozilla/5.0 AppleWebKit/537.36 (KHTML, like Gecko; compatible; GPTBot/1.3; +https://openai.com/gptbot)"
74.7.244.28 - - [10/May/2026:17:47:09 +0200] "GET /robots.txt HTTP/1.1" 404 277 "-" "Mozilla/5.0 (Macintosh; Intel Mac OS X 10_15_7) AppleWebKit/537.36 (KHTML, like Gecko) Chrome/131.0.0.0 Safari/537.36; compatible; OAI-SearchBot/1.3; robots.txt; +https://openai.com/searchbot"
204.76.203.206 - - [10/May/2026:17:47:11 +0200] "GET / HTTP/1.1" 200 163 "-" "Mozilla/5.0"
74.7.227.10 - - [10/May/2026:17:47:37 +0200] "GET /brzitest.com.hr/6.php?sepatusuper=//proc/self/root/sys/devices/system/cpu/cpu7/driver/cpu6/node0/memory53/subsystem HTTP/1.1" 404 47 "http://mail.ithome.hr/brzitest.com.hr/6.php?sepatusuper=//proc/self/root/sys/devices/system/cpu/cpu7/driver/cpu6/node0/memory53" "Mozilla/5.0 AppleWebKit/537.36 (KHTML, like Gecko; compatible; GPTBot/1.3; +https://openai.com/gptbot)"
74.7.241.51 - - [10/May/2026:17:48:11 +0200] "GET /brzitest.com.hr/6.php?sepatusuper=//proc/self/root/sys/devices/system/cpu/cpu0/driver/cpu1/node0/memory8/subsystem/devices HTTP/1.1" 404 47 "http://ithome.hr/brzitest.com.hr/6.php?sepatusuper=//proc/self/root/sys/devices/system/cpu/cpu0/driver/cpu1/node0/memory8/subsystem" "Mozilla/5.0 AppleWebKit/537.36 (KHTML, like Gecko; compatible; GPTBot/1.3; +https://openai.com/gptbot)"
74.7.227.10 - - [10/May/2026:17:48:42 +0200] "GET /brzitest.com.hr/6.php?sepatusuper=//proc/self/root/sys/devices/system/cpu/cpu5/driver/cpu3/node0/memory68/subsystem HTTP/1.1" 404 47 "http://mail.ithome.hr/brzitest.com.hr/6.php?sepatusuper=//proc/self/root/sys/devices/system/cpu/cpu5/driver/cpu3/node0/memory68" "Mozilla/5.0 AppleWebKit/537.36 (KHTML, like Gecko; compatible; GPTBot/1.3; +https://openai.com/gptbot)"
74.7.241.51 - - [10/May/2026:17:49:15 +0200] "GET /brzitest.com.hr/6.php?sepatusuper=//proc/self/root/sys/devices/system/cpu/cpu6/driver/cpu7/node0/cpu5/driver HTTP/1.1" 404 47 "http://ithome.hr/brzitest.com.hr/6.php?sepatusuper=//proc/self/root/sys/devices/system/cpu/cpu6/driver/cpu7/node0/cpu5" "Mozilla/5.0 AppleWebKit/537.36 (KHTML, like Gecko; compatible; GPTBot/1.3; +https://openai.com/gptbot)"
74.7.227.10 - - [10/May/2026:17:49:46 +0200] "GET /brzitest.com.hr/6.php?sepatusuper=//proc/self/root/sys/devices/system/cpu/cpu5/driver/cpu4/node0/memory59/subsystem HTTP/1.1" 404 47 "http://mail.ithome.hr/brzitest.com.hr/6.php?sepatusuper=//proc/self/root/sys/devices/system/cpu/cpu5/driver/cpu4/node0/memory59" "Mozilla/5.0 AppleWebKit/537.36 (KHTML, like Gecko; compatible; GPTBot/1.3; +https://openai.com/gptbot)"
74.7.241.51 - - [10/May/2026:17:50:18 +0200] "GET /brzitest.com.hr/6.php?sepatusuper=//proc/self/root/sys/devices/system/cpu/cpu2/driver/cpu0/node0/cpu4/driver HTTP/1.1" 404 47 "http://ithome.hr/brzitest.com.hr/6.php?sepatusuper=//proc/self/root/sys/devices/system/cpu/cpu2/driver/cpu0/node0/cpu4" "Mozilla/5.0 AppleWebKit/537.36 (KHTML, like Gecko; compatible; GPTBot/1.3; +https://openai.com/gptbot)"
74.7.227.10 - - [10/May/2026:17:50:52 +0200] "GET /brzitest.com.hr/6.php?sepatusuper=//proc/self/root/sys/devices/system/cpu/cpu7/driver/cpu5/node0/memory87/subsystem HTTP/1.1" 404 47 "http://mail.ithome.hr/brzitest.com.hr/6.php?sepatusuper=//proc/self/root/sys/devices/system/cpu/cpu7/driver/cpu5/node0/memory87" "Mozilla/5.0 AppleWebKit/537.36 (KHTML, like Gecko; compatible; GPTBot/1.3; +https://openai.com/gptbot)"
74.7.241.51 - - [10/May/2026:17:51:22 +0200] "GET /brzitest.com.hr/6.php?sepatusuper=//proc/self/root/sys/devices/system/cpu/cpu6/driver/cpu7/node0/memory2/subsystem/drivers HTTP/1.1" 404 47 "http://ithome.hr/brzitest.com.hr/6.php?sepatusuper=//proc/self/root/sys/devices/system/cpu/cpu6/driver/cpu7/node0/memory2/subsystem" "Mozilla/5.0 AppleWebKit/537.36 (KHTML, like Gecko; compatible; GPTBot/1.3; +https://openai.com/gptbot)"
74.7.227.10 - - [10/May/2026:17:51:54 +0200] "GET /brzitest.com.hr/6.php?sepatusuper=//proc/self/root/sys/devices/system/cpu/cpu2/driver/cpu7/node0/memory69/subsystem HTTP/1.1" 404 47 "http://mail.ithome.hr/brzitest.com.hr/6.php?sepatusuper=//proc/self/root/sys/devices/system/cpu/cpu2/driver/cpu7/node0/memory69" "Mozilla/5.0 AppleWebKit/537.36 (KHTML, like Gecko; compatible; GPTBot/1.3; +https://openai.com/gptbot)"
74.7.241.51 - - [10/May/2026:17:52:26 +0200] "GET /brzitest.com.hr/6.php?sepatusuper=//proc/self/root/sys/devices/system/cpu/cpu6/node0/cpu1/driver/cpu7/subsystem/drivers HTTP/1.1" 404 47 "http://ithome.hr/brzitest.com.hr/6.php?sepatusuper=//proc/self/root/sys/devices/system/cpu/cpu6/node0/cpu1/driver/cpu7/subsystem" "Mozilla/5.0 AppleWebKit/537.36 (KHTML, like Gecko; compatible; GPTBot/1.3; +https://openai.com/gptbot)"
74.7.227.10 - - [10/May/2026:17:52:58 +0200] "GET /brzitest.com.hr/6.php?sepatusuper=//proc/self/root/sys/devices/system/cpu/cpu2/driver/cpu7/node0/memory37/subsystem HTTP/1.1" 404 47 "http://mail.ithome.hr/brzitest.com.hr/6.php?sepatusuper=//proc/self/root/sys/devices/system/cpu/cpu2/driver/cpu7/node0/memory37" "Mozilla/5.0 AppleWebKit/537.36 (KHTML, like Gecko; compatible; GPTBot/1.3; +https://openai.com/gptbot)"
74.7.241.51 - - [10/May/2026:17:53:29 +0200] "GET /brzitest.com.hr/6.php?sepatusuper=//proc/self/root/sys/devices/system/cpu/cpu2/driver/cpu0/node0/cpu6/node0/subsystem HTTP/1.1" 404 47 "http://ithome.hr/brzitest.com.hr/6.php?sepatusuper=//proc/self/root/sys/devices/system/cpu/cpu2/driver/cpu0/node0/cpu6/node0" "Mozilla/5.0 AppleWebKit/537.36 (KHTML, like Gecko; compatible; GPTBot/1.3; +https://openai.com/gptbot)"
74.7.227.10 - - [10/May/2026:17:54:04 +0200] "GET /brzitest.com.hr/6.php?sepatusuper=//proc/self/root/sys/devices/system/cpu/cpu7/driver/cpu1/node0/memory43/subsystem HTTP/1.1" 404 47 "http://mail.ithome.hr/brzitest.com.hr/6.php?sepatusuper=//proc/self/root/sys/devices/system/cpu/cpu7/driver/cpu1/node0/memory43" "Mozilla/5.0 AppleWebKit/537.36 (KHTML, like Gecko; compatible; GPTBot/1.3; +https://openai.com/gptbot)"
204.76.203.206 - - [10/May/2026:17:54:17 +0200] "GET / HTTP/1.1" 200 163 "-" "Mozilla/5.0"
74.7.241.51 - - [10/May/2026:17:54:33 +0200] "GET /brzitest.com.hr/6.php?sepatusuper=//proc/self/root/sys/devices/system/cpu/cpu7/node0/cpu2/driver/cpu6/subsystem/devices HTTP/1.1" 404 47 "http://ithome.hr/brzitest.com.hr/6.php?sepatusuper=//proc/self/root/sys/devices/system/cpu/cpu7/node0/cpu2/driver/cpu6/subsystem" "Mozilla/5.0 AppleWebKit/537.36 (KHTML, like Gecko; compatible; GPTBot/1.3; +https://openai.com/gptbot)"
74.7.227.10 - - [10/May/2026:17:55:10 +0200] "GET /brzitest.com.hr/6.php?sepatusuper=//proc/self/root/sys/devices/system/cpu/cpu7/driver/cpu3/node0/memory15/subsystem HTTP/1.1" 404 47 "http://mail.ithome.hr/brzitest.com.hr/6.php?sepatusuper=//proc/self/root/sys/devices/system/cpu/cpu7/driver/cpu3/node0/memory15" "Mozilla/5.0 AppleWebKit/537.36 (KHTML, like Gecko; compatible; GPTBot/1.3; +https://openai.com/gptbot)"
74.7.241.51 - - [10/May/2026:17:55:37 +0200] "GET /brzitest.com.hr/6.php?sepatusuper=//proc/self/root/sys/devices/system/cpu/cpu7/driver/cpu0/node0/cpu4/subsystem/devices HTTP/1.1" 404 47 "http://ithome.hr/brzitest.com.hr/6.php?sepatusuper=//proc/self/root/sys/devices/system/cpu/cpu7/driver/cpu0/node0/cpu4/subsystem" "Mozilla/5.0 AppleWebKit/537.36 (KHTML, like Gecko; compatible; GPTBot/1.3; +https://openai.com/gptbot)"
74.7.227.10 - - [10/May/2026:17:56:13 +0200] "GET /brzitest.com.hr/6.php?sepatusuper=//proc/self/root/sys/devices/system/cpu/cpu2/driver/cpu6/node0/memory45/subsystem HTTP/1.1" 404 47 "http://mail.ithome.hr/brzitest.com.hr/6.php?sepatusuper=//proc/self/root/sys/devices/system/cpu/cpu2/driver/cpu6/node0/memory45" "Mozilla/5.0 AppleWebKit/537.36 (KHTML, like Gecko; compatible; GPTBot/1.3; +https://openai.com/gptbot)"
74.7.241.51 - - [10/May/2026:17:56:39 +0200] "GET /brzitest.com.hr/6.php?sepatusuper=//proc/self/root/sys/devices/system/cpu/cpu6/driver/cpu0/node0/memory70/subsystem/drivers HTTP/1.1" 404 47 "http://ithome.hr/brzitest.com.hr/6.php?sepatusuper=//proc/self/root/sys/devices/system/cpu/cpu6/driver/cpu0/node0/memory70/subsystem" "Mozilla/5.0 AppleWebKit/537.36 (KHTML, like Gecko; compatible; GPTBot/1.3; +https://openai.com/gptbot)"
74.7.227.10 - - [10/May/2026:17:57:16 +0200] "GET /brzitest.com.hr/6.php?sepatusuper=//proc/self/root/sys/devices/system/cpu/cpu4/driver/cpu3/node0/memory38/subsystem HTTP/1.1" 404 47 "http://mail.ithome.hr/brzitest.com.hr/6.php?sepatusuper=//proc/self/root/sys/devices/system/cpu/cpu4/driver/cpu3/node0/memory38" "Mozilla/5.0 AppleWebKit/537.36 (KHTML, like Gecko; compatible; GPTBot/1.3; +https://openai.com/gptbot)"
74.7.227.10 - - [10/May/2026:17:58:21 +0200] "GET /brzitest.com.hr/6.php?sepatusuper=//proc/self/root/sys/devices/system/cpu/cpu5/driver/cpu3/node0/memory70/subsystem HTTP/1.1" 404 47 "http://mail.ithome.hr/brzitest.com.hr/6.php?sepatusuper=//proc/self/root/sys/devices/system/cpu/cpu5/driver/cpu3/node0/memory70" "Mozilla/5.0 AppleWebKit/537.36 (KHTML, like Gecko; compatible; GPTBot/1.3; +https://openai.com/gptbot)"
74.7.241.51 - - [10/May/2026:17:58:47 +0200] "GET /brzitest.com.hr/6.php?sepatusuper=//proc/self/root/sys/devices/system/cpu/cpu0/driver/cpu1/node0/cpu7/driver HTTP/1.1" 404 47 "http://ithome.hr/brzitest.com.hr/6.php?sepatusuper=//proc/self/root/sys/devices/system/cpu/cpu0/driver/cpu1/node0/cpu7" "Mozilla/5.0 AppleWebKit/537.36 (KHTML, like Gecko; compatible; GPTBot/1.3; +https://openai.com/gptbot)"
74.7.227.10 - - [10/May/2026:17:59:25 +0200] "GET /brzitest.com.hr/6.php?sepatusuper=//proc/self/root/sys/devices/system/cpu/cpu4/driver/cpu1/node0/memory50/subsystem HTTP/1.1" 404 47 "http://mail.ithome.hr/brzitest.com.hr/6.php?sepatusuper=//proc/self/root/sys/devices/system/cpu/cpu4/driver/cpu1/node0/memory50" "Mozilla/5.0 AppleWebKit/537.36 (KHTML, like Gecko; compatible; GPTBot/1.3; +https://openai.com/gptbot)"
74.7.241.51 - - [10/May/2026:17:59:52 +0200] "GET /brzitest.com.hr/6.php?sepatusuper=//proc/self/root/sys/devices/system/cpu/cpu6/node0/cpu7/driver/cpu0/subsystem/drivers HTTP/1.1" 404 47 "http://ithome.hr/brzitest.com.hr/6.php?sepatusuper=//proc/self/root/sys/devices/system/cpu/cpu6/node0/cpu7/driver/cpu0/subsystem" "Mozilla/5.0 AppleWebKit/537.36 (KHTML, like Gecko; compatible; GPTBot/1.3; +https://openai.com/gptbot)"
74.7.227.10 - - [10/May/2026:18:00:26 +0200] "GET /brzitest.com.hr/6.php?sepatusuper=//proc/self/root/sys/devices/system/cpu/cpu2/driver/cpu7/node0/memory58/subsystem HTTP/1.1" 404 47 "http://mail.ithome.hr/brzitest.com.hr/6.php?sepatusuper=//proc/self/root/sys/devices/system/cpu/cpu2/driver/cpu7/node0/memory58" "Mozilla/5.0 AppleWebKit/537.36 (KHTML, like Gecko; compatible; GPTBot/1.3; +https://openai.com/gptbot)"
45.148.10.67 - - [10/May/2026:18:00:49 +0200] "GET / HTTP/1.1" 200 163 "-" "Mozilla/5.0 (Windows NT 10.0; Win64; x64) AppleWebKit/537.36 (KHTML, like Gecko) Chrome/131.0.0.0 Safari/537.36"
74.7.241.51 - - [10/May/2026:18:00:53 +0200] "GET /brzitest.com.hr/6.php?sepatusuper=//proc/self/root/sys/devices/system/cpu/cpu6/driver/cpu0/node0/memory64/subsystem/drivers HTTP/1.1" 404 47 "http://ithome.hr/brzitest.com.hr/6.php?sepatusuper=//proc/self/root/sys/devices/system/cpu/cpu6/driver/cpu0/node0/memory64/subsystem" "Mozilla/5.0 AppleWebKit/537.36 (KHTML, like Gecko; compatible; GPTBot/1.3; +https://openai.com/gptbot)"
74.7.227.10 - - [10/May/2026:18:01:27 +0200] "GET /brzitest.com.hr/6.php?sepatusuper=//proc/self/root/sys/devices/system/cpu/cpu7/driver/cpu1/node0/memory88/subsystem HTTP/1.1" 404 47 "http://mail.ithome.hr/brzitest.com.hr/6.php?sepatusuper=//proc/self/root/sys/devices/system/cpu/cpu7/driver/cpu1/node0/memory88" "Mozilla/5.0 AppleWebKit/537.36 (KHTML, like Gecko; compatible; GPTBot/1.3; +https://openai.com/gptbot)"
74.7.241.51 - - [10/May/2026:18:01:57 +0200] "GET /brzitest.com.hr/6.php?sepatusuper=//proc/self/root/sys/devices/system/cpu/cpu0/driver/cpu5/node0/cpu1/driver HTTP/1.1" 404 47 "http://ithome.hr/brzitest.com.hr/6.php?sepatusuper=//proc/self/root/sys/devices/system/cpu/cpu0/driver/cpu5/node0/cpu1" "Mozilla/5.0 AppleWebKit/537.36 (KHTML, like Gecko; compatible; GPTBot/1.3; +https://openai.com/gptbot)"
74.7.227.10 - - [10/May/2026:18:02:29 +0200] "GET /brzitest.com.hr/6.php?sepatusuper=//proc/self/root/sys/devices/system/cpu/cpu7/driver/cpu5/node0/memory92/subsystem HTTP/1.1" 404 47 "http://mail.ithome.hr/brzitest.com.hr/6.php?sepatusuper=//proc/self/root/sys/devices/system/cpu/cpu7/driver/cpu5/node0/memory92" "Mozilla/5.0 AppleWebKit/537.36 (KHTML, like Gecko; compatible; GPTBot/1.3; +https://openai.com/gptbot)"
74.7.241.51 - - [10/May/2026:18:03:00 +0200] "GET /brzitest.com.hr/6.php?sepatusuper=//proc/self/root/sys/devices/system/cpu/cpu7/driver/cpu0/node0/memory8/subsystem/devices HTTP/1.1" 404 47 "http://ithome.hr/brzitest.com.hr/6.php?sepatusuper=//proc/self/root/sys/devices/system/cpu/cpu7/driver/cpu0/node0/memory8/subsystem" "Mozilla/5.0 AppleWebKit/537.36 (KHTML, like Gecko; compatible; GPTBot/1.3; +https://openai.com/gptbot)"
74.7.227.10 - - [10/May/2026:18:03:33 +0200] "GET /brzitest.com.hr/6.php?sepatusuper=//proc/self/root/sys/devices/system/cpu/cpu5/driver/cpu1/node0/memory89/subsystem HTTP/1.1" 404 47 "http://mail.ithome.hr/brzitest.com.hr/6.php?sepatusuper=//proc/self/root/sys/devices/system/cpu/cpu5/driver/cpu1/node0/memory89" "Mozilla/5.0 AppleWebKit/537.36 (KHTML, like Gecko; compatible; GPTBot/1.3; +https://openai.com/gptbot)"
74.7.241.51 - - [10/May/2026:18:04:00 +0200] "GET /brzitest.com.hr/6.php?sepatusuper=//proc/self/root/sys/devices/system/cpu/cpu6/node0/cpu7/driver/cpu3/driver HTTP/1.1" 404 47 "http://ithome.hr/brzitest.com.hr/6.php?sepatusuper=//proc/self/root/sys/devices/system/cpu/cpu6/node0/cpu7/driver/cpu3" "Mozilla/5.0 AppleWebKit/537.36 (KHTML, like Gecko; compatible; GPTBot/1.3; +https://openai.com/gptbot)"
145.239.65.236 - - [10/May/2026:18:04:17 +0200] "GET /robots.txt HTTP/1.1" 404 355 "-" "Mozilla/5.0 (compatible; MJ12bot/v1.4.8; http://mj12bot.com/)"
145.239.65.236 - - [10/May/2026:18:04:19 +0200] "GET /novastvarnost/wp-includes/core.php?filesrc=//bin/dpkg&sepatusuper=//bin HTTP/1.1" 200 116908 "-" "Mozilla/5.0 (compatible; MJ12bot/v1.4.8; http://mj12bot.com/)"
145.239.65.236 - - [10/May/2026:18:04:23 +0200] "GET /novastvarnost/wp-includes/core.php?filesrc=//bin/dpkg-split&sepatusuper=//bin HTTP/1.1" 200 49330 "-" "Mozilla/5.0 (compatible; MJ12bot/v1.4.8; http://mj12bot.com/)"
145.239.65.236 - - [10/May/2026:18:04:26 +0200] "GET /novastvarnost/wp-includes/core.php?filesrc=//bin/dpkg-statoverride&sepatusuper=//bin HTTP/1.1" 200 30284 "-" "Mozilla/5.0 (compatible; MJ12bot/v1.4.8; http://mj12bot.com/)"
145.239.65.236 - - [10/May/2026:18:04:29 +0200] "GET /novastvarnost/wp-includes/core.php?filesrc=//bin/dpkg-trigger&sepatusuper=//bin HTTP/1.1" 200 28979 "-" "Mozilla/5.0 (compatible; MJ12bot/v1.4.8; http://mj12bot.com/)"
145.239.65.236 - - [10/May/2026:18:04:32 +0200] "GET /novastvarnost/wp-includes/core.php?filesrc=//bin/dracut&sepatusuper=//bin HTTP/1.1" 200 16325 "-" "Mozilla/5.0 (compatible; MJ12bot/v1.4.8; http://mj12bot.com/)"
145.239.65.236 - - [10/May/2026:18:04:35 +0200] "GET /novastvarnost/wp-includes/core.php?filesrc=//bin/dsync&sepatusuper=//bin HTTP/1.1" 200 1042389 "-" "Mozilla/5.0 (compatible; MJ12bot/v1.4.8; http://mj12bot.com/)"
74.7.227.10 - - [10/May/2026:18:04:35 +0200] "GET /brzitest.com.hr/6.php?sepatusuper=//proc/self/root/sys/devices/system/cpu/cpu5/driver/cpu1/node0/memory39/subsystem HTTP/1.1" 404 47 "http://mail.ithome.hr/brzitest.com.hr/6.php?sepatusuper=//proc/self/root/sys/devices/system/cpu/cpu5/driver/cpu1/node0/memory39" "Mozilla/5.0 AppleWebKit/537.36 (KHTML, like Gecko; compatible; GPTBot/1.3; +https://openai.com/gptbot)"
145.239.65.236 - - [10/May/2026:18:04:38 +0200] "GET /novastvarnost/wp-includes/core.php?filesrc=//bin/dtrace&sepatusuper=//bin HTTP/1.1" 200 5642 "-" "Mozilla/5.0 (compatible; MJ12bot/v1.4.8; http://mj12bot.com/)"
145.239.65.236 - - [10/May/2026:18:04:41 +0200] "GET /novastvarnost/wp-includes/core.php?filesrc=//bin/du&sepatusuper=//bin HTTP/1.1" 200 50325 "-" "Mozilla/5.0 (compatible; MJ12bot/v1.4.8; http://mj12bot.com/)"
145.239.65.236 - - [10/May/2026:18:04:44 +0200] "GET /novastvarnost/wp-includes/core.php?filesrc=//bin/dumpsexp&sepatusuper=//bin HTTP/1.1" 200 6796 "-" "Mozilla/5.0 (compatible; MJ12bot/v1.4.8; http://mj12bot.com/)"
145.239.65.236 - - [10/May/2026:18:04:47 +0200] "GET /novastvarnost/wp-includes/core.php?filesrc=//bin/dvipdf&sepatusuper=//bin HTTP/1.1" 200 1583 "-" "Mozilla/5.0 (compatible; MJ12bot/v1.4.8; http://mj12bot.com/)"
145.239.65.236 - - [10/May/2026:18:04:50 +0200] "GET /novastvarnost/wp-includes/core.php?filesrc=//bin/dwp&sepatusuper=//bin HTTP/1.1" 200 1010921 "-" "Mozilla/5.0 (compatible; MJ12bot/v1.4.8; http://mj12bot.com/)"
145.239.65.236 - - [10/May/2026:18:04:54 +0200] "GET /novastvarnost/wp-includes/core.php?filesrc=//bin/dwz&sepatusuper=//bin HTTP/1.1" 200 73407 "-" "Mozilla/5.0 (compatible; MJ12bot/v1.4.8; http://mj12bot.com/)"
145.239.65.236 - - [10/May/2026:18:04:57 +0200] "GET /novastvarnost/wp-includes/core.php?filesrc=//bin/ea-php56&sepatusuper=//bin HTTP/1.1" 200 1130662 "-" "Mozilla/5.0 (compatible; MJ12bot/v1.4.8; http://mj12bot.com/)"
145.239.65.236 - - [10/May/2026:18:05:00 +0200] "GET /novastvarnost/wp-includes/core.php?filesrc=//bin/ea-php56-pear&sepatusuper=//bin HTTP/1.1" 200 1183 "-" "Mozilla/5.0 (compatible; MJ12bot/v1.4.8; http://mj12bot.com/)"
204.76.203.206 - - [10/May/2026:18:05:01 +0200] "GET / HTTP/1.1" 200 163 "-" "Mozilla/5.0"
145.239.65.236 - - [10/May/2026:18:05:03 +0200] "GET /novastvarnost/wp-includes/core.php?filesrc=//bin/ea-php56-pecl&sepatusuper=//bin HTTP/1.1" 200 1157 "-" "Mozilla/5.0 (compatible; MJ12bot/v1.4.8; http://mj12bot.com/)"
74.7.241.51 - - [10/May/2026:18:05:04 +0200] "GET /brzitest.com.hr/6.php?sepatusuper=//proc/self/root/sys/devices/system/cpu/cpu6/node0/cpu1/driver/cpu4/driver HTTP/1.1" 404 47 "http://ithome.hr/brzitest.com.hr/6.php?sepatusuper=//proc/self/root/sys/devices/system/cpu/cpu6/node0/cpu1/driver/cpu4" "Mozilla/5.0 AppleWebKit/537.36 (KHTML, like Gecko; compatible; GPTBot/1.3; +https://openai.com/gptbot)"
145.239.65.236 - - [10/May/2026:18:05:07 +0200] "GET /novastvarnost/wp-includes/core.php?filesrc=//bin/ea-php70&sepatusuper=//bin HTTP/1.1" 200 1103838 "-" "Mozilla/5.0 (compatible; MJ12bot/v1.4.8; http://mj12bot.com/)"
145.239.65.236 - - [10/May/2026:18:05:11 +0200] "GET /novastvarnost/wp-includes/core.php?filesrc=//bin/ea-php70-pear&sepatusuper=//bin HTTP/1.1" 200 1183 "-" "Mozilla/5.0 (compatible; MJ12bot/v1.4.8; http://mj12bot.com/)"
145.239.65.236 - - [10/May/2026:18:05:14 +0200] "GET /novastvarnost/wp-includes/core.php?filesrc=//bin/ea-php70-pecl&sepatusuper=//bin HTTP/1.1" 200 1157 "-" "Mozilla/5.0 (compatible; MJ12bot/v1.4.8; http://mj12bot.com/)"
145.239.65.236 - - [10/May/2026:18:05:18 +0200] "GET /novastvarnost/wp-includes/core.php?filesrc=//bin/ea-php71&sepatusuper=//bin HTTP/1.1" 200 1130654 "-" "Mozilla/5.0 (compatible; MJ12bot/v1.4.8; http://mj12bot.com/)"
145.239.65.236 - - [10/May/2026:18:05:20 +0200] "GET /novastvarnost/wp-includes/core.php?filesrc=//bin/ea-php71-pear&sepatusuper=//bin HTTP/1.1" 200 1183 "-" "Mozilla/5.0 (compatible; MJ12bot/v1.4.8; http://mj12bot.com/)"
45.79.181.179 - - [10/May/2026:18:05:21 +0200] "GET / HTTP/1.1" 200 163 "-" "Mozilla/5.0 (Macintosh; Intel Mac OS X 13_1) AppleWebKit/537.36 (KHTML, like Gecko) Chrome/108.0.0.0 Safari/537.36"
145.239.65.236 - - [10/May/2026:18:05:22 +0200] "GET /novastvarnost/wp-includes/core.php?filesrc=//bin/ea-php72&sepatusuper=//bin HTTP/1.1" 200 1114308 "-" "Mozilla/5.0 (compatible; MJ12bot/v1.4.8; http://mj12bot.com/)"
145.239.65.236 - - [10/May/2026:18:05:27 +0200] "GET /novastvarnost/wp-includes/core.php?filesrc=//bin/ea-php72-pear&sepatusuper=//bin HTTP/1.1" 200 1183 "-" "Mozilla/5.0 (compatible; MJ12bot/v1.4.8; http://mj12bot.com/)"
145.239.65.236 - - [10/May/2026:18:05:30 +0200] "GET /novastvarnost/wp-includes/core.php?filesrc=//bin/ea-php72-pecl&sepatusuper=//bin HTTP/1.1" 200 1157 "-" "Mozilla/5.0 (compatible; MJ12bot/v1.4.8; http://mj12bot.com/)"
145.239.65.236 - - [10/May/2026:18:05:33 +0200] "GET /novastvarnost/wp-includes/core.php?filesrc=//bin/ea-php73&sepatusuper=//bin HTTP/1.1" 200 1122532 "-" "Mozilla/5.0 (compatible; MJ12bot/v1.4.8; http://mj12bot.com/)"
145.239.65.236 - - [10/May/2026:18:05:37 +0200] "GET /novastvarnost/wp-includes/core.php?filesrc=//bin/ea-php73-pear&sepatusuper=//bin HTTP/1.1" 200 1183 "-" "Mozilla/5.0 (compatible; MJ12bot/v1.4.8; http://mj12bot.com/)"
74.7.227.10 - - [10/May/2026:18:05:40 +0200] "GET /brzitest.com.hr/6.php?sepatusuper=//proc/self/root/sys/devices/system/cpu/cpu5/driver/cpu4/node0/memory20/subsystem HTTP/1.1" 404 47 "http://mail.ithome.hr/brzitest.com.hr/6.php?sepatusuper=//proc/self/root/sys/devices/system/cpu/cpu5/driver/cpu4/node0/memory20" "Mozilla/5.0 AppleWebKit/537.36 (KHTML, like Gecko; compatible; GPTBot/1.3; +https://openai.com/gptbot)"
145.239.65.236 - - [10/May/2026:18:05:40 +0200] "GET /novastvarnost/wp-includes/core.php?filesrc=//bin/ea-php73-pecl&sepatusuper=//bin HTTP/1.1" 200 1157 "-" "Mozilla/5.0 (compatible; MJ12bot/v1.4.8; http://mj12bot.com/)"
145.239.65.236 - - [10/May/2026:18:05:43 +0200] "GET /novastvarnost/wp-includes/core.php?filesrc=//bin/ea-php74&sepatusuper=//bin HTTP/1.1" 200 1089794 "-" "Mozilla/5.0 (compatible; MJ12bot/v1.4.8; http://mj12bot.com/)"
145.239.65.236 - - [10/May/2026:18:05:47 +0200] "GET /novastvarnost/wp-includes/core.php?filesrc=//bin/ea-php74-pear&sepatusuper=//bin HTTP/1.1" 200 1183 "-" "Mozilla/5.0 (compatible; MJ12bot/v1.4.8; http://mj12bot.com/)"
145.239.65.236 - - [10/May/2026:18:05:50 +0200] "GET /novastvarnost/wp-includes/core.php?filesrc=//bin/ea-php74-pecl&sepatusuper=//bin HTTP/1.1" 200 1157 "-" "Mozilla/5.0 (compatible; MJ12bot/v1.4.8; http://mj12bot.com/)"
145.239.65.236 - - [10/May/2026:18:05:53 +0200] "GET /novastvarnost/wp-includes/core.php?filesrc=//bin/ea-php80&sepatusuper=//bin HTTP/1.1" 200 1065110 "-" "Mozilla/5.0 (compatible; MJ12bot/v1.4.8; http://mj12bot.com/)"
145.239.65.236 - - [10/May/2026:18:05:57 +0200] "GET /novastvarnost/wp-includes/core.php?filesrc=//bin/ea-php80-pear&sepatusuper=//bin HTTP/1.1" 200 1183 "-" "Mozilla/5.0 (compatible; MJ12bot/v1.4.8; http://mj12bot.com/)"
145.239.65.236 - - [10/May/2026:18:06:01 +0200] "GET /novastvarnost/wp-includes/core.php?filesrc=//bin/ea-php81&sepatusuper=//bin HTTP/1.1" 200 1007881 "-" "Mozilla/5.0 (compatible; MJ12bot/v1.4.8; http://mj12bot.com/)"
145.239.65.236 - - [10/May/2026:18:06:05 +0200] "GET /novastvarnost/wp-includes/core.php?filesrc=//bin/ea-php81-pear&sepatusuper=//bin HTTP/1.1" 200 1183 "-" "Mozilla/5.0 (compatible; MJ12bot/v1.4.8; http://mj12bot.com/)"
145.239.65.236 - - [10/May/2026:18:06:08 +0200] "GET /novastvarnost/wp-includes/core.php?filesrc=//bin/ea-php82&sepatusuper=//bin HTTP/1.1" 200 1089825 "-" "Mozilla/5.0 (compatible; MJ12bot/v1.4.8; http://mj12bot.com/)"
74.7.241.51 - - [10/May/2026:18:06:09 +0200] "GET /brzitest.com.hr/6.php?sepatusuper=//proc/self/root/sys/devices/system/cpu/cpu2/driver/cpu3/node0/subsystem/drivers HTTP/1.1" 404 47 "http://ithome.hr/brzitest.com.hr/6.php?sepatusuper=//proc/self/root/sys/devices/system/cpu/cpu2/driver/cpu3/node0/subsystem" "Mozilla/5.0 AppleWebKit/537.36 (KHTML, like Gecko; compatible; GPTBot/1.3; +https://openai.com/gptbot)"
145.239.65.236 - - [10/May/2026:18:06:11 +0200] "GET /novastvarnost/wp-includes/core.php?filesrc=//bin/easy_install&sepatusuper=//bin HTTP/1.1" 200 1176 "-" "Mozilla/5.0 (compatible; MJ12bot/v1.4.8; http://mj12bot.com/)"
145.239.65.236 - - [10/May/2026:18:06:14 +0200] "GET /novastvarnost/wp-includes/core.php?filesrc=//bin/gdcmpgif&sepatusuper=//bin HTTP/1.1" 200 4302 "-" "Mozilla/5.0 (compatible; MJ12bot/v1.4.8; http://mj12bot.com/)"
145.239.65.236 - - [10/May/2026:18:06:17 +0200] "GET /novastvarnost/wp-includes/core.php?filesrc=//bin/gdk-pixbuf-query-loaders-64&sepatusuper=//bin HTTP/1.1" 200 5934 "-" "Mozilla/5.0 (compatible; MJ12bot/v1.4.8; http://mj12bot.com/)"
145.239.65.236 - - [10/May/2026:18:06:21 +0200] "GET /novastvarnost/wp-includes/core.php?filesrc=//bin/genisoimage&sepatusuper=//bin HTTP/1.1" 200 170061 "-" "Mozilla/5.0 (compatible; MJ12bot/v1.4.8; http://mj12bot.com/)"
145.239.65.236 - - [10/May/2026:18:06:24 +0200] "GET /novastvarnost/wp-includes/core.php?filesrc=//bin/imunify-fgw-dump&sepatusuper=//bin HTTP/1.1" 200 1114274 "-" "Mozilla/5.0 (compatible; MJ12bot/v1.4.8; http://mj12bot.com/)"
145.239.65.236 - - [10/May/2026:18:06:28 +0200] "GET /novastvarnost/wp-includes/core.php?filesrc=//bin/imunify-service&sepatusuper=//bin HTTP/1.1" 200 1472 "-" "Mozilla/5.0 (compatible; MJ12bot/v1.4.8; http://mj12bot.com/)"
145.239.65.236 - - [10/May/2026:18:06:31 +0200] "GET /novastvarnost/wp-includes/core.php?filesrc=//bin/imunify360-agent&sepatusuper=//bin HTTP/1.1" 200 1470 "-" "Mozilla/5.0 (compatible; MJ12bot/v1.4.8; http://mj12bot.com/)"
145.239.65.236 - - [10/May/2026:18:06:33 +0200] "GET /novastvarnost/wp-includes/core.php?filesrc=//bin/imunify360-command-wrapper&sepatusuper=//bin HTTP/1.1" 200 4158 "-" "Mozilla/5.0 (compatible; MJ12bot/v1.4.8; http://mj12bot.com/)"
145.239.65.236 - - [10/May/2026:18:06:36 +0200] "GET /novastvarnost/wp-includes/core.php?filesrc=//bin/info&sepatusuper=//bin HTTP/1.1" 200 124628 "-" "Mozilla/5.0 (compatible; MJ12bot/v1.4.8; http://mj12bot.com/)"
145.239.65.236 - - [10/May/2026:18:06:40 +0200] "GET /novastvarnost/wp-includes/core.php?filesrc=//bin/infocmp&sepatusuper=//bin HTTP/1.1" 200 23966 "-" "Mozilla/5.0 (compatible; MJ12bot/v1.4.8; http://mj12bot.com/)"
145.239.65.236 - - [10/May/2026:18:06:43 +0200] "GET /novastvarnost/wp-includes/core.php?filesrc=//bin/infokey&sepatusuper=//bin HTTP/1.1" 200 9582 "-" "Mozilla/5.0 (compatible; MJ12bot/v1.4.8; http://mj12bot.com/)"
74.7.227.10 - - [10/May/2026:18:06:45 +0200] "GET /brzitest.com.hr/6.php?sepatusuper=//proc/self/root/sys/devices/system/cpu/cpu2/driver/cpu1/node0/memory77/subsystem HTTP/1.1" 404 47 "http://mail.ithome.hr/brzitest.com.hr/6.php?sepatusuper=//proc/self/root/sys/devices/system/cpu/cpu2/driver/cpu1/node0/memory77" "Mozilla/5.0 AppleWebKit/537.36 (KHTML, like Gecko; compatible; GPTBot/1.3; +https://openai.com/gptbot)"
145.239.65.236 - - [10/May/2026:18:06:46 +0200] "GET /novastvarnost/wp-includes/core.php?filesrc=//bin/infotocap&sepatusuper=//bin HTTP/1.1" 200 26934 "-" "Mozilla/5.0 (compatible; MJ12bot/v1.4.8; http://mj12bot.com/)"
145.239.65.236 - - [10/May/2026:18:06:49 +0200] "GET /novastvarnost/wp-includes/core.php?filesrc=//bin/innochecksum&sepatusuper=//bin HTTP/1.1" 200 647981 "-" "Mozilla/5.0 (compatible; MJ12bot/v1.4.8; http://mj12bot.com/)"
145.239.65.236 - - [10/May/2026:18:06:52 +0200] "GET /novastvarnost/wp-includes/core.php?filesrc=//bin/install&sepatusuper=//bin HTTP/1.1" 200 62396 "-" "Mozilla/5.0 (compatible; MJ12bot/v1.4.8; http://mj12bot.com/)"
145.239.65.236 - - [10/May/2026:18:06:55 +0200] "GET /novastvarnost/wp-includes/core.php?filesrc=//bin/instmodsh&sepatusuper=//bin HTTP/1.1" 200 2341 "-" "Mozilla/5.0 (compatible; MJ12bot/v1.4.8; http://mj12bot.com/)"
145.239.65.236 - - [10/May/2026:18:06:58 +0200] "GET /novastvarnost/wp-includes/core.php?filesrc=//bin/ionice&sepatusuper=//bin HTTP/1.1" 200 10038 "-" "Mozilla/5.0 (compatible; MJ12bot/v1.4.8; http://mj12bot.com/)"
145.239.65.236 - - [10/May/2026:18:07:01 +0200] "GET /novastvarnost/wp-includes/core.php?filesrc=//bin/iostat&sepatusuper=//bin HTTP/1.1" 200 26816 "-" "Mozilla/5.0 (compatible; MJ12bot/v1.4.8; http://mj12bot.com/)"
145.239.65.236 - - [10/May/2026:18:07:04 +0200] "GET /novastvarnost/wp-includes/core.php?filesrc=//bin/ipcalc&sepatusuper=//bin HTTP/1.1" 200 6556 "-" "Mozilla/5.0 (compatible; MJ12bot/v1.4.8; http://mj12bot.com/)"
145.239.65.236 - - [10/May/2026:18:07:07 +0200] "GET /novastvarnost/wp-includes/core.php?filesrc=//bin/ipcmk&sepatusuper=//bin HTTP/1.1" 200 10359 "-" "Mozilla/5.0 (compatible; MJ12bot/v1.4.8; http://mj12bot.com/)"
145.239.65.236 - - [10/May/2026:18:07:10 +0200] "GET /novastvarnost/wp-includes/core.php?filesrc=//bin/ipcrm&sepatusuper=//bin HTTP/1.1" 200 10963 "-" "Mozilla/5.0 (compatible; MJ12bot/v1.4.8; http://mj12bot.com/)"
145.239.65.236 - - [10/May/2026:18:07:13 +0200] "GET /novastvarnost/wp-includes/core.php?filesrc=//bin/ipcs&sepatusuper=//bin HTTP/1.1" 200 19470 "-" "Mozilla/5.0 (compatible; MJ12bot/v1.4.8; http://mj12bot.com/)"
74.7.241.51 - - [10/May/2026:18:07:14 +0200] "GET /brzitest.com.hr/6.php?sepatusuper=//proc/self/root/sys/devices/system/cpu/cpu7/driver/cpu6/node0/cpu2/subsystem/drivers HTTP/1.1" 404 47 "http://ithome.hr/brzitest.com.hr/6.php?sepatusuper=//proc/self/root/sys/devices/system/cpu/cpu7/driver/cpu6/node0/cpu2/subsystem" "Mozilla/5.0 AppleWebKit/537.36 (KHTML, like Gecko; compatible; GPTBot/1.3; +https://openai.com/gptbot)"
145.239.65.236 - - [10/May/2026:18:07:16 +0200] "GET /novastvarnost/wp-includes/core.php?filesrc=//bin/iptables-xml&sepatusuper=//bin HTTP/1.1" 200 35862 "-" "Mozilla/5.0 (compatible; MJ12bot/v1.4.8; http://mj12bot.com/)"
145.239.65.236 - - [10/May/2026:18:07:19 +0200] "GET /novastvarnost/wp-includes/core.php?filesrc=//bin/irb&sepatusuper=//bin HTTP/1.1" 200 1177 "-" "Mozilla/5.0 (compatible; MJ12bot/v1.4.8; http://mj12bot.com/)"
145.239.65.236 - - [10/May/2026:18:07:22 +0200] "GET /novastvarnost/wp-includes/core.php?filesrc=//bin/isc-config.sh&sepatusuper=//bin HTTP/1.1" 200 2317 "-" "Mozilla/5.0 (compatible; MJ12bot/v1.4.8; http://mj12bot.com/)"
145.239.65.236 - - [10/May/2026:18:07:25 +0200] "GET /novastvarnost/wp-includes/core.php?filesrc=//bin/isodebug&sepatusuper=//bin HTTP/1.1" 200 26206 "-" "Mozilla/5.0 (compatible; MJ12bot/v1.4.8; http://mj12bot.com/)"
145.239.65.236 - - [10/May/2026:18:07:28 +0200] "GET /novastvarnost/wp-includes/core.php?filesrc=//bin/isodump&sepatusuper=//bin HTTP/1.1" 200 28761 "-" "Mozilla/5.0 (compatible; MJ12bot/v1.4.8; http://mj12bot.com/)"
