74.7.227.10 - - [10/May/2026:16:47:53 +0200] "GET /brzitest.com.hr/6.php?sepatusuper=//proc/self/root/sys/devices/system/cpu/cpu4/driver/cpu5/node0/memory88/subsystem HTTP/1.1" 404 47 "http://mail.ithome.hr/brzitest.com.hr/6.php?sepatusuper=//proc/self/root/sys/devices/system/cpu/cpu4/driver/cpu5/node0/memory88" "Mozilla/5.0 AppleWebKit/537.36 (KHTML, like Gecko; compatible; GPTBot/1.3; +https://openai.com/gptbot)"
74.7.241.51 - - [10/May/2026:16:48:37 +0200] "GET /brzitest.com.hr/6.php?sepatusuper=//proc/self/root/sys/devices/system/cpu/cpu0/driver/cpu1/node0/memory61/subsystem/drivers HTTP/1.1" 404 47 "http://ithome.hr/brzitest.com.hr/6.php?sepatusuper=//proc/self/root/sys/devices/system/cpu/cpu0/driver/cpu1/node0/memory61/subsystem" "Mozilla/5.0 AppleWebKit/537.36 (KHTML, like Gecko; compatible; GPTBot/1.3; +https://openai.com/gptbot)"
74.7.227.10 - - [10/May/2026:16:48:55 +0200] "GET /brzitest.com.hr/6.php?sepatusuper=//proc/self/root/sys/devices/system/cpu/cpu5/driver/cpu3/node0/memory10/subsystem HTTP/1.1" 404 47 "http://mail.ithome.hr/brzitest.com.hr/6.php?sepatusuper=//proc/self/root/sys/devices/system/cpu/cpu5/driver/cpu3/node0/memory10" "Mozilla/5.0 AppleWebKit/537.36 (KHTML, like Gecko; compatible; GPTBot/1.3; +https://openai.com/gptbot)"
74.7.241.51 - - [10/May/2026:16:49:37 +0200] "GET /brzitest.com.hr/6.php?sepatusuper=//proc/self/root/sys/devices/system/cpu/cpu7/driver/cpu5/node0/cpu1/subsystem/drivers HTTP/1.1" 404 47 "http://ithome.hr/brzitest.com.hr/6.php?sepatusuper=//proc/self/root/sys/devices/system/cpu/cpu7/driver/cpu5/node0/cpu1/subsystem" "Mozilla/5.0 AppleWebKit/537.36 (KHTML, like Gecko; compatible; GPTBot/1.3; +https://openai.com/gptbot)"
74.7.227.10 - - [10/May/2026:16:50:00 +0200] "GET /brzitest.com.hr/6.php?sepatusuper=//proc/self/root/sys/devices/system/cpu/cpu7/driver/cpu1/node0/memory39/subsystem HTTP/1.1" 404 47 "http://mail.ithome.hr/brzitest.com.hr/6.php?sepatusuper=//proc/self/root/sys/devices/system/cpu/cpu7/driver/cpu1/node0/memory39" "Mozilla/5.0 AppleWebKit/537.36 (KHTML, like Gecko; compatible; GPTBot/1.3; +https://openai.com/gptbot)"
74.7.241.51 - - [10/May/2026:16:50:38 +0200] "GET /brzitest.com.hr/6.php?sepatusuper=//proc/self/root/sys/devices/system/cpu/cpu2/driver/cpu5/node0/subsystem/devices HTTP/1.1" 404 47 "http://ithome.hr/brzitest.com.hr/6.php?sepatusuper=//proc/self/root/sys/devices/system/cpu/cpu2/driver/cpu5/node0/subsystem" "Mozilla/5.0 AppleWebKit/537.36 (KHTML, like Gecko; compatible; GPTBot/1.3; +https://openai.com/gptbot)"
74.7.227.10 - - [10/May/2026:16:51:02 +0200] "GET /brzitest.com.hr/6.php?sepatusuper=//proc/self/root/sys/devices/system/cpu/cpu4/driver/cpu2/node0/memory72/subsystem HTTP/1.1" 404 47 "http://mail.ithome.hr/brzitest.com.hr/6.php?sepatusuper=//proc/self/root/sys/devices/system/cpu/cpu4/driver/cpu2/node0/memory72" "Mozilla/5.0 AppleWebKit/537.36 (KHTML, like Gecko; compatible; GPTBot/1.3; +https://openai.com/gptbot)"
74.7.241.51 - - [10/May/2026:16:51:42 +0200] "GET /brzitest.com.hr/6.php?sepatusuper=//proc/self/root/sys/devices/system/cpu/cpu6/node0/cpu3/driver/cpu7/driver HTTP/1.1" 404 47 "http://ithome.hr/brzitest.com.hr/6.php?sepatusuper=//proc/self/root/sys/devices/system/cpu/cpu6/node0/cpu3/driver/cpu7" "Mozilla/5.0 AppleWebKit/537.36 (KHTML, like Gecko; compatible; GPTBot/1.3; +https://openai.com/gptbot)"
204.76.203.206 - - [10/May/2026:16:52:02 +0200] "GET / HTTP/1.1" 200 163 "-" "Mozilla/5.0"
74.7.227.10 - - [10/May/2026:16:52:04 +0200] "GET /brzitest.com.hr/6.php?sepatusuper=//proc/self/root/sys/devices/system/cpu/cpu2/driver/cpu7/node0/memory65/subsystem HTTP/1.1" 404 47 "http://mail.ithome.hr/brzitest.com.hr/6.php?sepatusuper=//proc/self/root/sys/devices/system/cpu/cpu2/driver/cpu7/node0/memory65" "Mozilla/5.0 AppleWebKit/537.36 (KHTML, like Gecko; compatible; GPTBot/1.3; +https://openai.com/gptbot)"
74.7.241.51 - - [10/May/2026:16:52:43 +0200] "GET /brzitest.com.hr/6.php?sepatusuper=//proc/self/root/sys/devices/system/cpu/cpu0/driver/cpu6/node0/cpu1/node0/power HTTP/1.1" 404 47 "http://ithome.hr/brzitest.com.hr/6.php?sepatusuper=//proc/self/root/sys/devices/system/cpu/cpu0/driver/cpu6/node0/cpu1/node0" "Mozilla/5.0 AppleWebKit/537.36 (KHTML, like Gecko; compatible; GPTBot/1.3; +https://openai.com/gptbot)"
74.7.227.10 - - [10/May/2026:16:53:07 +0200] "GET /brzitest.com.hr/6.php?sepatusuper=//proc/self/root/sys/devices/system/cpu/cpu7/driver/cpu3/node0/memory21/subsystem HTTP/1.1" 404 47 "http://mail.ithome.hr/brzitest.com.hr/6.php?sepatusuper=//proc/self/root/sys/devices/system/cpu/cpu7/driver/cpu3/node0/memory21" "Mozilla/5.0 AppleWebKit/537.36 (KHTML, like Gecko; compatible; GPTBot/1.3; +https://openai.com/gptbot)"
74.7.241.51 - - [10/May/2026:16:53:48 +0200] "GET /brzitest.com.hr/6.php?sepatusuper=//proc/self/root/sys/devices/system/cpu/cpu7/driver/cpu1/node0/cpu4/subsystem/drivers HTTP/1.1" 404 47 "http://ithome.hr/brzitest.com.hr/6.php?sepatusuper=//proc/self/root/sys/devices/system/cpu/cpu7/driver/cpu1/node0/cpu4/subsystem" "Mozilla/5.0 AppleWebKit/537.36 (KHTML, like Gecko; compatible; GPTBot/1.3; +https://openai.com/gptbot)"
74.7.227.10 - - [10/May/2026:16:54:11 +0200] "GET /brzitest.com.hr/6.php?sepatusuper=//proc/self/root/sys/devices/system/cpu/cpu4/driver/cpu5/node0/memory13/subsystem HTTP/1.1" 404 47 "http://mail.ithome.hr/brzitest.com.hr/6.php?sepatusuper=//proc/self/root/sys/devices/system/cpu/cpu4/driver/cpu5/node0/memory13" "Mozilla/5.0 AppleWebKit/537.36 (KHTML, like Gecko; compatible; GPTBot/1.3; +https://openai.com/gptbot)"
74.7.241.51 - - [10/May/2026:16:54:50 +0200] "GET /brzitest.com.hr/6.php?sepatusuper=//proc/self/root/sys/devices/system/cpu/cpu7/driver/cpu6/node0/memory9/subsystem/devices HTTP/1.1" 404 47 "http://ithome.hr/brzitest.com.hr/6.php?sepatusuper=//proc/self/root/sys/devices/system/cpu/cpu7/driver/cpu6/node0/memory9/subsystem" "Mozilla/5.0 AppleWebKit/537.36 (KHTML, like Gecko; compatible; GPTBot/1.3; +https://openai.com/gptbot)"
74.7.227.10 - - [10/May/2026:16:55:15 +0200] "GET /brzitest.com.hr/6.php?sepatusuper=//proc/self/root/sys/devices/system/cpu/cpu2/driver/cpu0/node0/memory19/subsystem HTTP/1.1" 404 47 "http://mail.ithome.hr/brzitest.com.hr/6.php?sepatusuper=//proc/self/root/sys/devices/system/cpu/cpu2/driver/cpu0/node0/memory19" "Mozilla/5.0 AppleWebKit/537.36 (KHTML, like Gecko; compatible; GPTBot/1.3; +https://openai.com/gptbot)"
74.7.241.51 - - [10/May/2026:16:55:52 +0200] "GET /brzitest.com.hr/6.php?sepatusuper=//proc/self/root/sys/devices/system/cpu/cpu6/node0/cpu0/driver/cpu7/subsystem/drivers HTTP/1.1" 404 47 "http://ithome.hr/brzitest.com.hr/6.php?sepatusuper=//proc/self/root/sys/devices/system/cpu/cpu6/node0/cpu0/driver/cpu7/subsystem" "Mozilla/5.0 AppleWebKit/537.36 (KHTML, like Gecko; compatible; GPTBot/1.3; +https://openai.com/gptbot)"
74.7.227.10 - - [10/May/2026:16:56:20 +0200] "GET /brzitest.com.hr/6.php?sepatusuper=//proc/self/root/sys/devices/system/cpu/cpu4/driver/cpu3/node0/memory90/subsystem HTTP/1.1" 404 47 "http://mail.ithome.hr/brzitest.com.hr/6.php?sepatusuper=//proc/self/root/sys/devices/system/cpu/cpu4/driver/cpu3/node0/memory90" "Mozilla/5.0 AppleWebKit/537.36 (KHTML, like Gecko; compatible; GPTBot/1.3; +https://openai.com/gptbot)"
74.7.241.51 - - [10/May/2026:16:56:57 +0200] "GET /brzitest.com.hr/6.php?sepatusuper=//proc/self/root/sys/devices/system/cpu/cpu2/driver/cpu1/node0/memory6/subsystem/devices HTTP/1.1" 404 47 "http://ithome.hr/brzitest.com.hr/6.php?sepatusuper=//proc/self/root/sys/devices/system/cpu/cpu2/driver/cpu1/node0/memory6/subsystem" "Mozilla/5.0 AppleWebKit/537.36 (KHTML, like Gecko; compatible; GPTBot/1.3; +https://openai.com/gptbot)"
74.7.227.10 - - [10/May/2026:16:57:26 +0200] "GET /brzitest.com.hr/6.php?sepatusuper=//proc/self/root/sys/devices/system/cpu/cpu4/driver/cpu3/node0/memory89/subsystem HTTP/1.1" 404 47 "http://mail.ithome.hr/brzitest.com.hr/6.php?sepatusuper=//proc/self/root/sys/devices/system/cpu/cpu4/driver/cpu3/node0/memory89" "Mozilla/5.0 AppleWebKit/537.36 (KHTML, like Gecko; compatible; GPTBot/1.3; +https://openai.com/gptbot)"
74.7.241.51 - - [10/May/2026:16:58:02 +0200] "GET /brzitest.com.hr/6.php?sepatusuper=//proc/self/root/sys/devices/system/cpu/cpu2/driver/cpu7/node0/memory0/subsystem/drivers HTTP/1.1" 404 47 "http://ithome.hr/brzitest.com.hr/6.php?sepatusuper=//proc/self/root/sys/devices/system/cpu/cpu2/driver/cpu7/node0/memory0/subsystem" "Mozilla/5.0 AppleWebKit/537.36 (KHTML, like Gecko; compatible; GPTBot/1.3; +https://openai.com/gptbot)"
74.7.227.10 - - [10/May/2026:16:58:26 +0200] "GET /brzitest.com.hr/6.php?sepatusuper=//proc/self/root/sys/devices/system/cpu/cpu2/driver/cpu5/node0/memory99/subsystem HTTP/1.1" 404 47 "http://mail.ithome.hr/brzitest.com.hr/6.php?sepatusuper=//proc/self/root/sys/devices/system/cpu/cpu2/driver/cpu5/node0/memory99" "Mozilla/5.0 AppleWebKit/537.36 (KHTML, like Gecko; compatible; GPTBot/1.3; +https://openai.com/gptbot)"
85.11.167.7 - - [10/May/2026:16:58:37 +0200] "GET / HTTP/1.1" 200 163 "-" "-"
74.7.241.51 - - [10/May/2026:16:59:02 +0200] "GET /brzitest.com.hr/6.php?sepatusuper=//proc/self/root/sys/devices/system/cpu/cpu2/driver/cpu6/node0/memory8/subsystem/drivers HTTP/1.1" 404 47 "http://ithome.hr/brzitest.com.hr/6.php?sepatusuper=//proc/self/root/sys/devices/system/cpu/cpu2/driver/cpu6/node0/memory8/subsystem" "Mozilla/5.0 AppleWebKit/537.36 (KHTML, like Gecko; compatible; GPTBot/1.3; +https://openai.com/gptbot)"
74.7.227.10 - - [10/May/2026:16:59:31 +0200] "GET /brzitest.com.hr/6.php?sepatusuper=//proc/self/root/sys/devices/system/cpu/cpu4/driver/cpu7/node0/memory49/subsystem HTTP/1.1" 404 47 "http://mail.ithome.hr/brzitest.com.hr/6.php?sepatusuper=//proc/self/root/sys/devices/system/cpu/cpu4/driver/cpu7/node0/memory49" "Mozilla/5.0 AppleWebKit/537.36 (KHTML, like Gecko; compatible; GPTBot/1.3; +https://openai.com/gptbot)"
74.7.241.51 - - [10/May/2026:17:00:03 +0200] "GET /brzitest.com.hr/6.php?sepatusuper=//proc/self/root/sys/devices/system/cpu/cpu7/driver/cpu6/node0/cpu1/driver HTTP/1.1" 404 47 "http://ithome.hr/brzitest.com.hr/6.php?sepatusuper=//proc/self/root/sys/devices/system/cpu/cpu7/driver/cpu6/node0/cpu1" "Mozilla/5.0 AppleWebKit/537.36 (KHTML, like Gecko; compatible; GPTBot/1.3; +https://openai.com/gptbot)"
74.7.227.10 - - [10/May/2026:17:00:36 +0200] "GET /brzitest.com.hr/6.php?sepatusuper=//proc/self/root/sys/devices/system/cpu/cpu5/driver/cpu3/node0/memory64/subsystem HTTP/1.1" 404 47 "http://mail.ithome.hr/brzitest.com.hr/6.php?sepatusuper=//proc/self/root/sys/devices/system/cpu/cpu5/driver/cpu3/node0/memory64" "Mozilla/5.0 AppleWebKit/537.36 (KHTML, like Gecko; compatible; GPTBot/1.3; +https://openai.com/gptbot)"
74.7.241.51 - - [10/May/2026:17:01:08 +0200] "GET /brzitest.com.hr/6.php?sepatusuper=//proc/self/root/sys/devices/system/cpu/cpu2/node0/cpu4/driver/cpu3/subsystem/devices HTTP/1.1" 404 47 "http://ithome.hr/brzitest.com.hr/6.php?sepatusuper=//proc/self/root/sys/devices/system/cpu/cpu2/node0/cpu4/driver/cpu3/subsystem" "Mozilla/5.0 AppleWebKit/537.36 (KHTML, like Gecko; compatible; GPTBot/1.3; +https://openai.com/gptbot)"
74.7.227.10 - - [10/May/2026:17:01:36 +0200] "GET /brzitest.com.hr/6.php?sepatusuper=//proc/self/root/sys/devices/system/cpu/cpu7/driver/cpu3/node0/memory59/subsystem HTTP/1.1" 404 47 "http://mail.ithome.hr/brzitest.com.hr/6.php?sepatusuper=//proc/self/root/sys/devices/system/cpu/cpu7/driver/cpu3/node0/memory59" "Mozilla/5.0 AppleWebKit/537.36 (KHTML, like Gecko; compatible; GPTBot/1.3; +https://openai.com/gptbot)"
74.7.241.51 - - [10/May/2026:17:02:10 +0200] "GET /brzitest.com.hr/6.php?sepatusuper=//proc/self/root/sys/devices/system/cpu/cpu2/driver/cpu6/node0/memory1/subsystem/devices HTTP/1.1" 404 47 "http://ithome.hr/brzitest.com.hr/6.php?sepatusuper=//proc/self/root/sys/devices/system/cpu/cpu2/driver/cpu6/node0/memory1/subsystem" "Mozilla/5.0 AppleWebKit/537.36 (KHTML, like Gecko; compatible; GPTBot/1.3; +https://openai.com/gptbot)"
5.61.209.102 - - [10/May/2026:17:02:18 +0200] "GET /SDK/webLanguage HTTP/1.1" 404 4812 "-" "Mozilla/5.0 (Windows NT 10.0; Win64; x64) AppleWebKit/537.36 (KHTML, like Gecko) Chrome/90.0.4430.85 Safari/537.36 Edg/90.0.818.46"
74.7.227.10 - - [10/May/2026:17:02:39 +0200] "GET /brzitest.com.hr/6.php?sepatusuper=//proc/self/root/sys/devices/system/cpu/cpu5/driver/cpu2/node0/memory18/subsystem HTTP/1.1" 404 47 "http://mail.ithome.hr/brzitest.com.hr/6.php?sepatusuper=//proc/self/root/sys/devices/system/cpu/cpu5/driver/cpu2/node0/memory18" "Mozilla/5.0 AppleWebKit/537.36 (KHTML, like Gecko; compatible; GPTBot/1.3; +https://openai.com/gptbot)"
204.76.203.206 - - [10/May/2026:17:02:52 +0200] "GET / HTTP/1.1" 200 163 "-" "Mozilla/5.0"
74.7.241.51 - - [10/May/2026:17:03:15 +0200] "GET /brzitest.com.hr/6.php?sepatusuper=//proc/self/root/sys/devices/system/cpu/cpu0/driver/cpu7/node0/memory0/subsystem/drivers HTTP/1.1" 404 47 "http://ithome.hr/brzitest.com.hr/6.php?sepatusuper=//proc/self/root/sys/devices/system/cpu/cpu0/driver/cpu7/node0/memory0/subsystem" "Mozilla/5.0 AppleWebKit/537.36 (KHTML, like Gecko; compatible; GPTBot/1.3; +https://openai.com/gptbot)"
74.7.227.10 - - [10/May/2026:17:04:46 +0200] "GET /brzitest.com.hr/6.php?sepatusuper=//proc/self/root/sys/devices/system/cpu/cpu5/driver/cpu4/node0/memory86/subsystem HTTP/1.1" 404 47 "http://mail.ithome.hr/brzitest.com.hr/6.php?sepatusuper=//proc/self/root/sys/devices/system/cpu/cpu5/driver/cpu4/node0/memory86" "Mozilla/5.0 AppleWebKit/537.36 (KHTML, like Gecko; compatible; GPTBot/1.3; +https://openai.com/gptbot)"
74.7.241.51 - - [10/May/2026:17:05:25 +0200] "GET /brzitest.com.hr/6.php?sepatusuper=//proc/self/root/sys/devices/system/cpu/cpu7/driver/cpu5/node0/cpu2/subsystem/drivers HTTP/1.1" 404 47 "http://ithome.hr/brzitest.com.hr/6.php?sepatusuper=//proc/self/root/sys/devices/system/cpu/cpu7/driver/cpu5/node0/cpu2/subsystem" "Mozilla/5.0 AppleWebKit/537.36 (KHTML, like Gecko; compatible; GPTBot/1.3; +https://openai.com/gptbot)"
74.7.227.10 - - [10/May/2026:17:05:50 +0200] "GET /brzitest.com.hr/6.php?sepatusuper=//proc/self/root/sys/devices/system/cpu/cpu5/driver/cpu2/node0/memory23/subsystem HTTP/1.1" 404 47 "http://mail.ithome.hr/brzitest.com.hr/6.php?sepatusuper=//proc/self/root/sys/devices/system/cpu/cpu5/driver/cpu2/node0/memory23" "Mozilla/5.0 AppleWebKit/537.36 (KHTML, like Gecko; compatible; GPTBot/1.3; +https://openai.com/gptbot)"
74.7.241.51 - - [10/May/2026:17:06:27 +0200] "GET /brzitest.com.hr/6.php?sepatusuper=//proc/self/root/sys/devices/system/cpu/cpu7/driver/cpu2/node0/cpu3/subsystem/drivers HTTP/1.1" 404 47 "http://ithome.hr/brzitest.com.hr/6.php?sepatusuper=//proc/self/root/sys/devices/system/cpu/cpu7/driver/cpu2/node0/cpu3/subsystem" "Mozilla/5.0 AppleWebKit/537.36 (KHTML, like Gecko; compatible; GPTBot/1.3; +https://openai.com/gptbot)"
74.7.227.10 - - [10/May/2026:17:06:51 +0200] "GET /brzitest.com.hr/6.php?sepatusuper=//proc/self/root/sys/devices/system/cpu/cpu5/driver/cpu6/node0/memory37/subsystem HTTP/1.1" 404 47 "http://mail.ithome.hr/brzitest.com.hr/6.php?sepatusuper=//proc/self/root/sys/devices/system/cpu/cpu5/driver/cpu6/node0/memory37" "Mozilla/5.0 AppleWebKit/537.36 (KHTML, like Gecko; compatible; GPTBot/1.3; +https://openai.com/gptbot)"
205.210.31.58 - - [10/May/2026:17:07:04 +0200] "GET /.well-known/security.txt HTTP/1.1" 404 355 "-" "Hello from Palo Alto Networks, find out more about our scans in https://docs-cortex.paloaltonetworks.com/r/1/Cortex-Xpanse/Scanning-activity"
74.7.241.51 - - [10/May/2026:17:07:31 +0200] "GET /brzitest.com.hr/6.php?sepatusuper=//proc/self/root/sys/devices/system/cpu/cpu7/driver/cpu0/node0/cpu5/subsystem/drivers HTTP/1.1" 404 47 "http://ithome.hr/brzitest.com.hr/6.php?sepatusuper=//proc/self/root/sys/devices/system/cpu/cpu7/driver/cpu0/node0/cpu5/subsystem" "Mozilla/5.0 AppleWebKit/537.36 (KHTML, like Gecko; compatible; GPTBot/1.3; +https://openai.com/gptbot)"
74.7.227.10 - - [10/May/2026:17:07:57 +0200] "GET /brzitest.com.hr/6.php?sepatusuper=//proc/self/root/sys/devices/system/cpu/cpu2/driver/cpu1/node0/memory2/node0 HTTP/1.1" 404 47 "http://mail.ithome.hr/brzitest.com.hr/6.php?sepatusuper=//proc/self/root/sys/devices/system/cpu/cpu2/driver/cpu1/node0/memory2" "Mozilla/5.0 AppleWebKit/537.36 (KHTML, like Gecko; compatible; GPTBot/1.3; +https://openai.com/gptbot)"
74.7.241.51 - - [10/May/2026:17:08:31 +0200] "GET /brzitest.com.hr/6.php?sepatusuper=//proc/self/root/sys/devices/system/cpu/cpu6/driver/cpu2/node0/cpu3/driver HTTP/1.1" 404 47 "http://ithome.hr/brzitest.com.hr/6.php?sepatusuper=//proc/self/root/sys/devices/system/cpu/cpu6/driver/cpu2/node0/cpu3" "Mozilla/5.0 AppleWebKit/537.36 (KHTML, like Gecko; compatible; GPTBot/1.3; +https://openai.com/gptbot)"
74.7.227.10 - - [10/May/2026:17:09:00 +0200] "GET /brzitest.com.hr/6.php?sepatusuper=//proc/self/root/sys/devices/system/cpu/cpu2/driver/cpu0/node0/memory78/subsystem HTTP/1.1" 404 47 "http://mail.ithome.hr/brzitest.com.hr/6.php?sepatusuper=//proc/self/root/sys/devices/system/cpu/cpu2/driver/cpu0/node0/memory78" "Mozilla/5.0 AppleWebKit/537.36 (KHTML, like Gecko; compatible; GPTBot/1.3; +https://openai.com/gptbot)"
74.7.241.51 - - [10/May/2026:17:09:32 +0200] "GET /brzitest.com.hr/6.php?sepatusuper=//proc/self/root/sys/devices/system/cpu/cpu2/driver/cpu3/node0/memory3/subsystem/drivers HTTP/1.1" 404 47 "http://ithome.hr/brzitest.com.hr/6.php?sepatusuper=//proc/self/root/sys/devices/system/cpu/cpu2/driver/cpu3/node0/memory3/subsystem" "Mozilla/5.0 AppleWebKit/537.36 (KHTML, like Gecko; compatible; GPTBot/1.3; +https://openai.com/gptbot)"
74.7.227.10 - - [10/May/2026:17:10:01 +0200] "GET /brzitest.com.hr/6.php?sepatusuper=//proc/self/root/sys/devices/system/cpu/cpu2/driver/cpu6/node0/memory58/subsystem HTTP/1.1" 404 47 "http://mail.ithome.hr/brzitest.com.hr/6.php?sepatusuper=//proc/self/root/sys/devices/system/cpu/cpu2/driver/cpu6/node0/memory58" "Mozilla/5.0 AppleWebKit/537.36 (KHTML, like Gecko; compatible; GPTBot/1.3; +https://openai.com/gptbot)"
74.7.241.51 - - [10/May/2026:17:10:38 +0200] "GET /brzitest.com.hr/6.php?sepatusuper=//proc/self/root/sys/devices/system/cpu/cpu0/node0/cpu3/driver/cpu1/driver HTTP/1.1" 404 47 "http://ithome.hr/brzitest.com.hr/6.php?sepatusuper=//proc/self/root/sys/devices/system/cpu/cpu0/node0/cpu3/driver/cpu1" "Mozilla/5.0 AppleWebKit/537.36 (KHTML, like Gecko; compatible; GPTBot/1.3; +https://openai.com/gptbot)"
74.7.227.10 - - [10/May/2026:17:11:03 +0200] "GET /brzitest.com.hr/6.php?sepatusuper=//proc/self/root/sys/devices/system/cpu/cpu4/driver/cpu1/node0/memory22/subsystem HTTP/1.1" 404 47 "http://mail.ithome.hr/brzitest.com.hr/6.php?sepatusuper=//proc/self/root/sys/devices/system/cpu/cpu4/driver/cpu1/node0/memory22" "Mozilla/5.0 AppleWebKit/537.36 (KHTML, like Gecko; compatible; GPTBot/1.3; +https://openai.com/gptbot)"
74.7.241.51 - - [10/May/2026:17:11:40 +0200] "GET /brzitest.com.hr/6.php?sepatusuper=//proc/self/root/sys/devices/system/cpu/cpu2/driver/cpu0/node0/cpu3/subsystem/drivers HTTP/1.1" 404 47 "http://ithome.hr/brzitest.com.hr/6.php?sepatusuper=//proc/self/root/sys/devices/system/cpu/cpu2/driver/cpu0/node0/cpu3/subsystem" "Mozilla/5.0 AppleWebKit/537.36 (KHTML, like Gecko; compatible; GPTBot/1.3; +https://openai.com/gptbot)"
74.7.227.10 - - [10/May/2026:17:12:05 +0200] "GET /brzitest.com.hr/6.php?sepatusuper=//proc/self/root/sys/devices/system/cpu/cpu5/driver/cpu4/node0/memory13/subsystem HTTP/1.1" 404 47 "http://mail.ithome.hr/brzitest.com.hr/6.php?sepatusuper=//proc/self/root/sys/devices/system/cpu/cpu5/driver/cpu4/node0/memory13" "Mozilla/5.0 AppleWebKit/537.36 (KHTML, like Gecko; compatible; GPTBot/1.3; +https://openai.com/gptbot)"
74.7.241.51 - - [10/May/2026:17:12:44 +0200] "GET /brzitest.com.hr/6.php?sepatusuper=//proc/self/root/sys/devices/system/cpu/cpu6/driver/cpu7/node0/memory7/subsystem/drivers HTTP/1.1" 404 47 "http://ithome.hr/brzitest.com.hr/6.php?sepatusuper=//proc/self/root/sys/devices/system/cpu/cpu6/driver/cpu7/node0/memory7/subsystem" "Mozilla/5.0 AppleWebKit/537.36 (KHTML, like Gecko; compatible; GPTBot/1.3; +https://openai.com/gptbot)"
74.7.227.10 - - [10/May/2026:17:13:05 +0200] "GET /brzitest.com.hr/6.php?sepatusuper=//proc/self/root/sys/devices/system/cpu/cpu2/driver/cpu6/node0/memory74/subsystem HTTP/1.1" 404 47 "http://mail.ithome.hr/brzitest.com.hr/6.php?sepatusuper=//proc/self/root/sys/devices/system/cpu/cpu2/driver/cpu6/node0/memory74" "Mozilla/5.0 AppleWebKit/537.36 (KHTML, like Gecko; compatible; GPTBot/1.3; +https://openai.com/gptbot)"
74.7.241.51 - - [10/May/2026:17:13:45 +0200] "GET /brzitest.com.hr/6.php?sepatusuper=//proc/self/root/sys/devices/system/cpu/cpu6/driver/cpu1/node0/subsystem/devices HTTP/1.1" 404 47 "http://ithome.hr/brzitest.com.hr/6.php?sepatusuper=//proc/self/root/sys/devices/system/cpu/cpu6/driver/cpu1/node0/subsystem" "Mozilla/5.0 AppleWebKit/537.36 (KHTML, like Gecko; compatible; GPTBot/1.3; +https://openai.com/gptbot)"
204.76.203.206 - - [10/May/2026:17:13:51 +0200] "GET / HTTP/1.1" 200 163 "-" "Mozilla/5.0"
74.7.227.10 - - [10/May/2026:17:14:06 +0200] "GET /brzitest.com.hr/6.php?sepatusuper=//proc/self/root/sys/devices/system/cpu/cpu2/driver/cpu0/node0/memory84/subsystem HTTP/1.1" 404 47 "http://mail.ithome.hr/brzitest.com.hr/6.php?sepatusuper=//proc/self/root/sys/devices/system/cpu/cpu2/driver/cpu0/node0/memory84" "Mozilla/5.0 AppleWebKit/537.36 (KHTML, like Gecko; compatible; GPTBot/1.3; +https://openai.com/gptbot)"
71.6.134.230 - - [10/May/2026:17:14:15 +0200] "GET / HTTP/1.1" 200 163 "-" "Mozilla/5.0 (Windows NT 10.0; Win64; x64) AppleWebKit/537.36 (KHTML, like Gecko) Chrome/133.0.0.0 Safari/537.36"
74.7.241.51 - - [10/May/2026:17:14:49 +0200] "GET /brzitest.com.hr/6.php?sepatusuper=//proc/self/root/sys/devices/system/cpu/cpu6/driver/cpu0/node0/memory65/subsystem/drivers HTTP/1.1" 404 47 "http://ithome.hr/brzitest.com.hr/6.php?sepatusuper=//proc/self/root/sys/devices/system/cpu/cpu6/driver/cpu0/node0/memory65/subsystem" "Mozilla/5.0 AppleWebKit/537.36 (KHTML, like Gecko; compatible; GPTBot/1.3; +https://openai.com/gptbot)"
74.7.227.10 - - [10/May/2026:17:15:09 +0200] "GET /brzitest.com.hr/6.php?sepatusuper=//proc/self/root/sys/devices/system/cpu/cpu5/driver/cpu1/node0/memory46/subsystem HTTP/1.1" 404 47 "http://mail.ithome.hr/brzitest.com.hr/6.php?sepatusuper=//proc/self/root/sys/devices/system/cpu/cpu5/driver/cpu1/node0/memory46" "Mozilla/5.0 AppleWebKit/537.36 (KHTML, like Gecko; compatible; GPTBot/1.3; +https://openai.com/gptbot)"
74.7.241.51 - - [10/May/2026:17:15:49 +0200] "GET /brzitest.com.hr/6.php?sepatusuper=//proc/self/root/sys/devices/system/cpu/cpu6/driver/cpu2/node0/memory2/subsystem/drivers HTTP/1.1" 404 47 "http://ithome.hr/brzitest.com.hr/6.php?sepatusuper=//proc/self/root/sys/devices/system/cpu/cpu6/driver/cpu2/node0/memory2/subsystem" "Mozilla/5.0 AppleWebKit/537.36 (KHTML, like Gecko; compatible; GPTBot/1.3; +https://openai.com/gptbot)"
71.6.134.230 - - [10/May/2026:17:15:52 +0200] "GET /favicon.ico HTTP/1.1" 404 10388 "-" "Mozilla/5.0 (Windows NT 10.0; Win64; x64) AppleWebKit/537.36 (KHTML, like Gecko) Chrome/133.0.0.0 Safari/537.36"
74.7.227.10 - - [10/May/2026:17:16:15 +0200] "GET /brzitest.com.hr/6.php?sepatusuper=//proc/self/root/sys/devices/system/cpu/cpu4/driver/cpu2/node0/memory76/subsystem HTTP/1.1" 404 47 "http://mail.ithome.hr/brzitest.com.hr/6.php?sepatusuper=//proc/self/root/sys/devices/system/cpu/cpu4/driver/cpu2/node0/memory76" "Mozilla/5.0 AppleWebKit/537.36 (KHTML, like Gecko; compatible; GPTBot/1.3; +https://openai.com/gptbot)"
74.7.241.51 - - [10/May/2026:17:16:52 +0200] "GET /brzitest.com.hr/6.php?sepatusuper=//proc/self/root/sys/devices/system/cpu/cpu2/driver/cpu4/node0/cpu0/driver HTTP/1.1" 404 47 "http://ithome.hr/brzitest.com.hr/6.php?sepatusuper=//proc/self/root/sys/devices/system/cpu/cpu2/driver/cpu4/node0/cpu0" "Mozilla/5.0 AppleWebKit/537.36 (KHTML, like Gecko; compatible; GPTBot/1.3; +https://openai.com/gptbot)"
74.7.227.10 - - [10/May/2026:17:17:15 +0200] "GET /brzitest.com.hr/6.php?sepatusuper=//proc/self/root/sys/devices/system/cpu/cpu7/driver/cpu1/node0/memory21/subsystem HTTP/1.1" 404 47 "http://mail.ithome.hr/brzitest.com.hr/6.php?sepatusuper=//proc/self/root/sys/devices/system/cpu/cpu7/driver/cpu1/node0/memory21" "Mozilla/5.0 AppleWebKit/537.36 (KHTML, like Gecko; compatible; GPTBot/1.3; +https://openai.com/gptbot)"
74.7.227.10 - - [10/May/2026:17:18:15 +0200] "GET /brzitest.com.hr/6.php?sepatusuper=//proc/self/root/sys/devices/system/cpu/cpu5/driver/cpu6/node0/memory83/subsystem HTTP/1.1" 404 47 "http://mail.ithome.hr/brzitest.com.hr/6.php?sepatusuper=//proc/self/root/sys/devices/system/cpu/cpu5/driver/cpu6/node0/memory83" "Mozilla/5.0 AppleWebKit/537.36 (KHTML, like Gecko; compatible; GPTBot/1.3; +https://openai.com/gptbot)"
74.7.241.51 - - [10/May/2026:17:19:01 +0200] "GET /brzitest.com.hr/6.php?sepatusuper=//proc/self/root/sys/devices/system/cpu/cpu0/driver/cpu1/node0/cpu2/subsystem/drivers HTTP/1.1" 404 47 "http://ithome.hr/brzitest.com.hr/6.php?sepatusuper=//proc/self/root/sys/devices/system/cpu/cpu0/driver/cpu1/node0/cpu2/subsystem" "Mozilla/5.0 AppleWebKit/537.36 (KHTML, like Gecko; compatible; GPTBot/1.3; +https://openai.com/gptbot)"
74.7.227.10 - - [10/May/2026:17:19:17 +0200] "GET /brzitest.com.hr/6.php?sepatusuper=//proc/self/root/sys/devices/system/cpu/cpu2/driver/cpu5/node0/memory39/subsystem HTTP/1.1" 404 47 "http://mail.ithome.hr/brzitest.com.hr/6.php?sepatusuper=//proc/self/root/sys/devices/system/cpu/cpu2/driver/cpu5/node0/memory39" "Mozilla/5.0 AppleWebKit/537.36 (KHTML, like Gecko; compatible; GPTBot/1.3; +https://openai.com/gptbot)"
74.7.241.51 - - [10/May/2026:17:20:01 +0200] "GET /brzitest.com.hr/6.php?sepatusuper=//proc/self/root/sys/devices/system/cpu/cpu6/node0/cpu4/driver/cpu3/driver HTTP/1.1" 404 47 "http://ithome.hr/brzitest.com.hr/6.php?sepatusuper=//proc/self/root/sys/devices/system/cpu/cpu6/node0/cpu4/driver/cpu3" "Mozilla/5.0 AppleWebKit/537.36 (KHTML, like Gecko; compatible; GPTBot/1.3; +https://openai.com/gptbot)"
74.7.227.10 - - [10/May/2026:17:20:21 +0200] "GET /brzitest.com.hr/6.php?sepatusuper=//proc/self/root/sys/devices/system/cpu/cpu7/driver/cpu3/node0/memory38/subsystem HTTP/1.1" 404 47 "http://mail.ithome.hr/brzitest.com.hr/6.php?sepatusuper=//proc/self/root/sys/devices/system/cpu/cpu7/driver/cpu3/node0/memory38" "Mozilla/5.0 AppleWebKit/537.36 (KHTML, like Gecko; compatible; GPTBot/1.3; +https://openai.com/gptbot)"
74.7.241.51 - - [10/May/2026:17:21:04 +0200] "GET /brzitest.com.hr/6.php?sepatusuper=//proc/self/root/sys/devices/system/cpu/cpu6/driver/cpu1/node0/memory4/subsystem/drivers HTTP/1.1" 404 47 "http://ithome.hr/brzitest.com.hr/6.php?sepatusuper=//proc/self/root/sys/devices/system/cpu/cpu6/driver/cpu1/node0/memory4/subsystem" "Mozilla/5.0 AppleWebKit/537.36 (KHTML, like Gecko; compatible; GPTBot/1.3; +https://openai.com/gptbot)"
74.7.227.10 - - [10/May/2026:17:21:24 +0200] "GET /brzitest.com.hr/6.php?sepatusuper=//proc/self/root/sys/devices/system/cpu/cpu2/driver/cpu6/node0/memory17/subsystem HTTP/1.1" 404 47 "http://mail.ithome.hr/brzitest.com.hr/6.php?sepatusuper=//proc/self/root/sys/devices/system/cpu/cpu2/driver/cpu6/node0/memory17" "Mozilla/5.0 AppleWebKit/537.36 (KHTML, like Gecko; compatible; GPTBot/1.3; +https://openai.com/gptbot)"
204.76.203.206 - - [10/May/2026:17:21:37 +0200] "GET / HTTP/1.1" 200 163 "-" "Mozilla/5.0"
74.7.241.51 - - [10/May/2026:17:22:07 +0200] "GET /brzitest.com.hr/6.php?sepatusuper=//proc/self/root/sys/devices/system/cpu/cpu7/node0/cpu0/driver/cpu2/subsystem/drivers HTTP/1.1" 404 47 "http://ithome.hr/brzitest.com.hr/6.php?sepatusuper=//proc/self/root/sys/devices/system/cpu/cpu7/node0/cpu0/driver/cpu2/subsystem" "Mozilla/5.0 AppleWebKit/537.36 (KHTML, like Gecko; compatible; GPTBot/1.3; +https://openai.com/gptbot)"
74.7.227.10 - - [10/May/2026:17:22:29 +0200] "GET /brzitest.com.hr/6.php?sepatusuper=//proc/self/root/sys/devices/system/cpu/cpu7/driver/cpu5/node0/memory34/subsystem HTTP/1.1" 404 47 "http://mail.ithome.hr/brzitest.com.hr/6.php?sepatusuper=//proc/self/root/sys/devices/system/cpu/cpu7/driver/cpu5/node0/memory34" "Mozilla/5.0 AppleWebKit/537.36 (KHTML, like Gecko; compatible; GPTBot/1.3; +https://openai.com/gptbot)"
74.7.241.51 - - [10/May/2026:17:23:13 +0200] "GET /brzitest.com.hr/6.php?sepatusuper=//proc/self/root/sys/devices/system/cpu/cpu2/driver/cpu6/node0/memory20/subsystem/drivers HTTP/1.1" 404 47 "http://ithome.hr/brzitest.com.hr/6.php?sepatusuper=//proc/self/root/sys/devices/system/cpu/cpu2/driver/cpu6/node0/memory20/subsystem" "Mozilla/5.0 AppleWebKit/537.36 (KHTML, like Gecko; compatible; GPTBot/1.3; +https://openai.com/gptbot)"
74.7.227.10 - - [10/May/2026:17:23:32 +0200] "GET /brzitest.com.hr/6.php?sepatusuper=//proc/self/root/sys/devices/system/cpu/cpu4/driver/cpu2/node0/memory81/subsystem HTTP/1.1" 404 47 "http://mail.ithome.hr/brzitest.com.hr/6.php?sepatusuper=//proc/self/root/sys/devices/system/cpu/cpu4/driver/cpu2/node0/memory81" "Mozilla/5.0 AppleWebKit/537.36 (KHTML, like Gecko; compatible; GPTBot/1.3; +https://openai.com/gptbot)"
74.7.241.51 - - [10/May/2026:17:24:15 +0200] "GET /brzitest.com.hr/6.php?sepatusuper=//proc/self/root/sys/devices/system/cpu/cpu0/node0/cpu2/driver/cpu5/subsystem/drivers HTTP/1.1" 404 47 "http://ithome.hr/brzitest.com.hr/6.php?sepatusuper=//proc/self/root/sys/devices/system/cpu/cpu0/node0/cpu2/driver/cpu5/subsystem" "Mozilla/5.0 AppleWebKit/537.36 (KHTML, like Gecko; compatible; GPTBot/1.3; +https://openai.com/gptbot)"
74.7.227.10 - - [10/May/2026:17:24:33 +0200] "GET /brzitest.com.hr/6.php?sepatusuper=//proc/self/root/sys/devices/system/cpu/cpu4/driver/cpu5/node0/memory78/subsystem HTTP/1.1" 404 47 "http://mail.ithome.hr/brzitest.com.hr/6.php?sepatusuper=//proc/self/root/sys/devices/system/cpu/cpu4/driver/cpu5/node0/memory78" "Mozilla/5.0 AppleWebKit/537.36 (KHTML, like Gecko; compatible; GPTBot/1.3; +https://openai.com/gptbot)"
74.7.241.51 - - [10/May/2026:17:25:17 +0200] "GET /brzitest.com.hr/6.php?sepatusuper=//proc/self/root/sys/devices/system/cpu/cpu7/node0/cpu4/driver/cpu5/subsystem/devices HTTP/1.1" 404 47 "http://ithome.hr/brzitest.com.hr/6.php?sepatusuper=//proc/self/root/sys/devices/system/cpu/cpu7/node0/cpu4/driver/cpu5/subsystem" "Mozilla/5.0 AppleWebKit/537.36 (KHTML, like Gecko; compatible; GPTBot/1.3; +https://openai.com/gptbot)"
74.7.227.10 - - [10/May/2026:17:25:37 +0200] "GET /brzitest.com.hr/6.php?sepatusuper=//proc/self/root/sys/devices/system/cpu/cpu2/driver/cpu5/node0/memory11/subsystem HTTP/1.1" 404 47 "http://mail.ithome.hr/brzitest.com.hr/6.php?sepatusuper=//proc/self/root/sys/devices/system/cpu/cpu2/driver/cpu5/node0/memory11" "Mozilla/5.0 AppleWebKit/537.36 (KHTML, like Gecko; compatible; GPTBot/1.3; +https://openai.com/gptbot)"
43.155.26.193 - - [10/May/2026:17:26:03 +0200] "GET / HTTP/1.1" 200 163 "-" "Mozilla/5.0 (iPhone; CPU iPhone OS 13_2_3 like Mac OS X) AppleWebKit/605.1.15 (KHTML, like Gecko) Version/13.0.3 Mobile/15E148 Safari/604.1"
74.7.241.51 - - [10/May/2026:17:26:18 +0200] "GET /brzitest.com.hr/6.php?sepatusuper=//proc/self/root/sys/devices/system/cpu/cpu7/driver/cpu4/node0/cpu5/subsystem/devices HTTP/1.1" 404 47 "http://ithome.hr/brzitest.com.hr/6.php?sepatusuper=//proc/self/root/sys/devices/system/cpu/cpu7/driver/cpu4/node0/cpu5/subsystem" "Mozilla/5.0 AppleWebKit/537.36 (KHTML, like Gecko; compatible; GPTBot/1.3; +https://openai.com/gptbot)"
74.7.227.10 - - [10/May/2026:17:26:38 +0200] "GET /brzitest.com.hr/6.php?sepatusuper=//proc/self/root/sys/devices/system/cpu/cpu2/driver/cpu3/node0/memory78/subsystem HTTP/1.1" 404 47 "http://mail.ithome.hr/brzitest.com.hr/6.php?sepatusuper=//proc/self/root/sys/devices/system/cpu/cpu2/driver/cpu3/node0/memory78" "Mozilla/5.0 AppleWebKit/537.36 (KHTML, like Gecko; compatible; GPTBot/1.3; +https://openai.com/gptbot)"
74.7.241.51 - - [10/May/2026:17:27:19 +0200] "GET /brzitest.com.hr/6.php?sepatusuper=//proc/self/root/sys/devices/system/cpu/cpu6/node0/cpu4/driver/cpu3/subsystem/drivers HTTP/1.1" 404 47 "http://ithome.hr/brzitest.com.hr/6.php?sepatusuper=//proc/self/root/sys/devices/system/cpu/cpu6/node0/cpu4/driver/cpu3/subsystem" "Mozilla/5.0 AppleWebKit/537.36 (KHTML, like Gecko; compatible; GPTBot/1.3; +https://openai.com/gptbot)"
74.7.227.10 - - [10/May/2026:17:27:39 +0200] "GET /brzitest.com.hr/6.php?sepatusuper=//proc/self/root/sys/devices/system/cpu/cpu5/driver/cpu2/node0/memory74/subsystem HTTP/1.1" 404 47 "http://mail.ithome.hr/brzitest.com.hr/6.php?sepatusuper=//proc/self/root/sys/devices/system/cpu/cpu5/driver/cpu2/node0/memory74" "Mozilla/5.0 AppleWebKit/537.36 (KHTML, like Gecko; compatible; GPTBot/1.3; +https://openai.com/gptbot)"
176.65.149.235 - - [10/May/2026:17:27:40 +0200] "GET / HTTP/1.0" 200 163 "-" "Shodan-Pull/1.0"
74.7.241.51 - - [10/May/2026:17:28:22 +0200] "GET /brzitest.com.hr/6.php?sepatusuper=//proc/self/root/sys/devices/system/cpu/cpu2/node0/cpu1/driver/cpu0/subsystem/devices HTTP/1.1" 404 47 "http://ithome.hr/brzitest.com.hr/6.php?sepatusuper=//proc/self/root/sys/devices/system/cpu/cpu2/node0/cpu1/driver/cpu0/subsystem" "Mozilla/5.0 AppleWebKit/537.36 (KHTML, like Gecko; compatible; GPTBot/1.3; +https://openai.com/gptbot)"
74.7.227.10 - - [10/May/2026:17:28:42 +0200] "GET /brzitest.com.hr/6.php?sepatusuper=//proc/self/root/sys/devices/system/cpu/cpu7/driver/cpu0/node0/memory8/node0 HTTP/1.1" 404 47 "http://mail.ithome.hr/brzitest.com.hr/6.php?sepatusuper=//proc/self/root/sys/devices/system/cpu/cpu7/driver/cpu0/node0/memory8" "Mozilla/5.0 AppleWebKit/537.36 (KHTML, like Gecko; compatible; GPTBot/1.3; +https://openai.com/gptbot)"
74.249.238.26 - - [10/May/2026:17:28:47 +0200] "GET /wp-content/plugins/hellopress/wp_filemanager.php HTTP/1.1" 404 355 "-" "-"
74.249.238.26 - - [10/May/2026:17:28:47 +0200] "GET /public/wp-blog.php HTTP/1.1" 404 355 "-" "-"
74.249.238.26 - - [10/May/2026:17:28:47 +0200] "GET /wp-blog.php HTTP/1.1" 404 27 "-" "-"
74.249.238.26 - - [10/May/2026:17:28:48 +0200] "GET /casp1.php HTTP/1.1" 404 27 "-" "-"
74.249.238.26 - - [10/May/2026:17:28:48 +0200] "GET /ws78.php HTTP/1.1" 404 27 "-" "-"
74.249.238.26 - - [10/May/2026:17:28:48 +0200] "GET /koiy.php HTTP/1.1" 404 27 "-" "-"
74.249.238.26 - - [10/May/2026:17:28:48 +0200] "GET /file.php HTTP/1.1" 404 27 "-" "-"
74.249.238.26 - - [10/May/2026:17:28:48 +0200] "GET /wp-png.php HTTP/1.1" 404 27 "-" "-"
74.249.238.26 - - [10/May/2026:17:28:48 +0200] "GET /xa.php HTTP/1.1" 404 27 "-" "-"
74.249.238.26 - - [10/May/2026:17:28:49 +0200] "GET /press.php HTTP/1.1" 404 27 "-" "-"
74.249.238.26 - - [10/May/2026:17:28:49 +0200] "GET /ws88.php HTTP/1.1" 404 27 "-" "-"
74.249.238.26 - - [10/May/2026:17:28:49 +0200] "GET /wxfyf.php HTTP/1.1" 404 27 "-" "-"
74.249.238.26 - - [10/May/2026:17:28:49 +0200] "GET /wp-blog-header.php HTTP/1.1" 200 0 "-" "-"
74.249.238.26 - - [10/May/2026:17:28:49 +0200] "GET /sa.php7 HTTP/1.1" 404 27 "-" "-"
74.249.238.26 - - [10/May/2026:17:28:49 +0200] "GET /public/ws49.php HTTP/1.1" 404 355 "-" "-"
74.249.238.26 - - [10/May/2026:17:28:50 +0200] "GET /inputs.php HTTP/1.1" 404 27 "-" "-"
74.249.238.26 - - [10/May/2026:17:28:50 +0200] "GET /xxw.php HTTP/1.1" 404 27 "-" "-"
74.249.238.26 - - [10/May/2026:17:28:50 +0200] "GET /amwxl.php HTTP/1.1" 404 27 "-" "-"
74.249.238.26 - - [10/May/2026:17:28:51 +0200] "GET /wp-admin/css/bolt.php HTTP/1.1" 404 355 "-" "-"
74.249.238.26 - - [10/May/2026:17:28:51 +0200] "GET /ws83.php HTTP/1.1" 404 27 "-" "-"
74.249.238.26 - - [10/May/2026:17:28:51 +0200] "GET /amax.php HTTP/1.1" 404 27 "-" "-"
74.249.238.26 - - [10/May/2026:17:28:51 +0200] "GET /zc-104.php HTTP/1.1" 404 27 "-" "-"
74.249.238.26 - - [10/May/2026:17:28:51 +0200] "GET /grsiuk.php HTTP/1.1" 404 27 "-" "-"
74.249.238.26 - - [10/May/2026:17:28:51 +0200] "GET /wp9.php HTTP/1.1" 404 27 "-" "-"
74.249.238.26 - - [10/May/2026:17:28:52 +0200] "GET /aevly.php HTTP/1.1" 404 27 "-" "-"
74.249.238.26 - - [10/May/2026:17:28:52 +0200] "GET /ioxi-o.php HTTP/1.1" 404 27 "-" "-"
74.249.238.26 - - [10/May/2026:17:28:52 +0200] "GET /5b9ac.php HTTP/1.1" 404 27 "-" "-"
74.249.238.26 - - [10/May/2026:17:28:52 +0200] "GET /tool.php HTTP/1.1" 404 27 "-" "-"
74.249.238.26 - - [10/May/2026:17:28:52 +0200] "GET /wp-the.php HTTP/1.1" 404 27 "-" "-"
74.249.238.26 - - [10/May/2026:17:28:53 +0200] "GET /wtiiy.php HTTP/1.1" 404 27 "-" "-"
74.249.238.26 - - [10/May/2026:17:28:53 +0200] "GET /init.php HTTP/1.1" 404 27 "-" "-"
74.249.238.26 - - [10/May/2026:17:28:53 +0200] "GET /wp5.php HTTP/1.1" 404 27 "-" "-"
74.249.238.26 - - [10/May/2026:17:28:53 +0200] "GET /jga.php HTTP/1.1" 404 27 "-" "-"
74.249.238.26 - - [10/May/2026:17:28:53 +0200] "GET /gifclass.php HTTP/1.1" 404 27 "-" "-"
74.249.238.26 - - [10/May/2026:17:28:53 +0200] "GET /ajax.php HTTP/1.1" 404 27 "-" "-"
74.249.238.26 - - [10/May/2026:17:28:53 +0200] "GET /tx78.php HTTP/1.1" 404 27 "-" "-"
74.249.238.26 - - [10/May/2026:17:28:54 +0200] "GET /csv.php HTTP/1.1" 404 27 "-" "-"
74.249.238.26 - - [10/May/2026:17:28:54 +0200] "GET /n3yUmQ6Q9xwQ8ocdefault.php HTTP/1.1" 404 27 "-" "-"
74.249.238.26 - - [10/May/2026:17:28:54 +0200] "GET /ne2026.php HTTP/1.1" 404 27 "-" "-"
74.249.238.26 - - [10/May/2026:17:28:54 +0200] "GET /wp-act.php HTTP/1.1" 404 27 "-" "-"
74.249.238.26 - - [10/May/2026:17:28:54 +0200] "GET /ws86.php HTTP/1.1" 404 27 "-" "-"
74.249.238.26 - - [10/May/2026:17:28:55 +0200] "GET /asd.php HTTP/1.1" 404 27 "-" "-"
74.249.238.26 - - [10/May/2026:17:28:55 +0200] "GET /torsa1.php HTTP/1.1" 404 27 "-" "-"
74.249.238.26 - - [10/May/2026:17:28:55 +0200] "GET /a4.php HTTP/1.1" 404 27 "-" "-"
74.249.238.26 - - [10/May/2026:17:28:55 +0200] "GET /myfile.php HTTP/1.1" 404 27 "-" "-"
74.249.238.26 - - [10/May/2026:17:28:55 +0200] "GET /as.php HTTP/1.1" 404 27 "-" "-"
74.249.238.26 - - [10/May/2026:17:28:55 +0200] "GET /cu.php HTTP/1.1" 404 27 "-" "-"
74.249.238.26 - - [10/May/2026:17:28:55 +0200] "GET /100.php HTTP/1.1" 404 27 "-" "-"
74.249.238.26 - - [10/May/2026:17:28:56 +0200] "GET /666.php HTTP/1.1" 404 27 "-" "-"
74.249.238.26 - - [10/May/2026:17:28:56 +0200] "GET /saorix1.php HTTP/1.1" 404 27 "-" "-"
74.249.238.26 - - [10/May/2026:17:28:56 +0200] "GET /packsin1.php HTTP/1.1" 404 27 "-" "-"
74.249.238.26 - - [10/May/2026:17:28:56 +0200] "GET /menu.php HTTP/1.1" 404 27 "-" "-"
74.249.238.26 - - [10/May/2026:17:28:56 +0200] "GET /admin-footer.php HTTP/1.1" 404 27 "-" "-"
74.249.238.26 - - [10/May/2026:17:28:56 +0200] "GET /shop.php HTTP/1.1" 404 27 "-" "-"
74.249.238.26 - - [10/May/2026:17:28:57 +0200] "GET /maul.php HTTP/1.1" 404 27 "-" "-"
74.249.238.26 - - [10/May/2026:17:28:57 +0200] "GET /wp-blogs.php HTTP/1.1" 404 27 "-" "-"
74.249.238.26 - - [10/May/2026:17:28:57 +0200] "GET /bjfl.php HTTP/1.1" 404 27 "-" "-"
74.249.238.26 - - [10/May/2026:17:28:57 +0200] "GET /xltt.php HTTP/1.1" 404 27 "-" "-"
74.249.238.26 - - [10/May/2026:17:28:58 +0200] "GET /lowpr.php HTTP/1.1" 404 27 "-" "-"
74.249.238.26 - - [10/May/2026:17:28:58 +0200] "GET /term.php HTTP/1.1" 404 27 "-" "-"
74.249.238.26 - - [10/May/2026:17:28:58 +0200] "GET /fs.php HTTP/1.1" 404 27 "-" "-"
74.249.238.26 - - [10/May/2026:17:28:58 +0200] "GET /ortasekerli1.php HTTP/1.1" 404 27 "-" "-"
74.249.238.26 - - [10/May/2026:17:28:58 +0200] "GET /ws80.php HTTP/1.1" 404 27 "-" "-"
74.249.238.26 - - [10/May/2026:17:28:59 +0200] "GET /gk.php HTTP/1.1" 404 27 "-" "-"
74.249.238.26 - - [10/May/2026:17:28:59 +0200] "GET /varb.php HTTP/1.1" 404 27 "-" "-"
74.249.238.26 - - [10/May/2026:17:28:59 +0200] "GET /public/mI35rZhMg1zJ1vuXdefault.php HTTP/1.1" 404 355 "-" "-"
74.249.238.26 - - [10/May/2026:17:28:59 +0200] "GET /classwithtostring.php HTTP/1.1" 404 27 "-" "-"
74.249.238.26 - - [10/May/2026:17:28:59 +0200] "GET /uuu.php HTTP/1.1" 404 27 "-" "-"
74.249.238.26 - - [10/May/2026:17:28:59 +0200] "GET /wp-good.php HTTP/1.1" 404 27 "-" "-"
74.249.238.26 - - [10/May/2026:17:29:00 +0200] "GET /cilus.php HTTP/1.1" 404 27 "-" "-"
74.249.238.26 - - [10/May/2026:17:29:00 +0200] "GET /edit.php HTTP/1.1" 404 27 "-" "-"
74.249.238.26 - - [10/May/2026:17:29:00 +0200] "GET /ws60.php HTTP/1.1" 404 27 "-" "-"
74.249.238.26 - - [10/May/2026:17:29:00 +0200] "GET /rzki.php HTTP/1.1" 404 27 "-" "-"
74.249.238.26 - - [10/May/2026:17:29:00 +0200] "GET /jp.php HTTP/1.1" 404 27 "-" "-"
74.249.238.26 - - [10/May/2026:17:29:00 +0200] "GET /G-In.php HTTP/1.1" 404 27 "-" "-"
74.249.238.26 - - [10/May/2026:17:29:01 +0200] "GET /public/file.php HTTP/1.1" 404 355 "-" "-"
74.249.238.26 - - [10/May/2026:17:29:01 +0200] "GET /bolt.php HTTP/1.1" 404 27 "-" "-"
74.249.238.26 - - [10/May/2026:17:29:01 +0200] "GET /dass.php HTTP/1.1" 404 27 "-" "-"
74.249.238.26 - - [10/May/2026:17:29:01 +0200] "GET /ws85.php HTTP/1.1" 404 27 "-" "-"
74.249.238.26 - - [10/May/2026:17:29:01 +0200] "GET /buc.php HTTP/1.1" 404 27 "-" "-"
74.249.238.26 - - [10/May/2026:17:29:01 +0200] "GET /gptsh.php HTTP/1.1" 404 27 "-" "-"
74.249.238.26 - - [10/May/2026:17:29:01 +0200] "GET /wmore1.php HTTP/1.1" 404 27 "-" "-"
74.249.238.26 - - [10/May/2026:17:29:01 +0200] "GET /a5.php HTTP/1.1" 404 27 "-" "-"
74.249.238.26 - - [10/May/2026:17:29:02 +0200] "GET //nw.php HTTP/1.1" 404 27 "-" "-"
74.249.238.26 - - [10/May/2026:17:29:02 +0200] "GET /155.php HTTP/1.1" 404 27 "-" "-"
74.249.238.26 - - [10/May/2026:17:29:02 +0200] "GET /hots.php HTTP/1.1" 404 27 "-" "-"
74.249.238.26 - - [10/May/2026:17:29:02 +0200] "GET /install.php HTTP/1.1" 404 27 "-" "-"
74.249.238.26 - - [10/May/2026:17:29:02 +0200] "GET /sadcut1.php HTTP/1.1" 404 27 "-" "-"
74.249.238.26 - - [10/May/2026:17:29:02 +0200] "GET /users.php HTTP/1.1" 404 27 "-" "-"
74.249.238.26 - - [10/May/2026:17:29:03 +0200] "GET /wp-p2r3q9c8k4.php HTTP/1.1" 404 27 "-" "-"
74.249.238.26 - - [10/May/2026:17:29:03 +0200] "GET /xwx1.php HTTP/1.1" 404 27 "-" "-"
74.249.238.26 - - [10/May/2026:17:29:03 +0200] "GET /ox.php HTTP/1.1" 404 27 "-" "-"
74.249.238.26 - - [10/May/2026:17:29:03 +0200] "GET /sid3.php HTTP/1.1" 404 27 "-" "-"
74.249.238.26 - - [10/May/2026:17:29:03 +0200] "GET /drhunthq.php HTTP/1.1" 404 27 "-" "-"
74.249.238.26 - - [10/May/2026:17:29:03 +0200] "GET /s.php HTTP/1.1" 404 27 "-" "-"
74.249.238.26 - - [10/May/2026:17:29:04 +0200] "GET /clss.php HTTP/1.1" 404 27 "-" "-"
74.249.238.26 - - [10/May/2026:17:29:04 +0200] "GET /mh.php HTTP/1.1" 404 27 "-" "-"
74.249.238.26 - - [10/May/2026:17:29:04 +0200] "GET /wen.php HTTP/1.1" 404 27 "-" "-"
74.249.238.26 - - [10/May/2026:17:29:04 +0200] "GET /Sanskrit.php HTTP/1.1" 404 27 "-" "-"
74.249.238.26 - - [10/May/2026:17:29:04 +0200] "GET /gettest.php HTTP/1.1" 404 27 "-" "-"
74.249.238.26 - - [10/May/2026:17:29:05 +0200] "GET /bfil.php HTTP/1.1" 404 27 "-" "-"
74.249.238.26 - - [10/May/2026:17:29:05 +0200] "GET /ww.php HTTP/1.1" 404 27 "-" "-"
74.249.238.26 - - [10/May/2026:17:29:05 +0200] "GET /byypas.php HTTP/1.1" 404 27 "-" "-"
74.249.238.26 - - [10/May/2026:17:29:05 +0200] "GET /ms-edit.php HTTP/1.1" 404 27 "-" "-"
74.249.238.26 - - [10/May/2026:17:29:05 +0200] "GET /ws87.php HTTP/1.1" 404 27 "-" "-"
74.249.238.26 - - [10/May/2026:17:29:05 +0200] "GET /aa21.php HTTP/1.1" 404 27 "-" "-"
74.249.238.26 - - [10/May/2026:17:29:06 +0200] "GET /okxh.php HTTP/1.1" 404 27 "-" "-"
74.249.238.26 - - [10/May/2026:17:29:06 +0200] "GET /6kDPjgFTmvS.php HTTP/1.1" 404 27 "-" "-"
74.249.238.26 - - [10/May/2026:17:29:06 +0200] "GET /fsjzs.php HTTP/1.1" 404 27 "-" "-"
74.249.238.26 - - [10/May/2026:17:29:07 +0200] "GET /sale.php HTTP/1.1" 404 27 "-" "-"
74.249.238.26 - - [10/May/2026:17:29:07 +0200] "GET /t00l.php HTTP/1.1" 404 27 "-" "-"
74.249.238.26 - - [10/May/2026:17:29:07 +0200] "GET /wziar1.php HTTP/1.1" 404 27 "-" "-"
74.249.238.26 - - [10/May/2026:17:29:07 +0200] "GET /lib.php HTTP/1.1" 404 27 "-" "-"
74.249.238.26 - - [10/May/2026:17:29:08 +0200] "GET /222.php HTTP/1.1" 404 27 "-" "-"
74.249.238.26 - - [10/May/2026:17:29:08 +0200] "GET /kj.php HTTP/1.1" 404 27 "-" "-"
74.249.238.26 - - [10/May/2026:17:29:08 +0200] "GET /amp.php HTTP/1.1" 404 27 "-" "-"
74.249.238.26 - - [10/May/2026:17:29:08 +0200] "GET /bo.php HTTP/1.1" 404 27 "-" "-"
74.249.238.26 - - [10/May/2026:17:29:09 +0200] "GET /zc-243.php HTTP/1.1" 404 27 "-" "-"
74.249.238.26 - - [10/May/2026:17:29:09 +0200] "GET /ws81.php HTTP/1.1" 404 27 "-" "-"
74.249.238.26 - - [10/May/2026:17:29:09 +0200] "GET /callback.php HTTP/1.1" 404 27 "-" "-"
74.249.238.26 - - [10/May/2026:17:29:10 +0200] "GET /sd.php HTTP/1.1" 404 27 "-" "-"
74.249.238.26 - - [10/May/2026:17:29:10 +0200] "GET /gpt-sh.php HTTP/1.1" 404 27 "-" "-"
74.249.238.26 - - [10/May/2026:17:29:11 +0200] "GET /domains.php HTTP/1.1" 404 27 "-" "-"
74.249.238.26 - - [10/May/2026:17:29:11 +0200] "GET /wp-access.php HTTP/1.1" 404 27 "-" "-"
74.249.238.26 - - [10/May/2026:17:29:11 +0200] "GET /bootstrap.php HTTP/1.1" 404 27 "-" "-"
74.249.238.26 - - [10/May/2026:17:29:11 +0200] "GET /h2.php HTTP/1.1" 404 27 "-" "-"
74.249.238.26 - - [10/May/2026:17:29:11 +0200] "GET /ws77.php HTTP/1.1" 404 27 "-" "-"
74.249.238.26 - - [10/May/2026:17:29:12 +0200] "GET /hehe.php HTTP/1.1" 404 27 "-" "-"
74.249.238.26 - - [10/May/2026:17:29:12 +0200] "GET /a5e0a.php HTTP/1.1" 404 27 "-" "-"
74.249.238.26 - - [10/May/2026:17:29:12 +0200] "GET /t.php HTTP/1.1" 404 27 "-" "-"
74.249.238.26 - - [10/May/2026:17:29:12 +0200] "GET /ai.php HTTP/1.1" 404 27 "-" "-"
74.249.238.26 - - [10/May/2026:17:29:12 +0200] "GET /rithin.php HTTP/1.1" 404 27 "-" "-"
74.249.238.26 - - [10/May/2026:17:29:13 +0200] "GET /Cap.php HTTP/1.1" 404 27 "-" "-"
74.249.238.26 - - [10/May/2026:17:29:13 +0200] "GET /xmu.php HTTP/1.1" 404 27 "-" "-"
74.249.238.26 - - [10/May/2026:17:29:13 +0200] "GET /edit-tags.php HTTP/1.1" 404 27 "-" "-"
74.249.238.26 - - [10/May/2026:17:29:13 +0200] "GET /motu.php HTTP/1.1" 404 27 "-" "-"
74.249.238.26 - - [10/May/2026:17:29:13 +0200] "GET /albin.php HTTP/1.1" 404 27 "-" "-"
74.249.238.26 - - [10/May/2026:17:29:13 +0200] "GET /fone1.php HTTP/1.1" 404 27 "-" "-"
74.249.238.26 - - [10/May/2026:17:29:13 +0200] "GET /ta0ol.php HTTP/1.1" 404 27 "-" "-"
74.249.238.26 - - [10/May/2026:17:29:14 +0200] "GET /acc.php HTTP/1.1" 404 27 "-" "-"
74.249.238.26 - - [10/May/2026:17:29:14 +0200] "GET /htto.php HTTP/1.1" 404 27 "-" "-"
74.249.238.26 - - [10/May/2026:17:29:14 +0200] "GET /about.php HTTP/1.1" 404 27 "-" "-"
74.249.238.26 - - [10/May/2026:17:29:14 +0200] "GET /ws75.php HTTP/1.1" 404 27 "-" "-"
74.249.238.26 - - [10/May/2026:17:29:14 +0200] "GET //tfm.php HTTP/1.1" 404 27 "-" "-"
74.249.238.26 - - [10/May/2026:17:29:14 +0200] "GET /hplfuns.php HTTP/1.1" 404 27 "-" "-"
74.249.238.26 - - [10/May/2026:17:29:15 +0200] "GET /xfun.php HTTP/1.1" 404 27 "-" "-"
74.249.238.26 - - [10/May/2026:17:29:15 +0200] "GET /ws73.php HTTP/1.1" 404 27 "-" "-"
74.249.238.26 - - [10/May/2026:17:29:15 +0200] "GET /public/oLEzRVqmJJPFSucdefault.php HTTP/1.1" 404 355 "-" "-"
74.249.238.26 - - [10/May/2026:17:29:15 +0200] "GET /bthil.php HTTP/1.1" 404 27 "-" "-"
74.249.238.26 - - [10/May/2026:17:29:15 +0200] "GET /green.php HTTP/1.1" 404 27 "-" "-"
74.249.238.26 - - [10/May/2026:17:29:16 +0200] "GET /b.php HTTP/1.1" 404 27 "-" "-"
74.249.238.26 - - [10/May/2026:17:29:16 +0200] "GET /ws84.php HTTP/1.1" 404 27 "-" "-"
74.249.238.26 - - [10/May/2026:17:29:16 +0200] "GET /ah25.php HTTP/1.1" 404 27 "-" "-"
74.249.238.26 - - [10/May/2026:17:29:16 +0200] "GET /public/vx.php HTTP/1.1" 404 355 "-" "-"
74.249.238.26 - - [10/May/2026:17:29:17 +0200] "GET /ctex1.php HTTP/1.1" 404 27 "-" "-"
74.249.238.26 - - [10/May/2026:17:29:17 +0200] "GET /prosellers8.php HTTP/1.1" 404 27 "-" "-"
74.249.238.26 - - [10/May/2026:17:29:22 +0200] "GET /xsas.php HTTP/1.1" 404 27 "-" "-"
74.249.238.26 - - [10/May/2026:17:29:22 +0200] "GET /vx.php HTTP/1.1" 404 27 "-" "-"
74.249.238.26 - - [10/May/2026:17:29:22 +0200] "GET /a7.php HTTP/1.1" 404 27 "-" "-"
74.249.238.26 - - [10/May/2026:17:29:22 +0200] "GET /bkyac.php HTTP/1.1" 404 27 "-" "-"
74.249.238.26 - - [10/May/2026:17:29:23 +0200] "GET /userfuns.php HTTP/1.1" 404 27 "-" "-"
74.249.238.26 - - [10/May/2026:17:29:23 +0200] "GET /7logs.php HTTP/1.1" 404 27 "-" "-"
74.7.241.51 - - [10/May/2026:17:29:23 +0200] "GET /brzitest.com.hr/6.php?sepatusuper=//proc/self/root/sys/devices/system/cpu/cpu0/node0/cpu4/driver/cpu5/subsystem/drivers HTTP/1.1" 404 47 "http://ithome.hr/brzitest.com.hr/6.php?sepatusuper=//proc/self/root/sys/devices/system/cpu/cpu0/node0/cpu4/driver/cpu5/subsystem" "Mozilla/5.0 AppleWebKit/537.36 (KHTML, like Gecko; compatible; GPTBot/1.3; +https://openai.com/gptbot)"
74.249.238.26 - - [10/May/2026:17:29:23 +0200] "GET /ms.php HTTP/1.1" 404 27 "-" "-"
74.249.238.26 - - [10/May/2026:17:29:24 +0200] "GET /yuzuru1.php HTTP/1.1" 404 27 "-" "-"
74.249.238.26 - - [10/May/2026:17:29:24 +0200] "GET /66.php HTTP/1.1" 404 27 "-" "-"
74.249.238.26 - - [10/May/2026:17:29:24 +0200] "GET /166.php HTTP/1.1" 404 27 "-" "-"
74.249.238.26 - - [10/May/2026:17:29:24 +0200] "GET /cwclass.php HTTP/1.1" 404 27 "-" "-"
74.249.238.26 - - [10/May/2026:17:29:25 +0200] "GET /0x.php HTTP/1.1" 404 27 "-" "-"
74.249.238.26 - - [10/May/2026:17:29:25 +0200] "GET /wp-content/radio.php HTTP/1.1" 404 355 "-" "-"
74.249.238.26 - - [10/May/2026:17:29:25 +0200] "GET /zoper1.php HTTP/1.1" 404 27 "-" "-"
74.249.238.26 - - [10/May/2026:17:29:25 +0200] "GET /144.php HTTP/1.1" 404 27 "-" "-"
74.249.238.26 - - [10/May/2026:17:29:25 +0200] "GET /aligk.php HTTP/1.1" 404 27 "-" "-"
74.249.238.26 - - [10/May/2026:17:29:26 +0200] "GET /gfd.php HTTP/1.1" 404 27 "-" "-"
74.249.238.26 - - [10/May/2026:17:29:26 +0200] "GET /auth.php HTTP/1.1" 404 27 "-" "-"
74.249.238.26 - - [10/May/2026:17:29:26 +0200] "GET /rip.php HTTP/1.1" 404 27 "-" "-"
74.249.238.26 - - [10/May/2026:17:29:26 +0200] "GET /tfm.php HTTP/1.1" 404 27 "-" "-"
74.249.238.26 - - [10/May/2026:17:29:26 +0200] "GET /baixy.php HTTP/1.1" 404 27 "-" "-"
74.249.238.26 - - [10/May/2026:17:29:27 +0200] "GET /ccs.php HTTP/1.1" 404 27 "-" "-"
74.249.238.26 - - [10/May/2026:17:29:27 +0200] "GET /55b76.php HTTP/1.1" 404 27 "-" "-"
74.249.238.26 - - [10/May/2026:17:29:28 +0200] "GET /elp.php HTTP/1.1" 404 27 "-" "-"
