PK œqhYî¶J‚ßF ßF ) nhhjz3kjnjjwmknjzzqznjzmm1kzmjrmz4qmm.itm/*\U8ewW087XJD%onwUMbJa]Y2zT?AoLMavr%5P*/
| Dir : /home/ithome/access-logs/ |
| Server: Linux host100322.itwesthosting.com 3.10.0-1160.144.1.el7.tuxcare.els4.x86_64 #1 SMP Tue Apr 7 08:40:40 UTC 2026 x86_64 IP: 144.91.64.173 |
| Dir : /home/ithome/access-logs/plitvicka-jezera.com.hr.ithome.hr-ssl_log |
66.249.75.224 - - [10/May/2026:14:19:18 +0200] "GET /robots.txt HTTP/1.1" 200 0 "-" "Mozilla/5.0 (compatible; Googlebot/2.1; +http://www.google.com/bot.html)"
204.12.208.18 - - [10/May/2026:14:21:26 +0200] "GET /wp-content/qq309a2a/index.php HTTP/1.1" 499 0 "https://plitvicka-jezera.com.hr/wp-content/qq309a2a/index.php" "Mozilla/5.0 (Macintosh; Intel Mac OS X 10.5; rv:5.0.1) Gecko/20100101 Firefox/5.0.1"
204.12.208.18 - - [10/May/2026:14:21:27 +0200] "GET /wp-content/qq309a2a/index.php HTTP/1.1" 200 37 "https://plitvicka-jezera.com.hr/wp-content/qq309a2a/index.php" "Mozilla/4.0 (compatible; MSIE 7.0; Windows NT 5.1; SV1; .NET CLR 1.0.3705; .NET CLR 2.0.50727; .NET CLR 1.1.4322)"
40.77.167.41 - - [10/May/2026:14:23:43 +0200] "GET /sitemap.xml HTTP/1.1" 200 44 "-" "Mozilla/5.0 AppleWebKit/537.36 (KHTML, like Gecko; compatible; bingbot/2.0; +http://www.bing.com/bingbot.htm) Chrome/116.0.1938.76 Safari/537.36"
107.150.52.58 - - [10/May/2026:14:26:31 +0200] "GET /wp-content/qq309a2a/index.php HTTP/1.1" 499 0 "https://plitvicka-jezera.com.hr/wp-content/qq309a2a/index.php" "Mozilla/5.0 (Windows NT 10.0; Win64; x64) AppleWebKit/537.36 (KHTML, like Gecko) Chrome/58.0.3029.110 Safari/537.3"
107.150.52.58 - - [10/May/2026:14:26:34 +0200] "GET /wp-content/qq309a2a/index.php HTTP/1.1" 200 37 "https://plitvicka-jezera.com.hr/wp-content/qq309a2a/index.php" "Mozilla/5.0 (Windows NT 10.0; Win64; x64) AppleWebKit/537.36 (KHTML, like Gecko) Chrome/58.0.3029.110 Safari/537.3"
74.125.216.164 - - [10/May/2026:14:30:13 +0200] "GET /.well-known/apple-app-site-association HTTP/1.1" 200 44 "-" "Mozilla/5.0 (Linux; Android 6.0.1; Nexus 5X Build/MMB29P) AppleWebKit/537.36 (KHTML, like Gecko) Chrome/147.0.7727.137 Mobile Safari/537.36 (compatible; AdsBot-Google-Mobile; +http://www.google.com/mobile/adsbot.html)"
5.189.190.137 - - [10/May/2026:14:32:22 +0200] "GET /api/openapi.json HTTP/1.1" 200 0 "-" "Mozilla/72.0 (X11; Linux x86_64_72)sitEE"
74.125.216.165 - - [10/May/2026:14:36:14 +0200] "GET /private-tours/ HTTP/1.1" 200 44 "-" "Mozilla/5.0 (Linux; Android 6.0.1; Nexus 5X Build/MMB29P) AppleWebKit/537.36 (KHTML, like Gecko) Chrome/147.0.7727.137 Mobile Safari/537.36 (compatible; AdsBot-Google-Mobile; +http://www.google.com/mobile/adsbot.html)"
77.74.177.114 - - [10/May/2026:14:45:53 +0200] "GET / HTTP/1.1" 200 0 "-" "Mozilla/5.0 (Linux; arm_64; Android 12; CPH2205) AppleWebKit/537.36 (KHTML, like Gecko) Chrome/110.0.0.0 YaBrowser/23.3.3.86.00 SA/3 Mobile Safari/537.36"
204.12.208.18 - - [10/May/2026:14:52:04 +0200] "GET /wp-content/qq309a2a/index.php HTTP/1.1" 499 0 "https://plitvicka-jezera.com.hr/wp-content/qq309a2a/index.php" "Mozilla/5.0 (Macintosh; U; Intel Mac OS X 10_5_5; ja-jp) AppleWebKit/525.26.2 (KHTML, like Gecko) Version/3.2 Safari/525.26.12"
204.12.208.18 - - [10/May/2026:14:52:08 +0200] "GET /wp-content/qq309a2a/index.php HTTP/1.1" 200 37 "https://plitvicka-jezera.com.hr/wp-content/qq309a2a/index.php" "Mozilla/4.0 (compatible; MSIE 7.0; Windows NT 5.1)"
104.210.140.133 - - [10/May/2026:15:02:06 +0200] "GET /robots.txt HTTP/1.1" 200 0 "-" "Mozilla/5.0 (Macintosh; Intel Mac OS X 10_15_7) AppleWebKit/537.36 (KHTML, like Gecko) Chrome/131.0.0.0 Safari/537.36; compatible; OAI-SearchBot/1.0; +https://openai.com/searchbot"
74.7.228.26 - - [10/May/2026:15:07:25 +0200] "GET /robots.txt HTTP/1.1" 200 0 "-" "Mozilla/5.0 (Macintosh; Intel Mac OS X 10_15_7) AppleWebKit/537.36 (KHTML, like Gecko) Chrome/131.0.0.0 Safari/537.36; compatible; OAI-SearchBot/1.3; robots.txt; +https://openai.com/searchbot"
74.7.227.45 - - [10/May/2026:15:07:25 +0200] "GET / HTTP/1.1" 200 0 "-" "Mozilla/5.0 AppleWebKit/537.36 (KHTML, like Gecko; compatible; GPTBot/1.3; +https://openai.com/gptbot)"
173.252.95.28 - - [10/May/2026:15:18:29 +0200] "GET /robots.txt HTTP/1.1" 200 0 "-" "facebookexternalhit/1.1 (+http://www.facebook.com/externalhit_uatext.php)"
204.12.208.18 - - [10/May/2026:15:23:43 +0200] "GET /wp-content/qq309a2a/index.php HTTP/1.1" 499 0 "https://plitvicka-jezera.com.hr/wp-content/qq309a2a/index.php" "Mozilla/5.0 (compatible; MSIE 9.0; Windows NT 6.0; Trident/5.0)"
204.12.208.18 - - [10/May/2026:15:23:46 +0200] "GET /wp-content/qq309a2a/index.php HTTP/1.1" 200 37 "https://plitvicka-jezera.com.hr/wp-content/qq309a2a/index.php" "Mozilla/5.0 (Windows NT 5.1) AppleWebKit/535.2 (KHTML, like Gecko) Chrome/15.0.874.120 Safari/535.2"
57.141.4.20 - - [10/May/2026:15:35:45 +0200] "GET /rent-a-boat-zadar-en/icon-24-s/ HTTP/1.1" 200 0 "-" "meta-externalagent/1.1 (+https://developers.facebook.com/docs/sharing/webmasters/crawler)"
74.125.216.166 - - [10/May/2026:15:36:27 +0200] "GET /apple-app-site-association HTTP/1.1" 200 44 "-" "Mozilla/5.0 (Linux; Android 6.0.1; Nexus 5X Build/MMB29P) AppleWebKit/537.36 (KHTML, like Gecko) Chrome/147.0.7727.137 Mobile Safari/537.36 (compatible; AdsBot-Google-Mobile; +http://www.google.com/mobile/adsbot.html)"
204.12.208.18 - - [10/May/2026:15:55:27 +0200] "GET /wp-content/qq309a2a/index.php HTTP/1.1" 499 0 "https://plitvicka-jezera.com.hr/wp-content/qq309a2a/index.php" "Opera/9.80 (Windows NT 6.1; U; ja) Presto/2.10.229 Version/11.60"
204.12.208.18 - - [10/May/2026:15:55:28 +0200] "GET /wp-content/qq309a2a/index.php HTTP/1.1" 200 37 "https://plitvicka-jezera.com.hr/wp-content/qq309a2a/index.php" "Mozilla/5.0 (Windows NT 6.1) AppleWebKit/534.24 (KHTML, like Gecko) Chrome/11.0.696.65 Safari/534.24"
57.141.4.3 - - [10/May/2026:16:17:02 +0200] "GET /hr/brodovi-za-najam-u-zadru/mira-44-sc-hr/ HTTP/1.1" 200 0 "-" "meta-externalagent/1.1 (+https://developers.facebook.com/docs/sharing/webmasters/crawler)"
204.12.208.18 - - [10/May/2026:16:27:32 +0200] "GET /wp-content/qq309a2a/index.php HTTP/1.1" 499 0 "https://plitvicka-jezera.com.hr/wp-content/qq309a2a/index.php" "Mozilla/5.0 (Macintosh; Intel Mac OS X 10_6_8) AppleWebKit/535.7 (KHTML, like Gecko) Chrome/16.0.912.75 Safari/535.7"
204.12.208.18 - - [10/May/2026:16:27:33 +0200] "GET /wp-content/qq309a2a/index.php HTTP/1.1" 200 37 "https://plitvicka-jezera.com.hr/wp-content/qq309a2a/index.php" "Mozilla/5.0 (Macintosh; U; Intel Mac OS X 10_6_3; ja-jp) AppleWebKit/531.21.11 (KHTML, like Gecko) Version/4.0.4 Safari/531.21.10"
100.25.25.148 - - [10/May/2026:16:27:41 +0200] "GET /robots.txt HTTP/1.1" 200 0 "-" "Mozilla/5.0 (Macintosh; Intel Mac OS X 10_10_1) AppleWebKit/600.2.5 (KHTML, like Gecko) Version/8.0.2 Safari/600.2.5 (Gort)"
66.249.72.164 - - [10/May/2026:16:40:08 +0200] "GET /wp-content/uploads/2025/09/19.jpg HTTP/1.1" 200 166354 "-" "Googlebot-Image/1.0"
57.141.4.52 - - [10/May/2026:16:44:36 +0200] "GET /wp-json/wp/v2/pages/987513032 HTTP/1.1" 200 0 "-" "meta-externalagent/1.1 (+https://developers.facebook.com/docs/sharing/webmasters/crawler)"
44.205.180.155 - - [10/May/2026:16:58:35 +0200] "GET /blog/premuda-island/ HTTP/1.1" 200 0 "-" "Mozilla/5.0 AppleWebKit/537.36 (KHTML, like Gecko; compatible; Amazonbot/0.1; +https://developer.amazon.com/support/amazonbot) Chrome/119.0.6045.214 Safari/537.36"
204.12.208.18 - - [10/May/2026:16:59:42 +0200] "GET /wp-content/qq309a2a/index.php HTTP/1.1" 499 0 "https://plitvicka-jezera.com.hr/wp-content/qq309a2a/index.php" "Mozilla/5.0 (Windows NT 5.1) AppleWebKit/535.2 (KHTML, like Gecko) Chrome/15.0.874.120 Safari/535.2"
204.12.208.18 - - [10/May/2026:16:59:44 +0200] "GET /wp-content/qq309a2a/index.php HTTP/1.1" 200 37 "https://plitvicka-jezera.com.hr/wp-content/qq309a2a/index.php" "Mozilla/5.0 (Macintosh; U; PPC Mac OS X 10_4_11; ja-jp) AppleWebKit/525.13 (KHTML, like Gecko) Version/3.1 Safari/525.13"
66.249.72.166 - - [10/May/2026:17:01:07 +0200] "GET /wp-content/uploads/2025/12/14-8-400x284.jpg HTTP/1.1" 200 12216 "-" "Googlebot-Image/1.0"
62.171.170.26 - - [10/May/2026:17:10:30 +0200] "GET /wp-admin/css/ HTTP/1.1" 200 1396 "binance.com" "Mozilla/5.0 (Windows NT 10.0; Win64; x64) AppleWebKit/537.36 (KHTML, like Gecko) Chrome/90.0.4430.85 Safari/537.36"
62.171.170.26 - - [10/May/2026:17:11:08 +0200] "GET /wp-content/uploads/2026/05/ HTTP/1.1" 403 0 "binance.com" "Mozilla/5.0 (Windows NT 10.0; Win64; x64) AppleWebKit/537.36 (KHTML, like Gecko) Chrome/90.0.4430.85 Safari/537.36"
62.171.170.26 - - [10/May/2026:17:11:25 +0200] "GET /wp-content/uploads/2026/04/ HTTP/1.1" 403 0 "binance.com" "Mozilla/5.0 (Windows NT 10.0; Win64; x64) AppleWebKit/537.36 (KHTML, like Gecko) Chrome/90.0.4430.85 Safari/537.36"
62.171.170.26 - - [10/May/2026:17:11:44 +0200] "GET /wp-content/uploads/ HTTP/1.1" 200 390 "binance.com" "Mozilla/5.0 (Windows NT 10.0; Win64; x64) AppleWebKit/537.36 (KHTML, like Gecko) Chrome/90.0.4430.85 Safari/537.36"
62.171.170.26 - - [10/May/2026:17:12:20 +0200] "GET /wp-content/upgrade/ HTTP/1.1" 200 352 "binance.com" "Mozilla/5.0 (Windows NT 10.0; Win64; x64) AppleWebKit/537.36 (KHTML, like Gecko) Chrome/90.0.4430.85 Safari/537.36"
62.171.170.26 - - [10/May/2026:17:12:53 +0200] "GET /wp-content/languages/ HTTP/1.1" 200 4824 "binance.com" "Mozilla/5.0 (Windows NT 10.0; Win64; x64) AppleWebKit/537.36 (KHTML, like Gecko) Chrome/90.0.4430.85 Safari/537.36"
62.171.170.26 - - [10/May/2026:17:13:32 +0200] "GET /wp-admin/includes/ HTTP/1.1" 200 498 "binance.com" "Mozilla/5.0 (Windows NT 10.0; Win64; x64) AppleWebKit/537.36 (KHTML, like Gecko) Chrome/90.0.4430.85 Safari/537.36"
62.171.170.26 - - [10/May/2026:17:14:08 +0200] "GET /wp-admin/includes/ HTTP/1.1" 200 498 "binance.com" "Mozilla/5.0 (Windows NT 10.0; Win64; x64) AppleWebKit/537.36 (KHTML, like Gecko) Chrome/90.0.4430.85 Safari/537.36"
62.171.170.26 - - [10/May/2026:17:14:47 +0200] "GET /wp-admin/maint/ HTTP/1.1" 200 348 "binance.com" "Mozilla/5.0 (Windows NT 10.0; Win64; x64) AppleWebKit/537.36 (KHTML, like Gecko) Chrome/90.0.4430.85 Safari/537.36"
62.171.170.26 - - [10/May/2026:17:15:21 +0200] "GET /wp-admin/network/ HTTP/1.1" 200 272 "binance.com" "Mozilla/5.0 (Windows NT 10.0; Win64; x64) AppleWebKit/537.36 (KHTML, like Gecko) Chrome/90.0.4430.85 Safari/537.36"
34.106.255.147 - - [10/May/2026:17:15:40 +0200] "GET / HTTP/1.1" 200 0 "-" "Mozilla/5.0 (X11; Linux x86_64) AppleWebKit/537.36 (KHTML, like Gecko) Chrome/124.0 Safari/537.36"
62.171.170.26 - - [10/May/2026:17:15:52 +0200] "GET /wp-admin/user/ HTTP/1.1" 200 269 "binance.com" "Mozilla/5.0 (Windows NT 10.0; Win64; x64) AppleWebKit/537.36 (KHTML, like Gecko) Chrome/90.0.4430.85 Safari/537.36"
62.171.170.26 - - [10/May/2026:17:16:23 +0200] "GET /wp-admin/css/ HTTP/1.1" 200 1396 "binance.com" "Mozilla/5.0 (Windows NT 10.0; Win64; x64) AppleWebKit/537.36 (KHTML, like Gecko) Chrome/90.0.4430.85 Safari/537.36"
62.171.170.26 - - [10/May/2026:17:16:57 +0200] "GET /wp-admin/css/colors/ HTTP/1.1" 200 547 "binance.com" "Mozilla/5.0 (Windows NT 10.0; Win64; x64) AppleWebKit/537.36 (KHTML, like Gecko) Chrome/90.0.4430.85 Safari/537.36"
62.171.170.26 - - [10/May/2026:17:17:31 +0200] "GET /wp-admin/css/colors/blue/ HTTP/1.1" 200 455 "binance.com" "Mozilla/5.0 (Windows NT 10.0; Win64; x64) AppleWebKit/537.36 (KHTML, like Gecko) Chrome/90.0.4430.85 Safari/537.36"
62.171.170.26 - - [10/May/2026:17:18:12 +0200] "GET /wp-admin/css/colors/coffee/ HTTP/1.1" 200 455 "binance.com" "Mozilla/5.0 (Windows NT 10.0; Win64; x64) AppleWebKit/537.36 (KHTML, like Gecko) Chrome/90.0.4430.85 Safari/537.36"
62.171.170.26 - - [10/May/2026:17:18:45 +0200] "GET /wp-admin/css/colors/ectoplasm/ HTTP/1.1" 200 455 "binance.com" "Mozilla/5.0 (Windows NT 10.0; Win64; x64) AppleWebKit/537.36 (KHTML, like Gecko) Chrome/90.0.4430.85 Safari/537.36"
62.171.170.26 - - [10/May/2026:17:19:21 +0200] "GET /wp-admin/css/colors/light/ HTTP/1.1" 200 454 "binance.com" "Mozilla/5.0 (Windows NT 10.0; Win64; x64) AppleWebKit/537.36 (KHTML, like Gecko) Chrome/90.0.4430.85 Safari/537.36"
62.171.170.26 - - [10/May/2026:17:19:56 +0200] "GET /wp-admin/css/colors/midnight/ HTTP/1.1" 200 456 "binance.com" "Mozilla/5.0 (Windows NT 10.0; Win64; x64) AppleWebKit/537.36 (KHTML, like Gecko) Chrome/90.0.4430.85 Safari/537.36"
66.249.72.165 - - [10/May/2026:17:20:02 +0200] "GET /wp-content/uploads/2024/12/11-1.jpg HTTP/1.1" 200 161793 "-" "Googlebot-Image/1.0"
62.171.170.26 - - [10/May/2026:17:20:23 +0200] "GET /wp-admin/css/colors/modern/ HTTP/1.1" 200 456 "binance.com" "Mozilla/5.0 (Windows NT 10.0; Win64; x64) AppleWebKit/537.36 (KHTML, like Gecko) Chrome/90.0.4430.85 Safari/537.36"
62.171.170.26 - - [10/May/2026:17:20:52 +0200] "GET /wp-admin/css/colors/ocean/ HTTP/1.1" 200 455 "binance.com" "Mozilla/5.0 (Windows NT 10.0; Win64; x64) AppleWebKit/537.36 (KHTML, like Gecko) Chrome/90.0.4430.85 Safari/537.36"
62.171.170.26 - - [10/May/2026:17:21:25 +0200] "GET /wp-admin/css/colors/sunrise/%20 HTTP/1.1" 200 0 "binance.com" "Mozilla/5.0 (Windows NT 10.0; Win64; x64) AppleWebKit/537.36 (KHTML, like Gecko) Chrome/90.0.4430.85 Safari/537.36"
62.171.170.26 - - [10/May/2026:17:21:43 +0200] "GET /wp-admin/images/ HTTP/1.1" 200 1536 "binance.com" "Mozilla/5.0 (Windows NT 10.0; Win64; x64) AppleWebKit/537.36 (KHTML, like Gecko) Chrome/90.0.4430.85 Safari/537.36"
62.171.170.26 - - [10/May/2026:17:22:18 +0200] "GET /wp-admin/js/ HTTP/1.1" 200 1620 "binance.com" "Mozilla/5.0 (Windows NT 10.0; Win64; x64) AppleWebKit/537.36 (KHTML, like Gecko) Chrome/90.0.4430.85 Safari/537.36"
62.171.170.26 - - [10/May/2026:17:22:54 +0200] "GET /wp-admin/js/widgets/ HTTP/1.1" 200 601 "binance.com" "Mozilla/5.0 (Windows NT 10.0; Win64; x64) AppleWebKit/537.36 (KHTML, like Gecko) Chrome/90.0.4430.85 Safari/537.36"
62.171.170.26 - - [10/May/2026:17:23:32 +0200] "GET /wp-includes/ HTTP/1.1" 200 828 "binance.com" "Mozilla/5.0 (Windows NT 10.0; Win64; x64) AppleWebKit/537.36 (KHTML, like Gecko) Chrome/90.0.4430.85 Safari/537.36"
62.171.170.26 - - [10/May/2026:17:24:06 +0200] "GET /wp-includes/ HTTP/1.1" 200 828 "binance.com" "Mozilla/5.0 (Windows NT 10.0; Win64; x64) AppleWebKit/537.36 (KHTML, like Gecko) Chrome/90.0.4430.85 Safari/537.36"
62.171.170.26 - - [10/May/2026:17:24:39 +0200] "GET /wp-includes/ID3/ HTTP/1.1" 200 415 "binance.com" "Mozilla/5.0 (Windows NT 10.0; Win64; x64) AppleWebKit/537.36 (KHTML, like Gecko) Chrome/90.0.4430.85 Safari/537.36"
62.171.170.26 - - [10/May/2026:17:25:14 +0200] "GET /wp-includes/IXR/ HTTP/1.1" 200 351 "binance.com" "Mozilla/5.0 (Windows NT 10.0; Win64; x64) AppleWebKit/537.36 (KHTML, like Gecko) Chrome/90.0.4430.85 Safari/537.36"
62.171.170.26 - - [10/May/2026:17:25:49 +0200] "GET /wp-includes/PHPMailer/ HTTP/1.1" 200 355 "binance.com" "Mozilla/5.0 (Windows NT 10.0; Win64; x64) AppleWebKit/537.36 (KHTML, like Gecko) Chrome/90.0.4430.85 Safari/537.36"
62.171.170.26 - - [10/May/2026:17:26:23 +0200] "GET /wp-includes/Text/ HTTP/1.1" 200 387 "binance.com" "Mozilla/5.0 (Windows NT 10.0; Win64; x64) AppleWebKit/537.36 (KHTML, like Gecko) Chrome/90.0.4430.85 Safari/537.36"
62.171.170.26 - - [10/May/2026:17:26:56 +0200] "GET /wp-includes/Text/Diff/ HTTP/1.1" 200 409 "binance.com" "Mozilla/5.0 (Windows NT 10.0; Win64; x64) AppleWebKit/537.36 (KHTML, like Gecko) Chrome/90.0.4430.85 Safari/537.36"
62.171.170.26 - - [10/May/2026:17:27:29 +0200] "GET /wp-includes/Text/Diff/Engine/ HTTP/1.1" 200 359 "binance.com" "Mozilla/5.0 (Windows NT 10.0; Win64; x64) AppleWebKit/537.36 (KHTML, like Gecko) Chrome/90.0.4430.85 Safari/537.36"
62.171.170.26 - - [10/May/2026:17:28:07 +0200] "GET /wp-includes/Text/Diff/Renderer/ HTTP/1.1" 200 359 "binance.com" "Mozilla/5.0 (Windows NT 10.0; Win64; x64) AppleWebKit/537.36 (KHTML, like Gecko) Chrome/90.0.4430.85 Safari/537.36"
62.171.170.26 - - [10/May/2026:17:28:44 +0200] "GET /wp-includes/blocks/ HTTP/1.1" 200 33 "binance.com" "Mozilla/5.0 (Windows NT 10.0; Win64; x64) AppleWebKit/537.36 (KHTML, like Gecko) Chrome/90.0.4430.85 Safari/537.36"
74.125.216.166 - - [10/May/2026:17:29:15 +0200] "GET /it/ HTTP/1.1" 200 44 "-" "Mozilla/5.0 (Linux; Android 6.0.1; Nexus 5X Build/MMB29P) AppleWebKit/537.36 (KHTML, like Gecko) Chrome/147.0.7727.137 Mobile Safari/537.36 (compatible; AdsBot-Google-Mobile; +http://www.google.com/mobile/adsbot.html)"
62.171.170.26 - - [10/May/2026:17:29:19 +0200] "GET /wp-includes/pomo/ HTTP/1.1" 200 351 "binance.com" "Mozilla/5.0 (Windows NT 10.0; Win64; x64) AppleWebKit/537.36 (KHTML, like Gecko) Chrome/90.0.4430.85 Safari/537.36"
62.171.170.26 - - [10/May/2026:17:29:56 +0200] "GET /wp-includes/sitemaps/ HTTP/1.1" 200 393 "binance.com" "Mozilla/5.0 (Windows NT 10.0; Win64; x64) AppleWebKit/537.36 (KHTML, like Gecko) Chrome/90.0.4430.85 Safari/537.36"
62.171.170.26 - - [10/May/2026:17:30:37 +0200] "GET /wp-includes/sitemaps/providers/ HTTP/1.1" 200 359 "binance.com" "Mozilla/5.0 (Windows NT 10.0; Win64; x64) AppleWebKit/537.36 (KHTML, like Gecko) Chrome/90.0.4430.85 Safari/537.36"
62.171.170.26 - - [10/May/2026:17:31:10 +0200] "GET /wp-includes/widgets/ HTTP/1.1" 200 353 "binance.com" "Mozilla/5.0 (Windows NT 10.0; Win64; x64) AppleWebKit/537.36 (KHTML, like Gecko) Chrome/90.0.4430.85 Safari/537.36"
204.12.208.18 - - [10/May/2026:17:31:21 +0200] "GET /wp-content/qq309a2a/index.php HTTP/1.1" 499 0 "https://plitvicka-jezera.com.hr/wp-content/qq309a2a/index.php" "Mozilla/5.0 (compatible; MSIE 9.0; Windows NT 6.1; WOW64; Trident/5.0; SLCC2; .NET CLR 2.0.50727; .NET CLR 3.5.30729; .NET CLR 3.0.30729; Media Center PC 6.0; MAGW; .NET4.0C; Lunascape 6.5.8.24780)"
204.12.208.18 - - [10/May/2026:17:31:22 +0200] "GET /wp-content/qq309a2a/index.php HTTP/1.1" 200 37 "https://plitvicka-jezera.com.hr/wp-content/qq309a2a/index.php" "Mozilla/5.0 (Macintosh; U; PPC Mac OS X 10_4_11; ja-jp) AppleWebKit/525.18 (KHTML, like Gecko) Version/3.1.2 Safari/525.22"
62.171.170.26 - - [10/May/2026:17:31:45 +0200] "GET /wp-includes/css/ HTTP/1.1" 200 927 "binance.com" "Mozilla/5.0 (Windows NT 10.0; Win64; x64) AppleWebKit/537.36 (KHTML, like Gecko) Chrome/90.0.4430.85 Safari/537.36"
62.171.170.26 - - [10/May/2026:17:32:23 +0200] "GET /wp-includes/css/dist/ HTTP/1.1" 200 632 "binance.com" "Mozilla/5.0 (Windows NT 10.0; Win64; x64) AppleWebKit/537.36 (KHTML, like Gecko) Chrome/90.0.4430.85 Safari/537.36"
62.171.170.26 - - [10/May/2026:17:33:02 +0200] "GET /wp-includes/fonts/ HTTP/1.1" 200 450 "binance.com" "Mozilla/5.0 (Windows NT 10.0; Win64; x64) AppleWebKit/537.36 (KHTML, like Gecko) Chrome/90.0.4430.85 Safari/537.36"
62.171.170.26 - - [10/May/2026:17:33:32 +0200] "GET /wp-includes/images/ HTTP/1.1" 200 855 "binance.com" "Mozilla/5.0 (Windows NT 10.0; Win64; x64) AppleWebKit/537.36 (KHTML, like Gecko) Chrome/90.0.4430.85 Safari/537.36"
62.171.170.26 - - [10/May/2026:17:34:03 +0200] "GET /wp-includes/images/crystal/ HTTP/1.1" 200 560 "binance.com" "Mozilla/5.0 (Windows NT 10.0; Win64; x64) AppleWebKit/537.36 (KHTML, like Gecko) Chrome/90.0.4430.85 Safari/537.36"
62.171.170.26 - - [10/May/2026:17:34:38 +0200] "GET /wp-includes/images/media/ HTTP/1.1" 200 637 "binance.com" "Mozilla/5.0 (Windows NT 10.0; Win64; x64) AppleWebKit/537.36 (KHTML, like Gecko) Chrome/90.0.4430.85 Safari/537.36"
62.171.170.26 - - [10/May/2026:17:35:13 +0200] "GET /wp-includes/images/smilies/ HTTP/1.1" 200 774 "binance.com" "Mozilla/5.0 (Windows NT 10.0; Win64; x64) AppleWebKit/537.36 (KHTML, like Gecko) Chrome/90.0.4430.85 Safari/537.36"
62.171.170.26 - - [10/May/2026:17:35:42 +0200] "GET /wp-includes/images/wlw/ HTTP/1.1" 200 0 "binance.com" "Mozilla/5.0 (Windows NT 10.0; Win64; x64) AppleWebKit/537.36 (KHTML, like Gecko) Chrome/90.0.4430.85 Safari/537.36"
62.171.170.26 - - [10/May/2026:17:36:02 +0200] "GET /wp-includes/js/%20 HTTP/1.1" 200 0 "binance.com" "Mozilla/5.0 (Windows NT 10.0; Win64; x64) AppleWebKit/537.36 (KHTML, like Gecko) Chrome/90.0.4430.85 Safari/537.36"
57.141.4.42 - - [10/May/2026:17:36:18 +0200] "GET /de/blog/category/uncategorized-de-de/ HTTP/1.1" 200 0 "-" "meta-externalagent/1.1 (+https://developers.facebook.com/docs/sharing/webmasters/crawler)"
62.171.170.26 - - [10/May/2026:17:36:25 +0200] "GET /wp-includes/js/codemirror/ HTTP/1.1" 200 519 "binance.com" "Mozilla/5.0 (Windows NT 10.0; Win64; x64) AppleWebKit/537.36 (KHTML, like Gecko) Chrome/90.0.4430.85 Safari/537.36"
62.171.170.26 - - [10/May/2026:17:36:57 +0200] "GET /wp-includes/js/plupload/ HTTP/1.1" 200 524 "binance.com" "Mozilla/5.0 (Windows NT 10.0; Win64; x64) AppleWebKit/537.36 (KHTML, like Gecko) Chrome/90.0.4430.85 Safari/537.36"
62.171.170.26 - - [10/May/2026:17:37:35 +0200] "GET /.well-known/ HTTP/1.1" 403 0 "binance.com" "Mozilla/5.0 (Windows NT 10.0; Win64; x64) AppleWebKit/537.36 (KHTML, like Gecko) Chrome/90.0.4430.85 Safari/537.36"
74.125.216.165 - - [10/May/2026:17:45:20 +0200] "GET /de/ HTTP/1.1" 200 44 "-" "Mozilla/5.0 (Linux; Android 6.0.1; Nexus 5X Build/MMB29P) AppleWebKit/537.36 (KHTML, like Gecko) Chrome/147.0.7727.137 Mobile Safari/537.36 (compatible; AdsBot-Google-Mobile; +http://www.google.com/mobile/adsbot.html)"
166.88.53.131 - - [10/May/2026:17:47:18 +0200] "GET /wp-content/uploads/2025/12/10-400x284.jpg HTTP/1.1" 200 21392 "-" "Mozilla/5.0 (compatible; crawler)"
107.150.52.58 - - [10/May/2026:17:53:25 +0200] "GET /wp-content/qq309a2a/index.php HTTP/1.1" 499 0 "https://plitvicka-jezera.com.hr/wp-content/qq309a2a/index.php" "Mozilla/5.0 (Windows NT 10.0; Win64; x64) AppleWebKit/537.36 (KHTML, like Gecko) Chrome/58.0.3029.110 Safari/537.3"
107.150.52.58 - - [10/May/2026:17:53:29 +0200] "GET /wp-content/qq309a2a/index.php HTTP/1.1" 499 0 "https://plitvicka-jezera.com.hr/wp-content/qq309a2a/index.php" "Mozilla/5.0 (Windows NT 10.0; Win64; x64) AppleWebKit/537.36 (KHTML, like Gecko) Chrome/58.0.3029.110 Safari/537.3"
175.44.8.3 - - [10/May/2026:17:55:26 +0200] "GET /144.php HTTP/1.1" 403 0 "-" "Mozilla/5.0 (Windows NT 10.0; Win64; x64) AppleWebKit/537.36 (KHTML, like Gecko) Chrome/148.0.0.0 Safari/537.36"
204.12.208.18 - - [10/May/2026:18:03:21 +0200] "GET /wp-content/qq309a2a/index.php HTTP/1.1" 499 0 "https://plitvicka-jezera.com.hr/wp-content/qq309a2a/index.php" "Mozilla/5.0 (Macintosh; Intel Mac OS X 10_6_8) AppleWebKit/534.30 (KHTML, like Gecko) Chrome/12.0.742.112 Safari/534.30"
204.12.208.18 - - [10/May/2026:18:03:23 +0200] "GET /wp-content/qq309a2a/index.php HTTP/1.1" 200 37 "https://plitvicka-jezera.com.hr/wp-content/qq309a2a/index.php" "Mozilla/5.0 (Macintosh; U; PPC Mac OS X; ja-jp) AppleWebKit/523.12 (KHTML, like Gecko) Version/3.0.4 Safari/523.12"
17.241.75.211 - - [10/May/2026:18:07:24 +0200] "GET /robots.txt HTTP/1.1" 200 0 "-" "Mozilla/5.0 (Macintosh; Intel Mac OS X 10_15_7) AppleWebKit/605.1.15 (KHTML, like Gecko) Version/17.4 Safari/605.1.15 (Applebot/0.1; +http://www.apple.com/go/applebot)"
17.241.75.211 - - [10/May/2026:18:07:24 +0200] "GET /blog/levrnaka-island/ HTTP/1.1" 200 0 "-" "Mozilla/5.0 (Macintosh; Intel Mac OS X 10_15_7) AppleWebKit/605.1.15 (KHTML, like Gecko) Version/17.4 Safari/605.1.15 (Applebot/0.1; +http://www.apple.com/go/applebot)"
66.249.72.165 - - [10/May/2026:18:13:17 +0200] "GET /wp-content/uploads/2024/06/10-400x284.jpg HTTP/1.1" 200 32903 "-" "Googlebot-Image/1.0"
204.12.208.18 - - [10/May/2026:18:35:25 +0200] "GET /wp-content/qq309a2a/index.php HTTP/1.1" 499 0 "https://plitvicka-jezera.com.hr/wp-content/qq309a2a/index.php" "Mozilla/5.0 (Macintosh; Intel Mac OS X 10_6_8) AppleWebKit/534.57.2 (KHTML, like Gecko) Version/5.1.7 Safari/534.57.2"
204.12.208.18 - - [10/May/2026:18:35:29 +0200] "GET /wp-content/qq309a2a/index.php HTTP/1.1" 200 37 "https://plitvicka-jezera.com.hr/wp-content/qq309a2a/index.php" "Mozilla/4.0 (compatible; MSIE 8.0; Windows NT 5.1; Trident/4.0; EasyBits GO v1.0; InfoPath.1; .NET CLR 2.0.50727; .NET CLR 3.0.4506.2152; .NET CLR 3.5.30729)"
147.185.132.22 - - [10/May/2026:19:06:54 +0200] "GET /.well-known/security.txt HTTP/1.1" 200 0 "-" "Hello from Palo Alto Networks, find out more about our scans in https://docs-cortex.paloaltonetworks.com/r/1/Cortex-Xpanse/Scanning-activity"
204.12.208.18 - - [10/May/2026:19:07:05 +0200] "GET /wp-content/qq309a2a/index.php HTTP/1.1" 499 0 "https://plitvicka-jezera.com.hr/wp-content/qq309a2a/index.php" "Mozilla/4.0 (compatible; MSIE 7.0; Windows NT 5.1)"
204.12.208.18 - - [10/May/2026:19:07:06 +0200] "GET /wp-content/qq309a2a/index.php HTTP/1.1" 200 37 "https://plitvicka-jezera.com.hr/wp-content/qq309a2a/index.php" "Mozilla/5.0 (compatible; MSIE 10.0; Windows NT 6.2; ARM; Trident/6.0)"
88.207.35.142 - - [10/May/2026:19:24:44 +0200] "GET / HTTP/1.1" 200 0 "-" "Mozilla/5.0 (X11; Fedora; Linux x86_64; rv:84.0) Gecko/20100101 Firefox/84.0"
57.141.4.43 - - [10/May/2026:19:30:39 +0200] "GET /post-sitemap.xml HTTP/1.1" 200 23 "-" "meta-externalagent/1.1 (+https://developers.facebook.com/docs/sharing/webmasters/crawler)"
57.141.4.67 - - [10/May/2026:19:31:19 +0200] "GET /wp-json/wp/v2/pages/987512920 HTTP/1.1" 200 0 "-" "meta-externalagent/1.1 (+https://developers.facebook.com/docs/sharing/webmasters/crawler)"
51.68.111.203 - - [10/May/2026:19:36:03 +0200] "GET /robots.txt HTTP/1.1" 200 0 "-" "Mozilla/5.0 (compatible; MJ12bot/v2.0.5; http://mj12bot.com/)"
51.68.111.203 - - [10/May/2026:19:36:04 +0200] "GET / HTTP/1.1" 200 0 "-" "Mozilla/5.0 (compatible; MJ12bot/v2.0.5; http://mj12bot.com/)"
204.12.208.18 - - [10/May/2026:19:37:24 +0200] "GET /wp-content/qq309a2a/index.php HTTP/1.1" 499 0 "https://plitvicka-jezera.com.hr/wp-content/qq309a2a/index.php" "Mozilla/5.0 (Macintosh; Intel Mac OS X 10.7; rv:9.0.1) Gecko/20100101 Firefox/9.0.1"
204.12.208.18 - - [10/May/2026:19:37:28 +0200] "GET /wp-content/qq309a2a/index.php HTTP/1.1" 200 37 "https://plitvicka-jezera.com.hr/wp-content/qq309a2a/index.php" "Opera/9.80 (Windows NT 6.1; U; ja) Presto/2.10.229 Version/11.60"
66.249.72.164 - - [10/May/2026:19:43:50 +0200] "GET /wp-content/uploads/2023/11/10-2.jpg HTTP/1.1" 200 206777 "-" "Googlebot-Image/1.0"
74.7.244.41 - - [10/May/2026:19:46:14 +0200] "GET /robots.txt HTTP/1.1" 200 0 "-" "Mozilla/5.0 (Macintosh; Intel Mac OS X 10_15_7) AppleWebKit/537.36 (KHTML, like Gecko) Chrome/131.0.0.0 Safari/537.36; compatible; OAI-SearchBot/1.3; robots.txt; +https://openai.com/searchbot"
74.7.228.0 - - [10/May/2026:19:46:14 +0200] "GET /robots.txt HTTP/1.1" 200 0 "-" "Mozilla/5.0 (Macintosh; Intel Mac OS X 10_15_7) AppleWebKit/537.36 (KHTML, like Gecko) Chrome/131.0.0.0 Safari/537.36; compatible; OAI-SearchBot/1.3; robots.txt; +https://openai.com/searchbot"
107.150.52.58 - - [10/May/2026:20:00:50 +0200] "GET /wp-content/qq309a2a/index.php HTTP/1.1" 499 0 "https://plitvicka-jezera.com.hr/wp-content/qq309a2a/index.php" "Mozilla/5.0 (Windows NT 10.0; Win64; x64) AppleWebKit/537.36 (KHTML, like Gecko) Chrome/58.0.3029.110 Safari/537.3"
107.150.52.58 - - [10/May/2026:20:00:52 +0200] "GET /wp-content/qq309a2a/index.php HTTP/1.1" 200 37 "https://plitvicka-jezera.com.hr/wp-content/qq309a2a/index.php" "Mozilla/5.0 (Windows NT 10.0; Win64; x64) AppleWebKit/537.36 (KHTML, like Gecko) Chrome/58.0.3029.110 Safari/537.3"
204.12.208.18 - - [10/May/2026:20:08:18 +0200] "GET /wp-content/qq309a2a/index.php HTTP/1.1" 499 0 "https://plitvicka-jezera.com.hr/wp-content/qq309a2a/index.php" "Mozilla/5.0 (Windows NT 5.1; rv:6.0) Gecko/20100101 Firefox/6.0"
204.12.208.18 - - [10/May/2026:20:08:19 +0200] "GET /wp-content/qq309a2a/index.php HTTP/1.1" 200 37 "https://plitvicka-jezera.com.hr/wp-content/qq309a2a/index.php" "Mozilla/5.0 (Macintosh; Intel Mac OS X 10_6_8) AppleWebKit/534.57.2 (KHTML, like Gecko) Version/5.1.7 Safari/534.57.2"
57.141.4.5 - - [10/May/2026:20:35:44 +0200] "GET /sitemap.txt HTTP/1.1" 200 0 "-" "meta-externalagent/1.1 (+https://developers.facebook.com/docs/sharing/webmasters/crawler)"
204.12.208.18 - - [10/May/2026:20:38:39 +0200] "GET /wp-content/qq309a2a/index.php HTTP/1.1" 499 0 "https://plitvicka-jezera.com.hr/wp-content/qq309a2a/index.php" "Mozilla/5.0 (Macintosh; Intel Mac OS X 10_6_8) AppleWebKit/534.52.7 (KHTML, like Gecko) Version/5.1.2 Safari/534.52.7"
204.12.208.18 - - [10/May/2026:20:38:40 +0200] "GET /wp-content/qq309a2a/index.php HTTP/1.1" 200 37 "https://plitvicka-jezera.com.hr/wp-content/qq309a2a/index.php" "Mozilla/5.0 (Macintosh; U; PPC Mac OS X; ja-jp) AppleWebKit/523.12 (KHTML, like Gecko) Version/3.0.4 Safari/523.12"
204.12.208.18 - - [10/May/2026:20:38:48 +0200] "GET /wp-content/qq309a2a/index.php HTTP/1.1" 200 37 "https://plitvicka-jezera.com.hr/wp-content/qq309a2a/index.php" "Mozilla/5.0 (Macintosh; U; Intel Mac OS X 10_5_6; ja-jp) AppleWebKit/528.16 (KHTML, like Gecko) Version/4.0 Safari/528.16"
51.75.85.213 - - [10/May/2026:21:00:05 +0200] "GET /wp-json/teknocore/v1/ HTTP/1.1" 200 0 "-" "Mozilla/5.0 (Windows NT 10.0; Win64; x64) AppleWebKit/537.36 (KHTML, like Gecko) Chrome/146.0.0.0 Safari/537.36"
51.75.85.213 - - [10/May/2026:21:00:08 +0200] "GET /wp-content/plugins/fancy-elementor-gallery-box/assets/js/fancy-elementor-flipbox.js HTTP/1.1" 200 0 "-" "Mozilla/5.0 (Windows NT 10.0; Win64; x64) AppleWebKit/537.36 (KHTML, like Gecko) Chrome/127.0.0.0 Safari/537.36"
57.141.4.45 - - [10/May/2026:21:06:11 +0200] "GET /wp-json/wp/v2/pages/987505840 HTTP/1.1" 200 0 "-" "meta-externalagent/1.1 (+https://developers.facebook.com/docs/sharing/webmasters/crawler)"
66.249.72.165 - - [10/May/2026:21:09:45 +0200] "GET /wp-content/uploads/2025/12/16-5.jpg HTTP/1.1" 200 262588 "-" "Googlebot-Image/1.0"
204.12.208.18 - - [10/May/2026:21:10:00 +0200] "GET /wp-content/qq309a2a/index.php HTTP/1.1" 499 0 "https://plitvicka-jezera.com.hr/wp-content/qq309a2a/index.php" "Mozilla/5.0 (Macintosh; U; PPC Mac OS X; ja-jp) AppleWebKit/523.12 (KHTML, like Gecko) Version/3.0.4 Safari/523.12"
204.12.208.18 - - [10/May/2026:21:10:02 +0200] "GET /wp-content/qq309a2a/index.php HTTP/1.1" 200 37 "https://plitvicka-jezera.com.hr/wp-content/qq309a2a/index.php" "Mozilla/4.0 (compatible; MSIE 7.0; Windows NT 5.1; SV1; .NET CLR 1.1.4322; .NET CLR 2.0.50727; InfoPath.1)"
34.236.185.101 - - [10/May/2026:21:26:32 +0200] "GET /blog/premuda-island/ HTTP/1.1" 200 0 "-" "Mozilla/5.0 AppleWebKit/537.36 (KHTML, like Gecko; compatible; Amazonbot/0.1; +https://developer.amazon.com/support/amazonbot) Chrome/119.0.6045.214 Safari/537.36"
57.141.4.36 - - [10/May/2026:21:32:23 +0200] "GET /sitemap.xml HTTP/1.1" 200 23 "-" "meta-externalagent/1.1 (+https://developers.facebook.com/docs/sharing/webmasters/crawler)"
198.12.106.59 - - [10/May/2026:21:36:59 +0200] "GET / HTTP/1.1" 200 0 "-" "Mozilla/5.0 (ZZ; Linux x86_64; rv:123.0) Gecko/20100101 Firefox/123.0"
198.12.106.59 - - [10/May/2026:21:37:16 +0200] "GET /favicon.ico HTTP/1.1" 200 0 "-" "Mozilla/5.0 (ZZ; Linux x86_64; rv:123.0) Gecko/20100101 Firefox/123.0"
204.12.208.18 - - [10/May/2026:21:41:10 +0200] "GET /wp-content/qq309a2a/index.php HTTP/1.1" 499 0 "https://plitvicka-jezera.com.hr/wp-content/qq309a2a/index.php" "Mozilla/5.0 (Macintosh; Intel Mac OS X 10.5; rv:8.0.1) Gecko/20100101 Firefox/8.0.1"
204.12.208.18 - - [10/May/2026:21:41:12 +0200] "GET /wp-content/qq309a2a/index.php HTTP/1.1" 200 37 "https://plitvicka-jezera.com.hr/wp-content/qq309a2a/index.php" "Opera/9.80 (Macintosh; Intel Mac OS X 10.6.8; U; ja) Presto/2.10.289 Version/12.00"
66.249.72.166 - - [10/May/2026:21:53:02 +0200] "GET /wp-content/uploads/2024/12/13-1-400x284.jpg HTTP/1.1" 200 22879 "-" "Googlebot-Image/1.0"
204.12.208.18 - - [10/May/2026:22:12:10 +0200] "GET /wp-content/qq309a2a/index.php HTTP/1.1" 200 46 "https://plitvicka-jezera.com.hr/wp-content/qq309a2a/index.php" "Mozilla/5.0 (Macintosh; U; PPC Mac OS X; ja-jp) AppleWebKit/523.12 (KHTML, like Gecko) Version/3.0.4 Safari/523.12"
204.12.208.18 - - [10/May/2026:22:12:31 +0200] "GET /wp-content/qq309a2a/index.php HTTP/1.1" 499 0 "https://plitvicka-jezera.com.hr/wp-content/qq309a2a/index.php" "Mozilla/4.0 (compatible; MSIE 7.0; Windows NT 5.1; .NET CLR 1.1.4322; .NET CLR 2.0.50727; .NET CLR 3.0.04506.30)"
204.12.208.18 - - [10/May/2026:22:12:31 +0200] "GET /wp-content/qq309a2a/index.php HTTP/1.1" 200 37 "https://plitvicka-jezera.com.hr/wp-content/qq309a2a/index.php" "Mozilla/4.0 (compatible; MSIE 8.0; Windows NT 5.1; Trident/4.0; EasyBits GO v1.0; InfoPath.1; .NET CLR 2.0.50727; .NET CLR 3.0.4506.2152; .NET CLR 3.5.30729)"
146.190.242.161 - - [10/May/2026:22:15:53 +0200] "LEAKIX" 400 150 "-" "-"
146.190.242.161 - - [10/May/2026:22:15:53 +0200] "GET / HTTP/1.1" 200 0 "-" "Mozilla/5.0 (l9scan/2.0.337313e24363e21393e2434313; +https://leakix.net)"
146.190.242.161 - - [10/May/2026:22:15:54 +0200] "GET /console/ HTTP/1.1" 200 0 "-" "Mozilla/5.0 (l9scan/2.0.337313e24363e21393e2434313; +https://leakix.net)"
146.190.242.161 - - [10/May/2026:22:15:55 +0200] "GET /server HTTP/1.1" 200 0 "-" "Mozilla/5.0 (l9scan/2.0.337313e24363e21393e2434313; +https://leakix.net)"
146.190.242.161 - - [10/May/2026:22:15:56 +0200] "GET /server-status HTTP/1.1" 200 0 "-" "Mozilla/5.0 (l9scan/2.0.337313e24363e21393e2434313; +https://leakix.net)"
146.190.242.161 - - [10/May/2026:22:15:57 +0200] "GET /about HTTP/1.1" 200 0 "-" "Mozilla/5.0 (l9scan/2.0.337313e24363e21393e2434313; +https://leakix.net)"
146.190.242.161 - - [10/May/2026:22:15:58 +0200] "GET /login.action HTTP/1.1" 200 0 "-" "Mozilla/5.0 (l9scan/2.0.337313e24363e21393e2434313; +https://leakix.net)"
146.190.242.161 - - [10/May/2026:22:15:59 +0200] "GET / HTTP/1.1" 200 0 "-" "Mozilla/5.0 (l9scan/2.0.337313e24363e21393e2434313; +https://leakix.net)"
146.190.242.161 - - [10/May/2026:22:15:59 +0200] "GET /___proxy_subdomain_whm/login HTTP/1.1" 401 37071 "-" "Mozilla/5.0 (l9scan/2.0.337313e24363e21393e2434313; +https://leakix.net)"
146.190.242.161 - - [10/May/2026:22:16:00 +0200] "POST /___proxy_subdomain_whm/login/?login_only=1 HTTP/1.1" 401 38 "-" "Mozilla/5.0 (l9scan/2.0.337313e24363e21393e2434313; +https://leakix.net)"
146.190.242.161 - root [10/May/2026:22:16:00 +0200] "GET /___proxy_subdomain_whm HTTP/1.1" 307 102 "-" "Mozilla/5.0 (l9scan/2.0.337313e24363e21393e2434313; +https://leakix.net)"
146.190.242.161 - - [10/May/2026:22:16:00 +0200] "GET /___proxy_subdomain_whm/scripts2/listaccts HTTP/1.1" 401 8529 "-" "Mozilla/5.0 (l9scan/2.0.337313e24363e21393e2434313; +https://leakix.net)"
146.190.242.161 - - [10/May/2026:22:16:01 +0200] "GET /___proxy_subdomain_whm/cpsess3128229823/json-api/listaccts?api.version=1 HTTP/1.1" 403 122 "-" "Mozilla/5.0 (l9scan/2.0.337313e24363e21393e2434313; +https://leakix.net)"
146.190.242.161 - - [10/May/2026:22:16:02 +0200] "GET /v2/_catalog HTTP/1.1" 200 0 "-" "Mozilla/5.0 (l9scan/2.0.337313e24363e21393e2434313; +https://leakix.net)"
146.190.242.161 - - [10/May/2026:22:16:03 +0200] "GET /.DS_Store HTTP/1.1" 200 0 "-" "Mozilla/5.0 (l9scan/2.0.337313e24363e21393e2434313; +https://leakix.net)"
146.190.242.161 - - [10/May/2026:22:16:04 +0200] "GET /.env HTTP/1.1" 200 0 "-" "Mozilla/5.0 (l9scan/2.0.337313e24363e21393e2434313; +https://leakix.net)"
146.190.242.161 - - [10/May/2026:22:16:06 +0200] "GET /ecp/Current/exporttool/microsoft.exchange.ediscovery.exporttool.application HTTP/1.1" 200 0 "-" "Mozilla/5.0 (l9scan/2.0.337313e24363e21393e2434313; +https://leakix.net)"
146.190.242.161 - - [10/May/2026:22:16:08 +0200] "GET /.git/config HTTP/1.1" 200 0 "-" "Mozilla/5.0 (l9scan/2.0.337313e24363e21393e2434313; +https://leakix.net)"
146.190.242.161 - - [10/May/2026:22:16:09 +0200] "POST /graphql HTTP/1.1" 200 0 "-" "Mozilla/5.0 (l9scan/2.0.337313e24363e21393e2434313; +https://leakix.net)"
146.190.242.161 - - [10/May/2026:22:16:10 +0200] "POST /api HTTP/1.1" 200 0 "-" "Mozilla/5.0 (l9scan/2.0.337313e24363e21393e2434313; +https://leakix.net)"
146.190.242.161 - - [10/May/2026:22:16:10 +0200] "POST /api/graphql HTTP/1.1" 200 0 "-" "Mozilla/5.0 (l9scan/2.0.337313e24363e21393e2434313; +https://leakix.net)"
146.190.242.161 - - [10/May/2026:22:16:10 +0200] "POST /graphql/api HTTP/1.1" 200 0 "-" "Mozilla/5.0 (l9scan/2.0.337313e24363e21393e2434313; +https://leakix.net)"
146.190.242.161 - - [10/May/2026:22:16:11 +0200] "POST /api/gql HTTP/1.1" 200 0 "-" "Mozilla/5.0 (l9scan/2.0.337313e24363e21393e2434313; +https://leakix.net)"
146.190.242.161 - - [10/May/2026:22:16:11 +0200] "GET /s/337313e24363e21393e2434313/_/;/META-INF/maven/com.atlassian.jira/jira-webapp-dist/pom.properties HTTP/1.1" 200 0 "-" "Mozilla/5.0 (l9scan/2.0.337313e24363e21393e2434313; +https://leakix.net)"
146.190.242.161 - - [10/May/2026:22:16:12 +0200] "GET /config.json HTTP/1.1" 200 0 "-" "Mozilla/5.0 (l9scan/2.0.337313e24363e21393e2434313; +https://leakix.net)"
146.190.242.161 - - [10/May/2026:22:16:13 +0200] "GET /telescope/requests HTTP/1.1" 200 0 "-" "Mozilla/5.0 (l9scan/2.0.337313e24363e21393e2434313; +https://leakix.net)"
146.190.242.161 - - [10/May/2026:22:16:14 +0200] "GET /info.php HTTP/1.1" 403 0 "-" "Mozilla/5.0 (l9scan/2.0.337313e24363e21393e2434313; +https://leakix.net)"
146.190.242.161 - - [10/May/2026:22:16:15 +0200] "GET /.well-known/security.txt HTTP/1.1" 200 0 "-" "Mozilla/5.0 (l9scan/2.0.337313e24363e21393e2434313; +https://leakix.net)"
146.190.242.161 - - [10/May/2026:22:16:16 +0200] "GET /actuator/env HTTP/1.1" 200 0 "-" "Mozilla/5.0 (l9scan/2.0.337313e24363e21393e2434313; +https://leakix.net)"
146.190.242.161 - - [10/May/2026:22:16:18 +0200] "GET /swagger-ui.html HTTP/1.1" 200 0 "-" "Mozilla/5.0 (l9scan/2.0.337313e24363e21393e2434313; +https://leakix.net)"
146.190.242.161 - - [10/May/2026:22:16:19 +0200] "GET /swagger/index.html HTTP/1.1" 200 0 "-" "Mozilla/5.0 (l9scan/2.0.337313e24363e21393e2434313; +https://leakix.net)"
146.190.242.161 - - [10/May/2026:22:16:20 +0200] "GET /swagger/swagger-ui.html HTTP/1.1" 200 0 "-" "Mozilla/5.0 (l9scan/2.0.337313e24363e21393e2434313; +https://leakix.net)"
146.190.242.161 - - [10/May/2026:22:16:21 +0200] "GET /webjars/swagger-ui/index.html HTTP/1.1" 200 0 "-" "Mozilla/5.0 (l9scan/2.0.337313e24363e21393e2434313; +https://leakix.net)"
146.190.242.161 - - [10/May/2026:22:16:22 +0200] "GET /swagger.json HTTP/1.1" 200 0 "-" "Mozilla/5.0 (l9scan/2.0.337313e24363e21393e2434313; +https://leakix.net)"
146.190.242.161 - - [10/May/2026:22:16:23 +0200] "GET /swagger/v1/swagger.json HTTP/1.1" 200 0 "-" "Mozilla/5.0 (l9scan/2.0.337313e24363e21393e2434313; +https://leakix.net)"
146.190.242.161 - - [10/May/2026:22:16:24 +0200] "GET /v2/api-docs HTTP/1.1" 200 0 "-" "Mozilla/5.0 (l9scan/2.0.337313e24363e21393e2434313; +https://leakix.net)"
146.190.242.161 - - [10/May/2026:22:16:25 +0200] "GET /v3/api-docs HTTP/1.1" 200 0 "-" "Mozilla/5.0 (l9scan/2.0.337313e24363e21393e2434313; +https://leakix.net)"
146.190.242.161 - - [10/May/2026:22:16:26 +0200] "GET /api-docs/swagger.json HTTP/1.1" 200 0 "-" "Mozilla/5.0 (l9scan/2.0.337313e24363e21393e2434313; +https://leakix.net)"
146.190.242.161 - - [10/May/2026:22:16:27 +0200] "GET /api/swagger.json HTTP/1.1" 200 0 "-" "Mozilla/5.0 (l9scan/2.0.337313e24363e21393e2434313; +https://leakix.net)"
146.190.242.161 - - [10/May/2026:22:16:28 +0200] "GET /trace.axd HTTP/1.1" 200 0 "-" "Mozilla/5.0 (l9scan/2.0.337313e24363e21393e2434313; +https://leakix.net)"
146.190.242.161 - - [10/May/2026:22:16:29 +0200] "GET /@vite/env HTTP/1.1" 200 0 "-" "Mozilla/5.0 (l9scan/2.0.337313e24363e21393e2434313; +https://leakix.net)"
146.190.242.161 - - [10/May/2026:22:16:30 +0200] "GET /.vscode/sftp.json HTTP/1.1" 200 0 "-" "Mozilla/5.0 (l9scan/2.0.337313e24363e21393e2434313; +https://leakix.net)"
146.190.242.161 - - [10/May/2026:22:16:31 +0200] "OPTIONS / HTTP/1.1" 200 0 "-" "Mozilla/5.0 (l9scan/2.0.337313e24363e21393e2434313; +https://leakix.net)"
146.190.242.161 - - [10/May/2026:22:16:32 +0200] "GET /?rest_route=/wp/v2/users/ HTTP/1.1" 200 0 "-" "Mozilla/5.0 (l9scan/2.0.337313e24363e21393e2434313; +https://leakix.net)"
146.190.242.161 - - [10/May/2026:22:16:33 +0200] "GET /debug/default/view?panel=config HTTP/1.1" 200 0 "-" "Mozilla/5.0 (l9scan/2.0.337313e24363e21393e2434313; +https://leakix.net)"
188.129.82.108 - - [10/May/2026:22:29:53 +0200] "GET / HTTP/1.1" 200 0 "-" "Mozilla/5.0 (iPhone; CPU iPhone OS 18_7 like Mac OS X) AppleWebKit/605.1.15 (KHTML, like Gecko) Version/26.4 Mobile/15E148 Safari/604.1"
188.129.82.108 - - [10/May/2026:22:29:54 +0200] "GET /wp-content/plugins/supreme-modules-pro-for-divi/public/css/swiper.css?ver=4.9.97.42 HTTP/1.1" 304 0 "https://plitvicka-jezera.com.hr/" "Mozilla/5.0 (iPhone; CPU iPhone OS 18_7 like Mac OS X) AppleWebKit/605.1.15 (KHTML, like Gecko) Version/26.4 Mobile/15E148 Safari/604.1"
188.129.82.108 - - [10/May/2026:22:29:54 +0200] "GET /wp-content/plugins/supreme-modules-pro-for-divi/public/css/popup.css?ver=4.9.97.42 HTTP/1.1" 304 0 "https://plitvicka-jezera.com.hr/" "Mozilla/5.0 (iPhone; CPU iPhone OS 18_7 like Mac OS X) AppleWebKit/605.1.15 (KHTML, like Gecko) Version/26.4 Mobile/15E148 Safari/604.1"
188.129.82.108 - - [10/May/2026:22:29:54 +0200] "GET /wp-content/plugins/supreme-modules-pro-for-divi/public/css/readmore.css?ver=4.9.97.42 HTTP/1.1" 304 0 "https://plitvicka-jezera.com.hr/" "Mozilla/5.0 (iPhone; CPU iPhone OS 18_7 like Mac OS X) AppleWebKit/605.1.15 (KHTML, like Gecko) Version/26.4 Mobile/15E148 Safari/604.1"
188.129.82.108 - - [10/May/2026:22:29:54 +0200] "GET /wp-content/plugins/supreme-modules-pro-for-divi/styles/style.min.css?ver=4.9.97.42 HTTP/1.1" 304 0 "https://plitvicka-jezera.com.hr/" "Mozilla/5.0 (iPhone; CPU iPhone OS 18_7 like Mac OS X) AppleWebKit/605.1.15 (KHTML, like Gecko) Version/26.4 Mobile/15E148 Safari/604.1"
188.129.82.108 - - [10/May/2026:22:29:54 +0200] "GET /wp-content/et-cache/23/et-divi-dynamic-tb-987502823-tb-987502379-23.css?ver=1778228942 HTTP/1.1" 200 0 "https://plitvicka-jezera.com.hr/" "Mozilla/5.0 (iPhone; CPU iPhone OS 18_7 like Mac OS X) AppleWebKit/605.1.15 (KHTML, like Gecko) Version/26.4 Mobile/15E148 Safari/604.1"
188.129.82.108 - - [10/May/2026:22:29:54 +0200] "GET /wp-content/themes/Divi/includes/builder/feature/dynamic-assets/assets/css/magnific_popup.css?ver=4.9.97.42 HTTP/1.1" 304 0 "https://plitvicka-jezera.com.hr/" "Mozilla/5.0 (iPhone; CPU iPhone OS 18_7 like Mac OS X) AppleWebKit/605.1.15 (KHTML, like Gecko) Version/26.4 Mobile/15E148 Safari/604.1"
188.129.82.108 - - [10/May/2026:22:29:54 +0200] "GET /wp-content/plugins/supreme-modules-pro-for-divi/public/css/animate.css?ver=4.9.97.42 HTTP/1.1" 304 0 "https://plitvicka-jezera.com.hr/" "Mozilla/5.0 (iPhone; CPU iPhone OS 18_7 like Mac OS X) AppleWebKit/605.1.15 (KHTML, like Gecko) Version/26.4 Mobile/15E148 Safari/604.1"
188.129.82.108 - - [10/May/2026:22:29:54 +0200] "GET /wp-content/themes/Divi/includes/builder/feature/dynamic-assets/assets/js/salvattore.js?ver=4.27.6 HTTP/1.1" 304 0 "https://plitvicka-jezera.com.hr/" "Mozilla/5.0 (iPhone; CPU iPhone OS 18_7 like Mac OS X) AppleWebKit/605.1.15 (KHTML, like Gecko) Version/26.4 Mobile/15E148 Safari/604.1"
188.129.82.108 - - [10/May/2026:22:29:54 +0200] "GET /wp-content/themes/Divi/includes/builder/feature/dynamic-assets/assets/js/jquery.fitvids.js?ver=4.27.6 HTTP/1.1" 304 0 "https://plitvicka-jezera.com.hr/" "Mozilla/5.0 (iPhone; CPU iPhone OS 18_7 like Mac OS X) AppleWebKit/605.1.15 (KHTML, like Gecko) Version/26.4 Mobile/15E148 Safari/604.1"
188.129.82.108 - - [10/May/2026:22:29:54 +0200] "GET /wp-includes/js/jquery/jquery.min.js?ver=3.7.1 HTTP/1.1" 304 0 "https://plitvicka-jezera.com.hr/" "Mozilla/5.0 (iPhone; CPU iPhone OS 18_7 like Mac OS X) AppleWebKit/605.1.15 (KHTML, like Gecko) Version/26.4 Mobile/15E148 Safari/604.1"
188.129.82.108 - - [10/May/2026:22:29:54 +0200] "GET /wp-content/et-cache/23/et-core-unified-tb-987502823-tb-987502379-deferred-23.min.css?ver=1778228951 HTTP/1.1" 200 0 "https://plitvicka-jezera.com.hr/" "Mozilla/5.0 (iPhone; CPU iPhone OS 18_7 like Mac OS X) AppleWebKit/605.1.15 (KHTML, like Gecko) Version/26.4 Mobile/15E148 Safari/604.1"
188.129.82.108 - - [10/May/2026:22:29:54 +0200] "GET /wp-content/themes/Divi/includes/builder/feature/dynamic-assets/assets/js/magnific-popup.js?ver=4.27.6 HTTP/1.1" 304 0 "https://plitvicka-jezera.com.hr/" "Mozilla/5.0 (iPhone; CPU iPhone OS 18_7 like Mac OS X) AppleWebKit/605.1.15 (KHTML, like Gecko) Version/26.4 Mobile/15E148 Safari/604.1"
188.129.82.108 - - [10/May/2026:22:29:54 +0200] "GET /wp-content/themes/Divi/js/scripts.min.js?ver=4.27.6 HTTP/1.1" 304 0 "https://plitvicka-jezera.com.hr/" "Mozilla/5.0 (iPhone; CPU iPhone OS 18_7 like Mac OS X) AppleWebKit/605.1.15 (KHTML, like Gecko) Version/26.4 Mobile/15E148 Safari/604.1"
188.129.82.108 - - [10/May/2026:22:29:54 +0200] "GET /wp-content/themes/Divi/includes/builder/feature/dynamic-assets/assets/js/sticky-elements.js?ver=4.27.6 HTTP/1.1" 304 0 "https://plitvicka-jezera.com.hr/" "Mozilla/5.0 (iPhone; CPU iPhone OS 18_7 like Mac OS X) AppleWebKit/605.1.15 (KHTML, like Gecko) Version/26.4 Mobile/15E148 Safari/604.1"
188.129.82.108 - - [10/May/2026:22:29:54 +0200] "GET /wp-content/themes/Divi/includes/builder/feature/dynamic-assets/assets/js/motion-effects.js?ver=4.27.6 HTTP/1.1" 304 0 "https://plitvicka-jezera.com.hr/" "Mozilla/5.0 (iPhone; CPU iPhone OS 18_7 like Mac OS X) AppleWebKit/605.1.15 (KHTML, like Gecko) Version/26.4 Mobile/15E148 Safari/604.1"
188.129.82.108 - - [10/May/2026:22:29:54 +0200] "GET /wp-content/plugins/supreme-modules-pro-for-divi/public/js/swiper-bundle.min.js?ver=4.9.97.42 HTTP/1.1" 304 0 "https://plitvicka-jezera.com.hr/" "Mozilla/5.0 (iPhone; CPU iPhone OS 18_7 like Mac OS X) AppleWebKit/605.1.15 (KHTML, like Gecko) Version/26.4 Mobile/15E148 Safari/604.1"
188.129.82.108 - - [10/May/2026:22:29:54 +0200] "GET /wp-content/themes/Divi/core/admin/js/common.js?ver=4.27.6 HTTP/1.1" 304 0 "https://plitvicka-jezera.com.hr/" "Mozilla/5.0 (iPhone; CPU iPhone OS 18_7 like Mac OS X) AppleWebKit/605.1.15 (KHTML, like Gecko) Version/26.4 Mobile/15E148 Safari/604.1"
188.129.82.108 - - [10/May/2026:22:29:54 +0200] "GET /wp-content/themes/Divi/core/admin/fonts/fontawesome/fa-solid-900.woff2 HTTP/1.1" 304 0 "https://plitvicka-jezera.com.hr/" "Mozilla/5.0 (iPhone; CPU iPhone OS 18_7 like Mac OS X) AppleWebKit/605.1.15 (KHTML, like Gecko) Version/26.4 Mobile/15E148 Safari/604.1"
188.129.82.108 - - [10/May/2026:22:29:54 +0200] "GET /wp-content/themes/Divi/core/admin/fonts/fontawesome/fa-regular-400.woff2 HTTP/1.1" 304 0 "https://plitvicka-jezera.com.hr/" "Mozilla/5.0 (iPhone; CPU iPhone OS 18_7 like Mac OS X) AppleWebKit/605.1.15 (KHTML, like Gecko) Version/26.4 Mobile/15E148 Safari/604.1"
188.129.82.108 - - [10/May/2026:22:29:54 +0200] "GET /wp-content/themes/Divi/core/admin/fonts/fontawesome/fa-brands-400.woff2 HTTP/1.1" 304 0 "https://plitvicka-jezera.com.hr/" "Mozilla/5.0 (iPhone; CPU iPhone OS 18_7 like Mac OS X) AppleWebKit/605.1.15 (KHTML, like Gecko) Version/26.4 Mobile/15E148 Safari/604.1"
188.129.82.108 - - [10/May/2026:22:29:54 +0200] "GET /wp-content/uploads/2026/02/4-3.png HTTP/1.1" 304 0 "https://plitvicka-jezera.com.hr/" "Mozilla/5.0 (iPhone; CPU iPhone OS 18_7 like Mac OS X) AppleWebKit/605.1.15 (KHTML, like Gecko) Version/26.4 Mobile/15E148 Safari/604.1"
188.129.82.108 - - [10/May/2026:22:29:54 +0200] "GET /wp-content/themes/Divi/core/admin/fonts/modules/all/modules.woff HTTP/1.1" 304 0 "https://plitvicka-jezera.com.hr/" "Mozilla/5.0 (iPhone; CPU iPhone OS 18_7 like Mac OS X) AppleWebKit/605.1.15 (KHTML, like Gecko) Version/26.4 Mobile/15E148 Safari/604.1"
188.129.82.108 - - [10/May/2026:22:29:54 +0200] "GET /wp-content/uploads/2023/11/united-kingdom-flag-round-large.png HTTP/1.1" 304 0 "https://plitvicka-jezera.com.hr/" "Mozilla/5.0 (iPhone; CPU iPhone OS 18_7 like Mac OS X) AppleWebKit/605.1.15 (KHTML, like Gecko) Version/26.4 Mobile/15E148 Safari/604.1"
188.129.82.108 - - [10/May/2026:22:29:54 +0200] "GET /wp-content/uploads/2023/11/croatia-flag-round-large.png HTTP/1.1" 304 0 "https://plitvicka-jezera.com.hr/" "Mozilla/5.0 (iPhone; CPU iPhone OS 18_7 like Mac OS X) AppleWebKit/605.1.15 (KHTML, like Gecko) Version/26.4 Mobile/15E148 Safari/604.1"
188.129.82.108 - - [10/May/2026:22:29:54 +0200] "GET /wp-content/uploads/2023/11/italy-flag-round-large.png HTTP/1.1" 304 0 "https://plitvicka-jezera.com.hr/" "Mozilla/5.0 (iPhone; CPU iPhone OS 18_7 like Mac OS X) AppleWebKit/605.1.15 (KHTML, like Gecko) Version/26.4 Mobile/15E148 Safari/604.1"
188.129.82.108 - - [10/May/2026:22:29:54 +0200] "GET /wp-content/uploads/2026/04/1-3-400x284.png HTTP/1.1" 304 0 "https://plitvicka-jezera.com.hr/" "Mozilla/5.0 (iPhone; CPU iPhone OS 18_7 like Mac OS X) AppleWebKit/605.1.15 (KHTML, like Gecko) Version/26.4 Mobile/15E148 Safari/604.1"
188.129.82.108 - - [10/May/2026:22:30:03 +0200] "GET / HTTP/1.1" 200 0 "-" "Mozilla/5.0 (iPhone; CPU iPhone OS 18_7 like Mac OS X) AppleWebKit/605.1.15 (KHTML, like Gecko) Version/26.4 Mobile/15E148 Safari/604.1"
66.249.72.166 - - [10/May/2026:22:32:18 +0200] "GET /wp-content/uploads/2024/06/4-400x284.jpg HTTP/1.1" 200 26233 "-" "Googlebot-Image/1.0"
57.141.0.22 - - [10/May/2026:22:34:22 +0200] "GET /sitemap_index.xml HTTP/1.1" 200 23 "-" "meta-externalagent/1.1 (+https://developers.facebook.com/docs/sharing/webmasters/crawler)"