194.36.45.211 - - [10/May/2026:17:21:01 +0200] "GET /wcmipconnector/readfiles/ HTTP/1.1" 404 355 "-" "curl/7.61.1"
66.249.69.102 - - [10/May/2026:17:21:09 +0200] "GET /type/freight/fa8fhxwbxaomda5.shtml HTTP/1.1" 404 277 "-" "Mozilla/5.0 (Linux; Android 6.0.1; Nexus 5X Build/MMB29P) AppleWebKit/537.36 (KHTML, like Gecko) Chrome/147.0.7727.137 Mobile Safari/537.36 (compatible; GoogleOther)"
66.249.69.102 - - [10/May/2026:17:21:39 +0200] "GET /3090750492 HTTP/1.1" 404 277 "-" "Mozilla/5.0 (Linux; Android 6.0.1; Nexus 5X Build/MMB29P) AppleWebKit/537.36 (KHTML, like Gecko) Chrome/147.0.7727.137 Mobile Safari/537.36 (compatible; Googlebot/2.1; +http://www.google.com/bot.html)"
66.249.69.102 - - [10/May/2026:17:21:42 +0200] "GET /grouping/extra/e13oogrs40rp0d8.shtml HTTP/1.1" 404 277 "-" "Mozilla/5.0 (Linux; Android 6.0.1; Nexus 5X Build/MMB29P) AppleWebKit/537.36 (KHTML, like Gecko) Chrome/147.0.7727.137 Mobile Safari/537.36 (compatible; GoogleOther)"
194.36.45.211 - - [10/May/2026:17:22:01 +0200] "GET /wcmipconnector/readfiles/ HTTP/1.1" 404 355 "-" "curl/7.61.1"
66.249.69.103 - - [10/May/2026:17:22:04 +0200] "GET /section/sort/e07248vvksv5l5c.shtml HTTP/1.1" 404 277 "-" "Mozilla/5.0 (Linux; Android 6.0.1; Nexus 5X Build/MMB29P) AppleWebKit/537.36 (KHTML, like Gecko) Chrome/147.0.7727.137 Mobile Safari/537.36 (compatible; Googlebot/2.1; +http://www.google.com/bot.html)"
66.249.69.102 - - [10/May/2026:17:22:09 +0200] "GET /assemblage/assembly/fjggdh4bt98uu6p.shtml HTTP/1.1" 404 277 "-" "Mozilla/5.0 (Linux; Android 6.0.1; Nexus 5X Build/MMB29P) AppleWebKit/537.36 (KHTML, like Gecko) Chrome/147.0.7727.137 Mobile Safari/537.36 (compatible; GoogleOther)"
40.77.167.156 - - [10/May/2026:17:22:44 +0200] "GET /category/211/003/ HTTP/1.1" 404 277 "-" "Mozilla/5.0 AppleWebKit/537.36 (KHTML, like Gecko; compatible; bingbot/2.0; +http://www.bing.com/bingbot.htm) Chrome/116.0.1938.76 Safari/537.36"
194.36.45.211 - - [10/May/2026:17:23:01 +0200] "GET /wcmipconnector/readfiles/ HTTP/1.1" 404 355 "-" "curl/7.61.1"
66.249.69.101 - - [10/May/2026:17:23:15 +0200] "GET /swarm/sort/f20tldob1o4erel.shtml HTTP/1.1" 404 277 "-" "Mozilla/5.0 (Linux; Android 6.0.1; Nexus 5X Build/MMB29P) AppleWebKit/537.36 (KHTML, like Gecko) Chrome/147.0.7727.137 Mobile Safari/537.36 (compatible; GoogleOther)"
66.249.69.101 - - [10/May/2026:17:23:28 +0200] "GET /section/manufacture/eck2t9849t8uv6p.shtml HTTP/1.1" 404 277 "-" "Mozilla/5.0 (Linux; Android 6.0.1; Nexus 5X Build/MMB29P) AppleWebKit/537.36 (KHTML, like Gecko) Chrome/147.0.7727.137 Mobile Safari/537.36 (compatible; Googlebot/2.1; +http://www.google.com/bot.html)"
57.141.4.26 - - [10/May/2026:17:23:40 +0200] "GET /zdravlje/kako-odabrati-pravi-tretman-za-pomladivanje-lica-bez-straha-od-neprirodnog-izgleda/ HTTP/1.1" 404 355 "-" "meta-externalagent/1.1 (+https://developers.facebook.com/docs/sharing/webmasters/crawler)"
194.36.45.211 - - [10/May/2026:17:24:01 +0200] "GET /wcmipconnector/readfiles/ HTTP/1.1" 404 355 "-" "curl/7.61.1"
88.207.35.142 - - [10/May/2026:17:24:08 +0200] "GET / HTTP/1.1" 200 418 "-" "Mozilla/5.0 (X11; Fedora; Linux x86_64; rv:84.0) Gecko/20100101 Firefox/84.0"
66.249.69.101 - - [10/May/2026:17:24:27 +0200] "GET /type/freight/e2yevzmkbjmwxw3.shtml HTTP/1.1" 404 277 "-" "Mozilla/5.0 (Linux; Android 6.0.1; Nexus 5X Build/MMB29P) AppleWebKit/537.36 (KHTML, like Gecko) Chrome/147.0.7727.137 Mobile Safari/537.36 (compatible; GoogleOther)"
194.36.45.211 - - [10/May/2026:17:25:01 +0200] "GET /wcmipconnector/readfiles/ HTTP/1.1" 404 355 "-" "curl/7.61.1"
66.249.69.102 - - [10/May/2026:17:25:01 +0200] "GET /ambit/possession/fe6srjub7pak6kr.shtml HTTP/1.1" 404 277 "-" "Mozilla/5.0 (Linux; Android 6.0.1; Nexus 5X Build/MMB29P) AppleWebKit/537.36 (KHTML, like Gecko) Chrome/147.0.7727.137 Mobile Safari/537.36 (compatible; GoogleOther)"
92.205.20.61 - - [10/May/2026:17:25:47 +0200] "GET /wp-login.php HTTP/1.1" 404 47 "-" "Mozilla/5.0 (X11; Linux x86_64) AppleWebKit/537.36 (KHTML, like Gecko) Chrome/133.0.0.0 Safari/537.36"
194.36.45.211 - - [10/May/2026:17:26:01 +0200] "GET /wcmipconnector/readfiles/ HTTP/1.1" 404 355 "-" "curl/7.61.1"
66.249.69.101 - - [10/May/2026:17:26:10 +0200] "GET /type/consequence/eekht98o9t8un6p.shtml HTTP/1.1" 404 277 "-" "Mozilla/5.0 (Linux; Android 6.0.1; Nexus 5X Build/MMB29P) AppleWebKit/537.36 (KHTML, like Gecko) Chrome/147.0.7727.137 Mobile Safari/537.36 (compatible; Googlebot/2.1; +http://www.google.com/bot.html)"
66.249.69.102 - - [10/May/2026:17:26:12 +0200] "GET /realm/implement/egtk2ihsi2h3wfy.shtml HTTP/1.1" 404 277 "-" "Mozilla/5.0 (Linux; Android 6.0.1; Nexus 5X Build/MMB29P) AppleWebKit/537.36 (KHTML, like Gecko) Chrome/147.0.7727.137 Mobile Safari/537.36 (compatible; GoogleOther)"
194.36.45.211 - - [10/May/2026:17:27:02 +0200] "GET /wcmipconnector/readfiles/ HTTP/1.1" 404 355 "-" "curl/7.61.1"
66.249.69.102 - - [10/May/2026:17:27:12 +0200] "GET /union/outcome/e2c9xp0dd90y4mh.shtml HTTP/1.1" 404 277 "-" "Mozilla/5.0 (Linux; Android 6.0.1; Nexus 5X Build/MMB29P) AppleWebKit/537.36 (KHTML, like Gecko) Chrome/147.0.7727.137 Mobile Safari/537.36 (compatible; GoogleOther)"
141.98.11.117 - - [10/May/2026:17:27:20 +0200] "GET /wp-login.php HTTP/1.1" 404 47 "-" "Mozilla/5.0 (X11; Fedora; Linux x86_64) AppleWebKit/537.36 (KHTML, like Gecko) Chrome/133.0.0.0 Safari/537.36"
172.121.141.176 - - [10/May/2026:17:27:56 +0200] "GET /wp-content/uploads/2023/12/4062059403054_S64112766_P70-100x100.jpg HTTP/1.1" 404 277 "-" "Mozilla/5.0 (compatible; crawler)"
194.36.45.211 - - [10/May/2026:17:28:01 +0200] "GET /wcmipconnector/readfiles/ HTTP/1.1" 404 355 "-" "curl/7.61.1"
66.249.69.103 - - [10/May/2026:17:28:07 +0200] "GET /factor/info/fn5eeutbu9ljn72.shtml HTTP/1.1" 404 277 "-" "Mozilla/5.0 (Linux; Android 6.0.1; Nexus 5X Build/MMB29P) AppleWebKit/537.36 (KHTML, like Gecko) Chrome/147.0.7727.137 Mobile Safari/537.36 (compatible; GoogleOther)"
66.249.69.101 - - [10/May/2026:17:28:20 +0200] "GET /branch/composition/enj1gk7lw47h1ho.shtml HTTP/1.1" 404 277 "-" "Mozilla/5.0 (Linux; Android 6.0.1; Nexus 5X Build/MMB29P) AppleWebKit/537.36 (KHTML, like Gecko) Chrome/147.0.7727.137 Mobile Safari/537.36 (compatible; GoogleOther)"
194.36.45.211 - - [10/May/2026:17:29:01 +0200] "GET /wcmipconnector/readfiles/ HTTP/1.1" 404 355 "-" "curl/7.61.1"
66.249.69.103 - - [10/May/2026:17:29:06 +0200] "GET /heading/bundle/ff7v48vbkazl2xg.shtml HTTP/1.1" 404 277 "-" "Mozilla/5.0 (Linux; Android 6.0.1; Nexus 5X Build/MMB29P) AppleWebKit/537.36 (KHTML, like Gecko) Chrome/147.0.7727.137 Mobile Safari/537.36 (compatible; GoogleOther)"
194.36.45.211 - - [10/May/2026:17:30:01 +0200] "GET /wcmipconnector/readfiles/ HTTP/1.1" 404 355 "-" "curl/7.61.1"
66.249.69.102 - - [10/May/2026:17:30:21 +0200] "GET /tier/type/eq5feutduetf9ra.shtml HTTP/1.1" 404 277 "-" "Mozilla/5.0 (Linux; Android 6.0.1; Nexus 5X Build/MMB29P) AppleWebKit/537.36 (KHTML, like Gecko) Chrome/147.0.7727.137 Mobile Safari/537.36 (compatible; GoogleOther)"
194.36.45.211 - - [10/May/2026:17:31:01 +0200] "GET /wcmipconnector/readfiles/ HTTP/1.1" 404 355 "-" "curl/7.61.1"
66.249.69.103 - - [10/May/2026:17:31:18 +0200] "GET /system/contraption/ewusf7ibvrigw4z.shtml HTTP/1.1" 404 277 "-" "Mozilla/5.0 (Linux; Android 6.0.1; Nexus 5X Build/MMB29P) AppleWebKit/537.36 (KHTML, like Gecko) Chrome/147.0.7727.137 Mobile Safari/537.36 (compatible; GoogleOther)"
194.36.45.211 - - [10/May/2026:17:32:01 +0200] "GET /wcmipconnector/readfiles/ HTTP/1.1" 404 355 "-" "curl/7.61.1"
66.249.69.102 - - [10/May/2026:17:32:22 +0200] "GET /trait/attribute/exk7t9899t8uu6p.shtml HTTP/1.1" 404 277 "-" "Mozilla/5.0 (Linux; Android 6.0.1; Nexus 5X Build/MMB29P) AppleWebKit/537.36 (KHTML, like Gecko) Chrome/147.0.7727.137 Mobile Safari/537.36 (compatible; GoogleOther)"
194.36.45.211 - - [10/May/2026:17:33:01 +0200] "GET /wcmipconnector/readfiles/ HTTP/1.1" 404 355 "-" "curl/7.61.1"
66.249.69.103 - - [10/May/2026:17:33:20 +0200] "GET /family/specification/fq3cogrb487huho.shtml HTTP/1.1" 404 277 "-" "Mozilla/5.0 (Linux; Android 6.0.1; Nexus 5X Build/MMB29P) AppleWebKit/537.36 (KHTML, like Gecko) Chrome/147.0.7727.137 Mobile Safari/537.36 (compatible; GoogleOther)"
194.36.45.211 - - [10/May/2026:17:34:01 +0200] "GET /wcmipconnector/readfiles/ HTTP/1.1" 404 355 "-" "curl/7.61.1"
66.249.69.102 - - [10/May/2026:17:34:13 +0200] "GET /ambit/creation/f1tb2ihbi197jvq.shtml HTTP/1.1" 404 277 "-" "Mozilla/5.0 (Linux; Android 6.0.1; Nexus 5X Build/MMB29P) AppleWebKit/537.36 (KHTML, like Gecko) Chrome/147.0.7727.137 Mobile Safari/537.36 (compatible; GoogleOther)"
95.216.210.177 - - [10/May/2026:17:34:18 +0200] "GET /wp-login.php HTTP/1.1" 404 47 "-" "Mozilla/5.0 (X11; Linux x86_64) AppleWebKit/537.36 (KHTML, like Gecko) Chrome/133.0.0.0 Safari/537.36 Edg/133.0.0.0"
194.36.45.211 - - [10/May/2026:17:35:02 +0200] "GET /wcmipconnector/readfiles/ HTTP/1.1" 404 355 "-" "curl/7.61.1"
66.249.69.103 - - [10/May/2026:17:35:10 +0200] "GET /hierarchy/attribute/ftsvptgb5dk6ai1.shtml HTTP/1.1" 404 277 "-" "Mozilla/5.0 (Linux; Android 6.0.1; Nexus 5X Build/MMB29P) AppleWebKit/537.36 (KHTML, like Gecko) Chrome/147.0.7727.137 Mobile Safari/537.36 (compatible; GoogleOther)"
23.98.142.185 - - [10/May/2026:17:35:37 +0200] "GET /2059679658 HTTP/1.1" 404 277 "-" "Mozilla/5.0 AppleWebKit/537.36 (KHTML, like Gecko); compatible; ChatGPT-User/1.0; +https://openai.com/bot"
52.167.144.189 - - [10/May/2026:17:35:46 +0200] "GET /ostalo/indukcijske-tave-investicija-koja-se-isplati/feed/ HTTP/1.1" 404 277 "-" "Mozilla/5.0 AppleWebKit/537.36 (KHTML, like Gecko; compatible; bingbot/2.0; +http://www.bing.com/bingbot.htm) Chrome/116.0.1938.76 Safari/537.36"
194.36.45.211 - - [10/May/2026:17:36:01 +0200] "GET /wcmipconnector/readfiles/ HTTP/1.1" 404 355 "-" "curl/7.61.1"
66.249.69.103 - - [10/May/2026:17:36:04 +0200] "GET /grouping/outgrowth/e51iy2pxempz7z6.shtml HTTP/1.1" 404 277 "-" "Mozilla/5.0 (Linux; Android 6.0.1; Nexus 5X Build/MMB29P) AppleWebKit/537.36 (KHTML, like Gecko) Chrome/147.0.7727.137 Mobile Safari/537.36 (compatible; GoogleOther)"
66.249.69.101 - - [10/May/2026:17:36:13 +0200] "GET /variety/composition/e3nswcbecwbxe9s.shtml HTTP/1.1" 404 277 "-" "Mozilla/5.0 (Linux; Android 6.0.1; Nexus 5X Build/MMB29P) AppleWebKit/537.36 (KHTML, like Gecko) Chrome/147.0.7727.137 Mobile Safari/537.36 (compatible; GoogleOther)"
35.92.252.10 - - [10/May/2026:17:36:45 +0200] "GET /wp-content/uploads/2024/11/Fotobiodinamic%CC%8Cka-terapija-1-1.png HTTP/1.1" 404 355 "-" "Mozilla/5.0 (Windows NT 10.0; Win64; x64) AppleWebKit/537.36 (KHTML, like Gecko) Chrome/144.0.0.0 Safari/537.36"
66.249.69.101 - - [10/May/2026:17:36:54 +0200] "GET /7670563464 HTTP/1.1" 404 277 "-" "Mozilla/5.0 (Linux; Android 6.0.1; Nexus 5X Build/MMB29P) AppleWebKit/537.36 (KHTML, like Gecko) Chrome/147.0.7727.137 Mobile Safari/537.36 (compatible; Googlebot/2.1; +http://www.google.com/bot.html)"
194.36.45.211 - - [10/May/2026:17:37:01 +0200] "GET /wcmipconnector/readfiles/ HTTP/1.1" 404 355 "-" "curl/7.61.1"
66.249.69.101 - - [10/May/2026:17:37:15 +0200] "GET /herd/outcome/ey87hxwkxhwirud.shtml HTTP/1.1" 404 277 "-" "Mozilla/5.0 (Linux; Android 6.0.1; Nexus 5X Build/MMB29P) AppleWebKit/537.36 (KHTML, like Gecko) Chrome/147.0.7727.137 Mobile Safari/537.36 (compatible; GoogleOther)"
66.249.69.102 - - [10/May/2026:17:37:31 +0200] "GET /?C=D;O=A HTTP/1.1" 200 418 "-" "Mozilla/5.0 (Linux; Android 6.0.1; Nexus 5X Build/MMB29P) AppleWebKit/537.36 (KHTML, like Gecko) Chrome/147.0.7727.137 Mobile Safari/537.36 (compatible; GoogleOther)"
194.36.45.211 - - [10/May/2026:17:38:01 +0200] "GET /wcmipconnector/readfiles/ HTTP/1.1" 404 355 "-" "curl/7.61.1"
66.249.69.102 - - [10/May/2026:17:38:24 +0200] "GET /aggregation/outcome/ey1vy2p0empz0z6.shtml HTTP/1.1" 404 277 "-" "Mozilla/5.0 (Linux; Android 6.0.1; Nexus 5X Build/MMB29P) AppleWebKit/537.36 (KHTML, like Gecko) Chrome/147.0.7727.137 Mobile Safari/537.36 (compatible; GoogleOther)"
91.224.199.123 - admin [10/May/2026:17:38:26 +0200] "GET /wp-json/wp/v2/users/me HTTP/1.1" 404 277 "-" "Mozilla/5.0 (Macintosh; Intel Mac OS X 10_15_7) AppleWebKit/537.36 (KHTML, like Gecko) Chrome/133.0.0.0 Safari/537.36"
57.141.4.1 - - [10/May/2026:17:38:54 +0200] "GET /sitemap.txt HTTP/1.1" 404 355 "-" "meta-externalagent/1.1 (+https://developers.facebook.com/docs/sharing/webmasters/crawler)"
194.36.45.211 - - [10/May/2026:17:39:01 +0200] "GET /wcmipconnector/readfiles/ HTTP/1.1" 404 355 "-" "curl/7.61.1"
66.249.69.102 - - [10/May/2026:17:39:04 +0200] "GET /gamut/material/fdom91ccpcs2629.shtml HTTP/1.1" 404 277 "-" "Mozilla/5.0 (Linux; Android 6.0.1; Nexus 5X Build/MMB29P) AppleWebKit/537.36 (KHTML, like Gecko) Chrome/147.0.7727.137 Mobile Safari/537.36 (compatible; GoogleOther)"
66.249.69.101 - - [10/May/2026:17:39:22 +0200] "GET /taxonomy/prototype/eizc8on8o8n92l4.shtml HTTP/1.1" 404 277 "-" "Mozilla/5.0 (Linux; Android 6.0.1; Nexus 5X Build/MMB29P) AppleWebKit/537.36 (KHTML, like Gecko) Chrome/147.0.7727.137 Mobile Safari/537.36 (compatible; GoogleOther)"
117.214.80.81 - - [10/May/2026:17:39:49 +0200] "POST /xmlrpc.php HTTP/1.1" 404 27 "-" "Jetpack/12.0; WordPress/6.4; http://site35478231.com"
117.214.80.81 - - [10/May/2026:17:39:58 +0200] "POST /xmlrpc.php HTTP/1.1" 404 27 "-" "Jetpack/13.0; WordPress/6.3; http://site18470937.com"
194.36.45.211 - - [10/May/2026:17:40:02 +0200] "GET /wcmipconnector/readfiles/ HTTP/1.1" 404 355 "-" "curl/7.61.1"
66.249.69.102 - - [10/May/2026:17:40:06 +0200] "GET /edition/harvest/f3bak0zc0irp7d8.shtml HTTP/1.1" 404 277 "-" "Mozilla/5.0 (Linux; Android 6.0.1; Nexus 5X Build/MMB29P) AppleWebKit/537.36 (KHTML, like Gecko) Chrome/147.0.7727.137 Mobile Safari/537.36 (compatible; GoogleOther)"
117.214.80.81 - - [10/May/2026:17:40:08 +0200] "POST /xmlrpc.php HTTP/1.1" 404 27 "-" "Jetpack/12.1; WordPress/6.1; http://site23184837.com"
117.214.80.81 - - [10/May/2026:17:40:19 +0200] "POST /xmlrpc.php HTTP/1.1" 404 27 "-" "Jetpack by WordPress.com (Jetpack 12.0; WordPress 6.4)"
66.249.69.102 - - [10/May/2026:17:40:25 +0200] "GET /element/return/fh5veutbu8ljq72.shtml HTTP/1.1" 404 277 "-" "Mozilla/5.0 (Linux; Android 6.0.1; Nexus 5X Build/MMB29P) AppleWebKit/537.36 (KHTML, like Gecko) Chrome/147.0.7727.137 Mobile Safari/537.36 (compatible; GoogleOther)"
117.214.80.81 - - [10/May/2026:17:40:29 +0200] "POST /xmlrpc.php HTTP/1.1" 404 27 "-" "Jetpack by WordPress.com (Jetpack 12.1; WordPress 6.3)"
117.214.80.81 - - [10/May/2026:17:40:40 +0200] "POST /xmlrpc.php HTTP/1.1" 404 27 "-" "Jetpack by WordPress.com"
117.214.80.81 - - [10/May/2026:17:40:50 +0200] "POST /xmlrpc.php HTTP/1.1" 404 27 "-" "Jetpack by WordPress.com"
216.73.217.125 - - [10/May/2026:17:40:52 +0200] "GET /wp-content/themes/Divi/epanel/build/?C=N&O=A HTTP/1.1" 200 364 "-" "Mozilla/5.0 AppleWebKit/537.36 (KHTML, like Gecko; compatible; ClaudeBot/1.0; +claudebot@anthropic.com)"
91.224.199.123 - - [10/May/2026:17:40:57 +0200] "GET /wp-login.php HTTP/1.1" 404 47 "-" "Mozilla/5.0 (X11; Fedora; Linux x86_64) AppleWebKit/537.36 (KHTML, like Gecko) Chrome/133.0.0.0 Safari/537.36"
117.214.80.81 - - [10/May/2026:17:41:00 +0200] "POST /xmlrpc.php HTTP/1.1" 404 27 "-" "Jetpack by WordPress.com"
194.36.45.211 - - [10/May/2026:17:41:01 +0200] "GET /wcmipconnector/readfiles/ HTTP/1.1" 404 355 "-" "curl/7.61.1"
117.214.80.81 - - [10/May/2026:17:41:11 +0200] "POST /xmlrpc.php HTTP/1.1" 404 27 "-" "Jetpack/13.0; WordPress/6.4; http://site24201564.com"
117.214.80.81 - - [10/May/2026:17:41:21 +0200] "POST /xmlrpc.php HTTP/1.1" 404 27 "-" "Jetpack by WordPress.com (Jetpack 12.5; WordPress 6.4)"
117.214.80.81 - - [10/May/2026:17:41:31 +0200] "POST /xmlrpc.php HTTP/1.1" 404 27 "-" "Jetpack/12.5; WordPress/6.3; http://site88544081.com"
66.249.69.103 - - [10/May/2026:17:41:39 +0200] "GET /ilk/system/ev3aogrv40rp3d8.shtml HTTP/1.1" 404 277 "-" "Mozilla/5.0 (Linux; Android 6.0.1; Nexus 5X Build/MMB29P) AppleWebKit/537.36 (KHTML, like Gecko) Chrome/147.0.7727.137 Mobile Safari/537.36 (compatible; GoogleOther)"
117.214.80.81 - - [10/May/2026:17:41:42 +0200] "POST /xmlrpc.php HTTP/1.1" 404 27 "-" "WordPress.com; https://wordpress.com"
117.214.80.81 - - [10/May/2026:17:41:52 +0200] "POST /xmlrpc.php HTTP/1.1" 404 27 "-" "Jetpack/12.0; WordPress/6.4; http://site29846614.com"
194.36.45.211 - - [10/May/2026:17:42:01 +0200] "GET /wcmipconnector/readfiles/ HTTP/1.1" 404 355 "-" "curl/7.61.1"
117.214.80.81 - - [10/May/2026:17:42:03 +0200] "POST /xmlrpc.php HTTP/1.1" 404 27 "-" "Jetpack/12.5; WordPress/6.4; http://site69954940.com"
216.73.217.125 - - [10/May/2026:17:42:08 +0200] "GET /wp-content/languages/themes/user/?C=S&O=A HTTP/1.1" 200 361 "-" "Mozilla/5.0 AppleWebKit/537.36 (KHTML, like Gecko; compatible; ClaudeBot/1.0; +claudebot@anthropic.com)"
216.73.217.125 - - [10/May/2026:17:42:08 +0200] "GET /wp-content/languages/themes/user/?C=D&O=A HTTP/1.1" 200 362 "-" "Mozilla/5.0 AppleWebKit/537.36 (KHTML, like Gecko; compatible; ClaudeBot/1.0; +claudebot@anthropic.com)"
216.73.217.125 - - [10/May/2026:17:42:08 +0200] "GET /wp-content/languages/themes/user/?C=N&O=D HTTP/1.1" 200 360 "-" "Mozilla/5.0 AppleWebKit/537.36 (KHTML, like Gecko; compatible; ClaudeBot/1.0; +claudebot@anthropic.com)"
117.214.80.81 - - [10/May/2026:17:42:13 +0200] "POST /xmlrpc.php HTTP/1.1" 404 27 "-" "WordPress.com; https://wordpress.com"
117.214.80.81 - - [10/May/2026:17:42:23 +0200] "POST /xmlrpc.php HTTP/1.1" 404 27 "-" "Jetpack/12.1; WordPress/6.3; http://site21623065.com"
117.214.80.81 - - [10/May/2026:17:42:34 +0200] "POST /xmlrpc.php HTTP/1.1" 404 27 "-" "WordPress.com; https://wordpress.com"
216.73.217.125 - - [10/May/2026:17:42:35 +0200] "GET /wp-content/themes/Divi/onboarding/i18n/?C=M&O=D HTTP/1.1" 200 365 "-" "Mozilla/5.0 AppleWebKit/537.36 (KHTML, like Gecko; compatible; ClaudeBot/1.0; +claudebot@anthropic.com)"
216.73.217.125 - - [10/May/2026:17:42:35 +0200] "GET /wp-content/themes/Divi/epanel/build/?C=S&O=D HTTP/1.1" 200 362 "-" "Mozilla/5.0 AppleWebKit/537.36 (KHTML, like Gecko; compatible; ClaudeBot/1.0; +claudebot@anthropic.com)"
117.214.80.81 - - [10/May/2026:17:42:44 +0200] "POST /xmlrpc.php HTTP/1.1" 404 27 "-" "WordPress.com; https://wordpress.com"
117.214.80.81 - - [10/May/2026:17:42:54 +0200] "POST /xmlrpc.php HTTP/1.1" 404 27 "-" "Jetpack/12.5; WordPress/6.3; http://site43953803.com"
194.36.45.211 - - [10/May/2026:17:43:01 +0200] "GET /wcmipconnector/readfiles/ HTTP/1.1" 404 355 "-" "curl/7.61.1"
66.249.69.101 - - [10/May/2026:17:43:03 +0200] "GET /flock/bit/etcexp0hd90yemh.shtml HTTP/1.1" 404 277 "-" "Mozilla/5.0 (Linux; Android 6.0.1; Nexus 5X Build/MMB29P) AppleWebKit/537.36 (KHTML, like Gecko) Chrome/147.0.7727.137 Mobile Safari/537.36 (compatible; GoogleOther)"
117.214.80.81 - - [10/May/2026:17:43:05 +0200] "POST /xmlrpc.php HTTP/1.1" 404 27 "-" "Jetpack/12.1; WordPress/6.4; http://site50608825.com"
45.227.253.15 - - [10/May/2026:17:43:13 +0200] "GET /images/images/images/images/interactivity-api/wp-log/wp-log/index.php?ARRAY=7o2230223n313737383433313838312p2231223n22687474703n5p2s5p2s6877623136387631302r6469706p6976652r6669745p2s3s6p633q7068705s636s64655s6n6326743q313737383432383238312q3866303864323033303866633365386138656230386439633261313939623931222p2232223n223364326165363737643664633730356163323735353161636464626561353139222p2233223n226135353937313439663862366163323838636265363861393231353766386233222p2262696r675s70617373223n2231372q33372q35322q36362q37332q38312q3230227q HTTP/1.1" 200 107 "-" "Mozilla/5.0 (Macintosh; Intel Mac OS X 10.13; rv:103.0) Gecko/20100101 Firefox/102.0"
117.214.80.81 - - [10/May/2026:17:43:15 +0200] "POST /xmlrpc.php HTTP/1.1" 404 27 "-" "Jetpack by WordPress.com (Jetpack 13.0; WordPress 6.4)"
216.73.217.125 - - [10/May/2026:17:43:22 +0200] "GET /wp-content/themes/Divi/core/i18n/ HTTP/1.1" 200 362 "-" "Mozilla/5.0 AppleWebKit/537.36 (KHTML, like Gecko; compatible; ClaudeBot/1.0; +claudebot@anthropic.com)"
117.214.80.81 - - [10/May/2026:17:43:26 +0200] "POST /xmlrpc.php HTTP/1.1" 404 27 "-" "Jetpack by WordPress.com"
216.73.217.125 - - [10/May/2026:17:43:36 +0200] "GET /wp-content/languages/themes/user/?C=M&O=A HTTP/1.1" 200 361 "-" "Mozilla/5.0 AppleWebKit/537.36 (KHTML, like Gecko; compatible; ClaudeBot/1.0; +claudebot@anthropic.com)"
117.214.80.81 - - [10/May/2026:17:43:36 +0200] "POST /xmlrpc.php HTTP/1.1" 404 27 "-" "Jetpack/12.1; WordPress/6.4; http://site41985210.com"
216.73.217.125 - - [10/May/2026:17:43:37 +0200] "GET /wp-content/themes/Divi/epanel/build/?C=M&O=D HTTP/1.1" 200 362 "-" "Mozilla/5.0 AppleWebKit/537.36 (KHTML, like Gecko; compatible; ClaudeBot/1.0; +claudebot@anthropic.com)"
66.249.69.101 - - [10/May/2026:17:43:38 +0200] "GET /module/release/eqzj8onro8n9tl4.shtml HTTP/1.1" 404 277 "-" "Mozilla/5.0 (Linux; Android 6.0.1; Nexus 5X Build/MMB29P) AppleWebKit/537.36 (KHTML, like Gecko) Chrome/147.0.7727.137 Mobile Safari/537.36 (compatible; Googlebot/2.1; +http://www.google.com/bot.html)"
66.249.69.101 - - [10/May/2026:17:43:39 +0200] "GET /catalog/accessory/fl6lrjub7aakpkr.shtml HTTP/1.1" 404 277 "-" "Mozilla/5.0 (Linux; Android 6.0.1; Nexus 5X Build/MMB29P) AppleWebKit/537.36 (KHTML, like Gecko) Chrome/147.0.7727.137 Mobile Safari/537.36 (compatible; Googlebot/2.1; +http://www.google.com/bot.html)"
66.249.69.102 - - [10/May/2026:17:43:40 +0200] "GET /graph/bit/fx4n15sbh5wiqud.shtml HTTP/1.1" 404 277 "-" "Mozilla/5.0 (Linux; Android 6.0.1; Nexus 5X Build/MMB29P) AppleWebKit/537.36 (KHTML, like Gecko) Chrome/147.0.7727.137 Mobile Safari/537.36 (compatible; Googlebot/2.1; +http://www.google.com/bot.html)"
216.73.217.125 - - [10/May/2026:17:43:42 +0200] "GET /wp-content/themes/Divi/epanel/build/?C=D&O=D HTTP/1.1" 200 362 "-" "Mozilla/5.0 AppleWebKit/537.36 (KHTML, like Gecko; compatible; ClaudeBot/1.0; +claudebot@anthropic.com)"
117.214.80.81 - - [10/May/2026:17:43:46 +0200] "POST /xmlrpc.php HTTP/1.1" 404 27 "-" "Jetpack by WordPress.com"
216.73.217.125 - - [10/May/2026:17:43:51 +0200] "GET /wp-content/themes/Divi/onboarding/i18n/?C=S&O=D HTTP/1.1" 200 365 "-" "Mozilla/5.0 AppleWebKit/537.36 (KHTML, like Gecko; compatible; ClaudeBot/1.0; +claudebot@anthropic.com)"
117.214.80.81 - - [10/May/2026:17:43:57 +0200] "POST /xmlrpc.php HTTP/1.1" 404 27 "-" "WordPress.com; https://wordpress.com"
194.36.45.211 - - [10/May/2026:17:44:01 +0200] "GET /wcmipconnector/readfiles/ HTTP/1.1" 404 355 "-" "curl/7.61.1"
66.249.69.101 - - [10/May/2026:17:44:02 +0200] "GET /faction/design/ekr4c4fhsofdn1w.shtml HTTP/1.1" 404 277 "-" "Mozilla/5.0 (Linux; Android 6.0.1; Nexus 5X Build/MMB29P) AppleWebKit/537.36 (KHTML, like Gecko) Chrome/147.0.7727.137 Mobile Safari/537.36 (compatible; GoogleOther)"
117.214.80.81 - - [10/May/2026:17:44:07 +0200] "POST /xmlrpc.php HTTP/1.1" 404 27 "-" "Jetpack/12.5; WordPress/6.1; http://site44869380.com"
117.214.80.81 - - [10/May/2026:17:44:17 +0200] "POST /xmlrpc.php HTTP/1.1" 404 27 "-" "Jetpack by WordPress.com"
117.214.80.81 - - [10/May/2026:17:44:28 +0200] "POST /xmlrpc.php HTTP/1.1" 404 27 "-" "Jetpack by WordPress.com (Jetpack 12.0; WordPress 6.4)"
51.210.146.129 - - [10/May/2026:17:44:30 +0200] "GET /wp-login.php HTTP/1.1" 404 47 "-" "Mozilla/5.0 (Macintosh; Intel Mac OS X 10_15_7) AppleWebKit/537.36 (KHTML, like Gecko) Chrome/133.0.0.0 Safari/537.36"
117.214.80.81 - - [10/May/2026:17:44:38 +0200] "POST /xmlrpc.php HTTP/1.1" 404 27 "-" "Jetpack/12.5; WordPress/6.2; http://site26722117.com"
117.214.80.81 - - [10/May/2026:17:44:49 +0200] "POST /xmlrpc.php HTTP/1.1" 404 27 "-" "Jetpack/13.0; WordPress/6.2; http://site12519764.com"
216.73.217.125 - - [10/May/2026:17:44:50 +0200] "GET /wp-content/themes/Divi/onboarding/i18n/?C=N&O=A HTTP/1.1" 200 367 "-" "Mozilla/5.0 AppleWebKit/537.36 (KHTML, like Gecko; compatible; ClaudeBot/1.0; +claudebot@anthropic.com)"
216.73.217.125 - - [10/May/2026:17:44:50 +0200] "GET /wp-content/themes/Divi/onboarding/i18n/?C=D&O=D HTTP/1.1" 200 365 "-" "Mozilla/5.0 AppleWebKit/537.36 (KHTML, like Gecko; compatible; ClaudeBot/1.0; +claudebot@anthropic.com)"
117.214.80.81 - - [10/May/2026:17:44:59 +0200] "POST /xmlrpc.php HTTP/1.1" 404 27 "-" "Jetpack by WordPress.com (Jetpack 12.5; WordPress 6.3)"
194.36.45.211 - - [10/May/2026:17:45:02 +0200] "GET /wcmipconnector/readfiles/ HTTP/1.1" 404 355 "-" "curl/7.61.1"
117.214.80.81 - - [10/May/2026:17:45:09 +0200] "POST /xmlrpc.php HTTP/1.1" 404 27 "-" "WordPress.com; https://wordpress.com"
66.249.69.102 - - [10/May/2026:17:45:09 +0200] "GET /graph/bit/fx4n15sbh5wiqud.shtml HTTP/1.1" 404 277 "-" "Mozilla/5.0 (Linux; Android 6.0.1; Nexus 5X Build/MMB29P) AppleWebKit/537.36 (KHTML, like Gecko) Chrome/147.0.7727.137 Mobile Safari/537.36 (compatible; GoogleOther)"
117.214.80.81 - - [10/May/2026:17:45:20 +0200] "POST /xmlrpc.php HTTP/1.1" 404 27 "-" "WordPress.com; https://wordpress.com"
117.214.80.81 - - [10/May/2026:17:45:30 +0200] "POST /xmlrpc.php HTTP/1.1" 404 27 "-" "Jetpack by WordPress.com (Jetpack 13.0; WordPress 6.4)"
117.214.80.81 - - [10/May/2026:17:45:40 +0200] "POST /xmlrpc.php HTTP/1.1" 404 27 "-" "WordPress.com; https://wordpress.com"
117.214.80.81 - - [10/May/2026:17:45:51 +0200] "POST /xmlrpc.php HTTP/1.1" 404 27 "-" "Jetpack/13.0; WordPress/6.1; http://site76640677.com"
194.36.45.211 - - [10/May/2026:17:46:01 +0200] "GET /wcmipconnector/readfiles/ HTTP/1.1" 404 355 "-" "curl/7.61.1"
117.214.80.81 - - [10/May/2026:17:46:01 +0200] "POST /xmlrpc.php HTTP/1.1" 404 27 "-" "Jetpack by WordPress.com (Jetpack 12.1; WordPress 6.1)"
117.214.80.81 - - [10/May/2026:17:46:12 +0200] "POST /xmlrpc.php HTTP/1.1" 404 27 "-" "Jetpack/12.5; WordPress/6.4; http://site14166055.com"
66.249.69.101 - - [10/May/2026:17:46:13 +0200] "GET /clique/possession/e9af7by6nvy8t8f.shtml HTTP/1.1" 404 277 "-" "Mozilla/5.0 (Linux; Android 6.0.1; Nexus 5X Build/MMB29P) AppleWebKit/537.36 (KHTML, like Gecko) Chrome/147.0.7727.137 Mobile Safari/537.36 (compatible; GoogleOther)"
117.214.80.81 - - [10/May/2026:17:46:22 +0200] "POST /xmlrpc.php HTTP/1.1" 404 27 "-" "WordPress.com; https://wordpress.com"
117.214.80.81 - - [10/May/2026:17:46:32 +0200] "POST /xmlrpc.php HTTP/1.1" 404 27 "-" "Jetpack by WordPress.com"
117.214.80.81 - - [10/May/2026:17:46:43 +0200] "POST /xmlrpc.php HTTP/1.1" 404 27 "-" "WordPress.com; https://wordpress.com"
117.214.80.81 - - [10/May/2026:17:46:53 +0200] "POST /xmlrpc.php HTTP/1.1" 404 27 "-" "Jetpack/12.1; WordPress/6.3; http://site19214515.com"
194.36.45.211 - - [10/May/2026:17:47:01 +0200] "GET /wcmipconnector/readfiles/ HTTP/1.1" 404 355 "-" "curl/7.61.1"
117.214.80.81 - - [10/May/2026:17:47:03 +0200] "POST /xmlrpc.php HTTP/1.1" 404 27 "-" "Jetpack by WordPress.com (Jetpack 13.0; WordPress 6.4)"
117.214.80.81 - - [10/May/2026:17:47:14 +0200] "POST /xmlrpc.php HTTP/1.1" 404 27 "-" "Jetpack by WordPress.com (Jetpack 12.5; WordPress 6.2)"
117.214.80.81 - - [10/May/2026:17:47:24 +0200] "POST /xmlrpc.php HTTP/1.1" 404 27 "-" "Jetpack by WordPress.com (Jetpack 13.0; WordPress 6.4)"
117.214.80.81 - - [10/May/2026:17:47:35 +0200] "POST /xmlrpc.php HTTP/1.1" 404 27 "-" "Jetpack/12.5; WordPress/6.1; http://site60501706.com"
117.214.80.81 - - [10/May/2026:17:47:45 +0200] "POST /xmlrpc.php HTTP/1.1" 404 27 "-" "Jetpack by WordPress.com"
103.124.92.234 - - [10/May/2026:17:47:50 +0200] "GET /wp-login.php HTTP/1.1" 404 47 "-" "Mozilla/5.0 (X11; Ubuntu; Linux x86_64; rv:133.0) Gecko/20100101 Firefox/133.0"
117.214.80.81 - - [10/May/2026:17:47:55 +0200] "POST /xmlrpc.php HTTP/1.1" 404 27 "-" "Jetpack/12.1; WordPress/6.4; http://site20593583.com"
66.249.69.103 - - [10/May/2026:17:47:58 +0200] "GET /wp-content/themes/Divi/includes/builder/languages/ HTTP/1.1" 403 285 "-" "Mozilla/5.0 (Linux; Android 6.0.1; Nexus 5X Build/MMB29P) AppleWebKit/537.36 (KHTML, like Gecko) Chrome/147.0.7727.137 Mobile Safari/537.36 (compatible; Googlebot/2.1; +http://www.google.com/bot.html)"
194.36.45.211 - - [10/May/2026:17:48:02 +0200] "GET /wcmipconnector/readfiles/ HTTP/1.1" 404 355 "-" "curl/7.61.1"
117.214.80.81 - - [10/May/2026:17:48:06 +0200] "POST /xmlrpc.php HTTP/1.1" 404 27 "-" "WordPress.com; https://wordpress.com"
216.73.217.125 - - [10/May/2026:17:48:08 +0200] "GET /wp-content/themes/Divi/core/code-snippets/?C=S&O=D HTTP/1.1" 200 367 "-" "Mozilla/5.0 AppleWebKit/537.36 (KHTML, like Gecko; compatible; ClaudeBot/1.0; +claudebot@anthropic.com)"
216.73.217.125 - - [10/May/2026:17:48:08 +0200] "GET /wp-content/themes/Divi/core/code-snippets/?C=D&O=D HTTP/1.1" 200 367 "-" "Mozilla/5.0 AppleWebKit/537.36 (KHTML, like Gecko; compatible; ClaudeBot/1.0; +claudebot@anthropic.com)"
216.73.217.125 - - [10/May/2026:17:48:09 +0200] "GET /wp-content/themes/Divi/core/code-snippets/?C=M&O=D HTTP/1.1" 200 367 "-" "Mozilla/5.0 AppleWebKit/537.36 (KHTML, like Gecko; compatible; ClaudeBot/1.0; +claudebot@anthropic.com)"
216.73.217.125 - - [10/May/2026:17:48:15 +0200] "GET /wp-content/themes/Divi/core/components/cache/?C=M&O=A HTTP/1.1" 200 370 "-" "Mozilla/5.0 AppleWebKit/537.36 (KHTML, like Gecko; compatible; ClaudeBot/1.0; +claudebot@anthropic.com)"
216.73.217.125 - - [10/May/2026:17:48:15 +0200] "GET /wp-content/themes/Divi/core/components/cache/?C=N&O=D HTTP/1.1" 200 368 "-" "Mozilla/5.0 AppleWebKit/537.36 (KHTML, like Gecko; compatible; ClaudeBot/1.0; +claudebot@anthropic.com)"
216.73.217.125 - - [10/May/2026:17:48:16 +0200] "GET /wp-content/themes/Divi/core/code-snippets/?C=N&O=A HTTP/1.1" 200 368 "-" "Mozilla/5.0 AppleWebKit/537.36 (KHTML, like Gecko; compatible; ClaudeBot/1.0; +claudebot@anthropic.com)"
117.214.80.81 - - [10/May/2026:17:48:16 +0200] "POST /xmlrpc.php HTTP/1.1" 404 27 "-" "Jetpack by WordPress.com"
117.214.80.81 - - [10/May/2026:17:48:26 +0200] "POST /xmlrpc.php HTTP/1.1" 404 27 "-" "Jetpack/13.0; WordPress/6.2; http://site83482605.com"
216.73.217.125 - - [10/May/2026:17:48:42 +0200] "GET /wp-content/themes/Divi/core/code-snippets/?C=D&O=D HTTP/1.1" 200 367 "-" "Mozilla/5.0 AppleWebKit/537.36 (KHTML, like Gecko; compatible; ClaudeBot/1.0; +claudebot@anthropic.com)"
216.73.217.125 - - [10/May/2026:17:48:43 +0200] "GET /wp-content/themes/Divi/common/utils/?C=D&O=D HTTP/1.1" 200 397 "-" "Mozilla/5.0 AppleWebKit/537.36 (KHTML, like Gecko; compatible; ClaudeBot/1.0; +claudebot@anthropic.com)"
216.73.217.125 - - [10/May/2026:17:48:43 +0200] "GET /wp-content/themes/Divi/common/utils/?C=M&O=D HTTP/1.1" 200 397 "-" "Mozilla/5.0 AppleWebKit/537.36 (KHTML, like Gecko; compatible; ClaudeBot/1.0; +claudebot@anthropic.com)"
117.214.80.81 - - [10/May/2026:17:48:44 +0200] "POST /xmlrpc.php HTTP/1.1" 499 0 "-" "WordPress.com; https://wordpress.com"
117.214.80.81 - - [10/May/2026:17:48:48 +0200] "POST /xmlrpc.php HTTP/1.1" 404 27 "-" "WordPress.com; https://wordpress.com"
117.214.80.81 - - [10/May/2026:17:48:58 +0200] "POST /xmlrpc.php HTTP/1.1" 404 27 "-" "Jetpack/12.5; WordPress/6.2; http://site57073364.com"
216.73.217.125 - - [10/May/2026:17:49:01 +0200] "GET /wp-content/themes/Divi/core/components/cache/?C=S&O=A HTTP/1.1" 200 370 "-" "Mozilla/5.0 AppleWebKit/537.36 (KHTML, like Gecko; compatible; ClaudeBot/1.0; +claudebot@anthropic.com)"
194.36.45.211 - - [10/May/2026:17:49:01 +0200] "GET /wcmipconnector/readfiles/ HTTP/1.1" 404 355 "-" "curl/7.61.1"
216.73.217.125 - - [10/May/2026:17:49:02 +0200] "GET /wp-content/themes/Divi/core/components/cache/?C=D&O=A HTTP/1.1" 200 370 "-" "Mozilla/5.0 AppleWebKit/537.36 (KHTML, like Gecko; compatible; ClaudeBot/1.0; +claudebot@anthropic.com)"
216.73.217.125 - - [10/May/2026:17:49:02 +0200] "GET /wp-content/themes/Divi/core/code-snippets/?C=M&O=D HTTP/1.1" 200 367 "-" "Mozilla/5.0 AppleWebKit/537.36 (KHTML, like Gecko; compatible; ClaudeBot/1.0; +claudebot@anthropic.com)"
117.214.80.81 - - [10/May/2026:17:49:08 +0200] "POST /xmlrpc.php HTTP/1.1" 404 27 "-" "WordPress.com; https://wordpress.com"
216.73.217.125 - - [10/May/2026:17:49:11 +0200] "GET /wp-content/themes/Divi/core/code-snippets/?C=S&O=D HTTP/1.1" 200 367 "-" "Mozilla/5.0 AppleWebKit/537.36 (KHTML, like Gecko; compatible; ClaudeBot/1.0; +claudebot@anthropic.com)"
216.73.217.125 - - [10/May/2026:17:49:12 +0200] "GET /wp-content/themes/Divi/common/utils/?C=S&O=D HTTP/1.1" 200 397 "-" "Mozilla/5.0 AppleWebKit/537.36 (KHTML, like Gecko; compatible; ClaudeBot/1.0; +claudebot@anthropic.com)"
216.73.217.125 - - [10/May/2026:17:49:13 +0200] "GET /wp-content/themes/Divi/css/dynamic-assets/?C=M&O=D HTTP/1.1" 200 367 "-" "Mozilla/5.0 AppleWebKit/537.36 (KHTML, like Gecko; compatible; ClaudeBot/1.0; +claudebot@anthropic.com)"
117.214.80.81 - - [10/May/2026:17:49:18 +0200] "POST /xmlrpc.php HTTP/1.1" 404 27 "-" "WordPress.com; https://wordpress.com"
117.214.80.81 - - [10/May/2026:17:49:29 +0200] "POST /xmlrpc.php HTTP/1.1" 404 27 "-" "Jetpack by WordPress.com"
216.73.217.125 - - [10/May/2026:17:49:31 +0200] "GET /wp-content/themes/Divi/css/dynamic-assets/?C=S&O=D HTTP/1.1" 200 367 "-" "Mozilla/5.0 AppleWebKit/537.36 (KHTML, like Gecko; compatible; ClaudeBot/1.0; +claudebot@anthropic.com)"
216.73.217.125 - - [10/May/2026:17:49:31 +0200] "GET /wp-content/themes/Divi/css/dynamic-assets/?C=D&O=D HTTP/1.1" 200 367 "-" "Mozilla/5.0 AppleWebKit/537.36 (KHTML, like Gecko; compatible; ClaudeBot/1.0; +claudebot@anthropic.com)"
216.73.217.125 - - [10/May/2026:17:49:32 +0200] "GET /wp-content/themes/Divi/core/components/?C=M&O=D HTTP/1.1" 200 398 "-" "Mozilla/5.0 AppleWebKit/537.36 (KHTML, like Gecko; compatible; ClaudeBot/1.0; +claudebot@anthropic.com)"
66.249.69.103 - - [10/May/2026:17:49:39 +0200] "GET /catalog/accessory/fl6lrjub7aakpkr.shtml HTTP/1.1" 404 277 "-" "Mozilla/5.0 (Linux; Android 6.0.1; Nexus 5X Build/MMB29P) AppleWebKit/537.36 (KHTML, like Gecko) Chrome/147.0.7727.137 Mobile Safari/537.36 (compatible; GoogleOther)"
117.214.80.81 - - [10/May/2026:17:49:39 +0200] "POST /xmlrpc.php HTTP/1.1" 404 27 "-" "WordPress.com; https://wordpress.com"
216.73.217.125 - - [10/May/2026:17:49:43 +0200] "GET /wp-content/themes/Divi/css/tinymce-skin/?C=M&O=D HTTP/1.1" 200 366 "-" "Mozilla/5.0 AppleWebKit/537.36 (KHTML, like Gecko; compatible; ClaudeBot/1.0; +claudebot@anthropic.com)"
216.73.217.125 - - [10/May/2026:17:49:43 +0200] "GET /wp-content/themes/Divi/core/components/?C=S&O=D HTTP/1.1" 200 398 "-" "Mozilla/5.0 AppleWebKit/537.36 (KHTML, like Gecko; compatible; ClaudeBot/1.0; +claudebot@anthropic.com)"
216.73.217.125 - - [10/May/2026:17:49:44 +0200] "GET /wp-content/themes/Divi/core/components/?C=D&O=D HTTP/1.1" 200 398 "-" "Mozilla/5.0 AppleWebKit/537.36 (KHTML, like Gecko; compatible; ClaudeBot/1.0; +claudebot@anthropic.com)"
216.73.217.125 - - [10/May/2026:17:49:47 +0200] "GET /wp-content/themes/Divi/core/code-snippets/?C=N&O=A HTTP/1.1" 200 368 "-" "Mozilla/5.0 AppleWebKit/537.36 (KHTML, like Gecko; compatible; ClaudeBot/1.0; +claudebot@anthropic.com)"
216.73.217.125 - - [10/May/2026:17:49:48 +0200] "GET /wp-content/themes/Divi/css/tinymce-skin/?C=S&O=D HTTP/1.1" 200 366 "-" "Mozilla/5.0 AppleWebKit/537.36 (KHTML, like Gecko; compatible; ClaudeBot/1.0; +claudebot@anthropic.com)"
216.73.217.125 - - [10/May/2026:17:49:48 +0200] "GET /wp-content/themes/Divi/css/tinymce-skin/?C=D&O=D HTTP/1.1" 200 366 "-" "Mozilla/5.0 AppleWebKit/537.36 (KHTML, like Gecko; compatible; ClaudeBot/1.0; +claudebot@anthropic.com)"
117.214.80.81 - - [10/May/2026:17:49:49 +0200] "POST /xmlrpc.php HTTP/1.1" 404 27 "-" "Jetpack by WordPress.com (Jetpack 13.0; WordPress 6.4)"
117.214.80.81 - - [10/May/2026:17:50:00 +0200] "POST /xmlrpc.php HTTP/1.1" 404 27 "-" "WordPress.com; https://wordpress.com"
194.36.45.211 - - [10/May/2026:17:50:01 +0200] "GET /wcmipconnector/readfiles/ HTTP/1.1" 404 355 "-" "curl/7.61.1"
117.214.80.81 - - [10/May/2026:17:50:10 +0200] "POST /xmlrpc.php HTTP/1.1" 404 27 "-" "Jetpack by WordPress.com (Jetpack 12.5; WordPress 6.3)"
216.73.217.125 - - [10/May/2026:17:50:12 +0200] "GET /wp-content/themes/Divi/core/components/cache/?C=N&O=D HTTP/1.1" 200 368 "-" "Mozilla/5.0 AppleWebKit/537.36 (KHTML, like Gecko; compatible; ClaudeBot/1.0; +claudebot@anthropic.com)"
216.73.217.125 - - [10/May/2026:17:50:14 +0200] "GET /wp-content/themes/Divi/css/dynamic-assets/?C=N&O=A HTTP/1.1" 200 368 "-" "Mozilla/5.0 AppleWebKit/537.36 (KHTML, like Gecko; compatible; ClaudeBot/1.0; +claudebot@anthropic.com)"
216.73.217.125 - - [10/May/2026:17:50:14 +0200] "GET /wp-content/themes/Divi/common/utils/?C=N&O=A HTTP/1.1" 200 399 "-" "Mozilla/5.0 AppleWebKit/537.36 (KHTML, like Gecko; compatible; ClaudeBot/1.0; +claudebot@anthropic.com)"
117.214.80.81 - - [10/May/2026:17:50:21 +0200] "POST /xmlrpc.php HTTP/1.1" 404 27 "-" "Jetpack by WordPress.com"
216.73.217.125 - - [10/May/2026:17:50:52 +0200] "GET /wp-content/themes/Divi/core/components/?C=N&O=A HTTP/1.1" 200 400 "-" "Mozilla/5.0 AppleWebKit/537.36 (KHTML, like Gecko; compatible; ClaudeBot/1.0; +claudebot@anthropic.com)"
216.73.217.125 - - [10/May/2026:17:50:54 +0200] "GET /wp-content/themes/Divi/core/components/cache/?C=D&O=A HTTP/1.1" 200 370 "-" "Mozilla/5.0 AppleWebKit/537.36 (KHTML, like Gecko; compatible; ClaudeBot/1.0; +claudebot@anthropic.com)"
216.73.217.125 - - [10/May/2026:17:50:54 +0200] "GET /wp-content/themes/Divi/core/components/cache/?C=M&O=A HTTP/1.1" 200 370 "-" "Mozilla/5.0 AppleWebKit/537.36 (KHTML, like Gecko; compatible; ClaudeBot/1.0; +claudebot@anthropic.com)"
216.73.217.125 - - [10/May/2026:17:50:58 +0200] "GET /wp-content/themes/Divi/css/tinymce-skin/?C=N&O=A HTTP/1.1" 200 368 "-" "Mozilla/5.0 AppleWebKit/537.36 (KHTML, like Gecko; compatible; ClaudeBot/1.0; +claudebot@anthropic.com)"
216.73.217.125 - - [10/May/2026:17:51:00 +0200] "GET /wp-content/languages/themes/user/?C=N&O=D HTTP/1.1" 200 360 "-" "Mozilla/5.0 AppleWebKit/537.36 (KHTML, like Gecko; compatible; ClaudeBot/1.0; +claudebot@anthropic.com)"
216.73.217.125 - - [10/May/2026:17:51:00 +0200] "GET /wp-content/themes/Divi/core/components/cache/?C=S&O=A HTTP/1.1" 200 370 "-" "Mozilla/5.0 AppleWebKit/537.36 (KHTML, like Gecko; compatible; ClaudeBot/1.0; +claudebot@anthropic.com)"
194.36.45.211 - - [10/May/2026:17:51:01 +0200] "GET /wcmipconnector/readfiles/ HTTP/1.1" 404 355 "-" "curl/7.61.1"
216.73.217.125 - - [10/May/2026:17:51:02 +0200] "GET /wp-content/languages/themes/user/?C=S&O=A HTTP/1.1" 200 361 "-" "Mozilla/5.0 AppleWebKit/537.36 (KHTML, like Gecko; compatible; ClaudeBot/1.0; +claudebot@anthropic.com)"
216.73.217.125 - - [10/May/2026:17:51:02 +0200] "GET /wp-content/languages/themes/user/?C=D&O=A HTTP/1.1" 200 362 "-" "Mozilla/5.0 AppleWebKit/537.36 (KHTML, like Gecko; compatible; ClaudeBot/1.0; +claudebot@anthropic.com)"
216.73.217.125 - - [10/May/2026:17:51:03 +0200] "GET /wp-content/languages/themes/user/?C=M&O=A HTTP/1.1" 200 361 "-" "Mozilla/5.0 AppleWebKit/537.36 (KHTML, like Gecko; compatible; ClaudeBot/1.0; +claudebot@anthropic.com)"
216.73.217.125 - - [10/May/2026:17:51:23 +0200] "GET /wp-content/themes/Divi/epanel/css/?C=N&O=A HTTP/1.1" 200 362 "-" "Mozilla/5.0 AppleWebKit/537.36 (KHTML, like Gecko; compatible; ClaudeBot/1.0; +claudebot@anthropic.com)"
216.73.217.125 - - [10/May/2026:17:51:24 +0200] "GET /wp-content/plugins/instagram-feed/?C=D&O=D HTTP/1.1" 200 362 "-" "Mozilla/5.0 AppleWebKit/537.36 (KHTML, like Gecko; compatible; ClaudeBot/1.0; +claudebot@anthropic.com)"
216.73.217.125 - - [10/May/2026:17:51:25 +0200] "GET /wp-content/plugins/instagram-feed/?C=M&O=D HTTP/1.1" 200 362 "-" "Mozilla/5.0 AppleWebKit/537.36 (KHTML, like Gecko; compatible; ClaudeBot/1.0; +claudebot@anthropic.com)"
216.73.217.125 - - [10/May/2026:17:51:26 +0200] "GET /wp-content/themes/Divi/epanel/css/?C=D&O=D HTTP/1.1" 200 360 "-" "Mozilla/5.0 AppleWebKit/537.36 (KHTML, like Gecko; compatible; ClaudeBot/1.0; +claudebot@anthropic.com)"
208.109.188.137 - - [10/May/2026:17:51:39 +0200] "GET /wp-login.php HTTP/1.1" 404 47 "-" "Mozilla/5.0 (X11; Linux x86_64) AppleWebKit/537.36 (KHTML, like Gecko) Chrome/133.0.0.0 Safari/537.36"
217.113.194.9 - - [10/May/2026:17:51:49 +0200] "GET /robots.txt HTTP/1.1" 404 277 "-" "Mozilla/5.0 (compatible; Barkrowler/0.9; +https://babbar.tech/crawler)"
194.36.45.211 - - [10/May/2026:17:52:01 +0200] "GET /wcmipconnector/readfiles/ HTTP/1.1" 404 355 "-" "curl/7.61.1"
217.113.194.2 - - [10/May/2026:17:52:04 +0200] "GET /kategorija/prehrana/ HTTP/1.1" 404 277 "-" "Mozilla/5.0 (compatible; Barkrowler/0.9; +https://babbar.tech/crawler)"
216.73.217.125 - - [10/May/2026:17:52:10 +0200] "GET /wp-content/themes/Divi/core/admin/?C=N&O=A HTTP/1.1" 200 361 "-" "Mozilla/5.0 AppleWebKit/537.36 (KHTML, like Gecko; compatible; ClaudeBot/1.0; +claudebot@anthropic.com)"
217.113.194.10 - - [10/May/2026:17:52:19 +0200] "GET /kategorija/nogomet/ HTTP/1.1" 404 277 "-" "Mozilla/5.0 (compatible; Barkrowler/0.9; +https://babbar.tech/crawler)"
216.73.217.125 - - [10/May/2026:17:52:30 +0200] "GET /wp-content/plugins/instagram-feed/?C=S&O=D HTTP/1.1" 200 362 "-" "Mozilla/5.0 AppleWebKit/537.36 (KHTML, like Gecko; compatible; ClaudeBot/1.0; +claudebot@anthropic.com)"
217.113.194.6 - - [10/May/2026:17:52:34 +0200] "GET /oznaka/pilates/ HTTP/1.1" 404 277 "-" "Mozilla/5.0 (compatible; Barkrowler/0.9; +https://babbar.tech/crawler)"
216.73.217.125 - - [10/May/2026:17:52:36 +0200] "GET /wp-content/plugins/instagram-feed/?C=N&O=A HTTP/1.1" 200 364 "-" "Mozilla/5.0 AppleWebKit/537.36 (KHTML, like Gecko; compatible; ClaudeBot/1.0; +claudebot@anthropic.com)"
217.113.194.202 - - [10/May/2026:17:52:49 +0200] "GET /kategorija/zdravlje/ HTTP/1.1" 404 277 "-" "Mozilla/5.0 (compatible; Barkrowler/0.9; +https://babbar.tech/crawler)"
109.74.14.122 - - [10/May/2026:17:52:52 +0200] "GET /wp-json/wp/v2/users HTTP/1.1" 404 277 "-" "Mozilla/5.0 (Windows NT 10.0; Win64; x64; rv:61.0) Gecko/20100101 Firefox/61.0"
109.74.14.122 - - [10/May/2026:17:52:52 +0200] "GET /?author=1 HTTP/1.1" 200 418 "-" "Mozilla/5.0 (Windows NT 10.0; Win64; x64; rv:64.0) Gecko/20100101 Firefox/64.0"
109.74.14.122 - - [10/May/2026:17:52:52 +0200] "GET /?author=2 HTTP/1.1" 200 418 "-" "Mozilla/5.0 (Windows NT 10.0; Win64; x64; rv:93.0) Gecko/20100101 Firefox/93.0"
109.74.14.122 - - [10/May/2026:17:52:53 +0200] "GET /?author=3 HTTP/1.1" 200 418 "-" "Mozilla/5.0 (Windows NT 10.0; Win64; x64; rv:72.0) Gecko/20100101 Firefox/72.0"
109.74.14.122 - - [10/May/2026:17:52:53 +0200] "GET /?author=4 HTTP/1.1" 200 418 "-" "Mozilla/5.0 (Windows NT 10.0; Win64; x64; rv:99.0) Gecko/20100101 Firefox/99.0"
109.74.14.122 - - [10/May/2026:17:52:53 +0200] "GET /?author=5 HTTP/1.1" 200 418 "-" "Mozilla/5.0 (Windows NT 10.0; Win64; x64; rv:54.0) Gecko/20100101 Firefox/54.0"
109.74.14.122 - - [10/May/2026:17:52:53 +0200] "GET /?author=6 HTTP/1.1" 200 418 "-" "Mozilla/5.0 (Windows NT 10.0; Win64; x64; rv:68.0) Gecko/20100101 Firefox/68.0"
194.36.45.211 - - [10/May/2026:17:53:01 +0200] "GET /wcmipconnector/readfiles/ HTTP/1.1" 404 355 "-" "curl/7.61.1"
217.113.194.7 - - [10/May/2026:17:53:04 +0200] "GET /oznaka/penjanje/ HTTP/1.1" 404 277 "-" "Mozilla/5.0 (compatible; Barkrowler/0.9; +https://babbar.tech/crawler)"
217.113.194.7 - - [10/May/2026:17:53:19 +0200] "GET /fitness/kako-zapoceti-svoju-fitness-avanturu-u-teretani/ HTTP/1.1" 404 277 "-" "Mozilla/5.0 (compatible; Barkrowler/0.9; +https://babbar.tech/crawler)"
217.113.194.4 - - [10/May/2026:17:53:34 +0200] "GET /alpinizam-i-feratta/zdravlje-i-prehrana-za-alpinizam/ HTTP/1.1" 404 277 "-" "Mozilla/5.0 (compatible; Barkrowler/0.9; +https://babbar.tech/crawler)"
216.73.217.125 - - [10/May/2026:17:53:44 +0200] "GET /wp-content/themes/Divi/epanel/css/?C=M&O=D HTTP/1.1" 200 360 "-" "Mozilla/5.0 AppleWebKit/537.36 (KHTML, like Gecko; compatible; ClaudeBot/1.0; +claudebot@anthropic.com)"
217.113.194.4 - - [10/May/2026:17:53:49 +0200] "GET /alpinizam-i-feratta/vodic-za-pocetnike-u-alpinizmu/ HTTP/1.1" 404 277 "-" "Mozilla/5.0 (compatible; Barkrowler/0.9; +https://babbar.tech/crawler)"
216.73.217.125 - - [10/May/2026:17:53:50 +0200] "GET /wp-content/themes/Divi/core/i18n/ HTTP/1.1" 200 362 "-" "Mozilla/5.0 AppleWebKit/537.36 (KHTML, like Gecko; compatible; ClaudeBot/1.0; +claudebot@anthropic.com)"
216.73.217.125 - - [10/May/2026:17:53:52 +0200] "GET /wp-content/themes/Divi/ai-app/build/ HTTP/1.1" 200 364 "-" "Mozilla/5.0 AppleWebKit/537.36 (KHTML, like Gecko; compatible; ClaudeBot/1.0; +claudebot@anthropic.com)"
194.36.45.211 - - [10/May/2026:17:54:02 +0200] "GET /wcmipconnector/readfiles/ HTTP/1.1" 404 355 "-" "curl/7.61.1"
217.113.194.2 - - [10/May/2026:17:54:04 +0200] "GET /alpinizam-i-feratta/utjecaj-klimatskih-promjena-na-alpinizam/ HTTP/1.1" 404 277 "-" "Mozilla/5.0 (compatible; Barkrowler/0.9; +https://babbar.tech/crawler)"
216.73.217.125 - - [10/May/2026:17:54:09 +0200] "GET /wp-content/themes/Divi/css/dynamic-assets/?C=M&O=D HTTP/1.1" 200 367 "-" "Mozilla/5.0 AppleWebKit/537.36 (KHTML, like Gecko; compatible; ClaudeBot/1.0; +claudebot@anthropic.com)"
216.73.217.125 - - [10/May/2026:17:54:10 +0200] "GET /wp-content/themes/Divi/core/build/?C=M&O=D HTTP/1.1" 200 360 "-" "Mozilla/5.0 AppleWebKit/537.36 (KHTML, like Gecko; compatible; ClaudeBot/1.0; +claudebot@anthropic.com)"
216.73.217.125 - - [10/May/2026:17:54:12 +0200] "GET /wp-content/themes/Divi/common/utils/?C=M&O=D HTTP/1.1" 200 397 "-" "Mozilla/5.0 AppleWebKit/537.36 (KHTML, like Gecko; compatible; ClaudeBot/1.0; +claudebot@anthropic.com)"
216.73.217.125 - - [10/May/2026:17:54:12 +0200] "GET /wp-content/themes/Divi/css/dynamic-assets/?C=D&O=D HTTP/1.1" 200 367 "-" "Mozilla/5.0 AppleWebKit/537.36 (KHTML, like Gecko; compatible; ClaudeBot/1.0; +claudebot@anthropic.com)"
216.73.217.125 - - [10/May/2026:17:54:18 +0200] "GET /wp-content/themes/Divi/core/build/?C=D&O=D HTTP/1.1" 200 360 "-" "Mozilla/5.0 AppleWebKit/537.36 (KHTML, like Gecko; compatible; ClaudeBot/1.0; +claudebot@anthropic.com)"
216.73.217.125 - - [10/May/2026:17:54:18 +0200] "GET /wp-content/themes/Divi/css/dynamic-assets/?C=S&O=D HTTP/1.1" 200 367 "-" "Mozilla/5.0 AppleWebKit/537.36 (KHTML, like Gecko; compatible; ClaudeBot/1.0; +claudebot@anthropic.com)"
217.113.194.202 - - [10/May/2026:17:54:19 +0200] "GET /alpinizam-i-feratta/feratta-sigurnost-i-tehnike-za-penjanje/ HTTP/1.1" 404 277 "-" "Mozilla/5.0 (compatible; Barkrowler/0.9; +https://babbar.tech/crawler)"
217.113.194.3 - - [10/May/2026:17:54:34 +0200] "GET /zdravlje/bronhijalna-astma-simptomi-koje-ne-treba-zanemariti/ HTTP/1.1" 404 277 "-" "Mozilla/5.0 (compatible; Barkrowler/0.9; +https://babbar.tech/crawler)"
217.113.194.203 - - [10/May/2026:17:54:49 +0200] "GET /ostalo/nove-palete-vise-nisu-detalj-nego-pametna-poslovna-odluka/ HTTP/1.1" 404 277 "-" "Mozilla/5.0 (compatible; Barkrowler/0.9; +https://babbar.tech/crawler)"
216.73.217.125 - - [10/May/2026:17:54:50 +0200] "GET /wp-content/themes/Divi/core/components/?C=M&O=D HTTP/1.1" 200 398 "-" "Mozilla/5.0 AppleWebKit/537.36 (KHTML, like Gecko; compatible; ClaudeBot/1.0; +claudebot@anthropic.com)"
216.73.217.125 - - [10/May/2026:17:54:50 +0200] "GET /wp-content/themes/Divi/common/utils/?C=D&O=D HTTP/1.1" 200 397 "-" "Mozilla/5.0 AppleWebKit/537.36 (KHTML, like Gecko; compatible; ClaudeBot/1.0; +claudebot@anthropic.com)"
216.73.217.125 - - [10/May/2026:17:54:53 +0200] "GET /wp-content/themes/Divi/core/build/?C=S&O=D HTTP/1.1" 200 360 "-" "Mozilla/5.0 AppleWebKit/537.36 (KHTML, like Gecko; compatible; ClaudeBot/1.0; +claudebot@anthropic.com)"
216.73.217.125 - - [10/May/2026:17:54:54 +0200] "GET /wp-content/themes/Divi/common/utils/?C=S&O=D HTTP/1.1" 200 397 "-" "Mozilla/5.0 AppleWebKit/537.36 (KHTML, like Gecko; compatible; ClaudeBot/1.0; +claudebot@anthropic.com)"
194.36.45.211 - - [10/May/2026:17:55:01 +0200] "GET /wcmipconnector/readfiles/ HTTP/1.1" 404 355 "-" "curl/7.61.1"
217.113.194.9 - - [10/May/2026:17:55:05 +0200] "GET /zdravlje/nizak-krvni-tlak-zasto-je-vazno-znati-reagirati-na-prve-simptome/ HTTP/1.1" 404 277 "-" "Mozilla/5.0 (compatible; Barkrowler/0.9; +https://babbar.tech/crawler)"
74.91.224.220 - - [10/May/2026:17:55:07 +0200] "GET /wp-login.php HTTP/1.1" 404 47 "-" "Mozilla/5.0 (X11; Linux x86_64) AppleWebKit/537.36 (KHTML, like Gecko) Chrome/133.0.0.0 Safari/537.36"
216.73.217.125 - - [10/May/2026:17:55:13 +0200] "GET /wp-content/themes/Divi/core/components/?C=S&O=D HTTP/1.1" 200 398 "-" "Mozilla/5.0 AppleWebKit/537.36 (KHTML, like Gecko; compatible; ClaudeBot/1.0; +claudebot@anthropic.com)"
216.73.217.125 - - [10/May/2026:17:55:14 +0200] "GET /wp-content/themes/Divi/core/components/?C=D&O=D HTTP/1.1" 200 398 "-" "Mozilla/5.0 AppleWebKit/537.36 (KHTML, like Gecko; compatible; ClaudeBot/1.0; +claudebot@anthropic.com)"
216.73.217.125 - - [10/May/2026:17:55:19 +0200] "GET /wp-content/themes/Divi/common/utils/?C=N&O=A HTTP/1.1" 200 399 "-" "Mozilla/5.0 AppleWebKit/537.36 (KHTML, like Gecko; compatible; ClaudeBot/1.0; +claudebot@anthropic.com)"
216.73.217.125 - - [10/May/2026:17:55:19 +0200] "GET /wp-content/themes/Divi/css/dynamic-assets/?C=N&O=A HTTP/1.1" 200 368 "-" "Mozilla/5.0 AppleWebKit/537.36 (KHTML, like Gecko; compatible; ClaudeBot/1.0; +claudebot@anthropic.com)"
217.113.194.5 - - [10/May/2026:17:55:20 +0200] "GET /zdravlje/komedoni-na-licu-zasto-nastaju-i-zasto-ih-ne-treba-ignorirati/ HTTP/1.1" 404 277 "-" "Mozilla/5.0 (compatible; Barkrowler/0.9; +https://babbar.tech/crawler)"
216.73.217.125 - - [10/May/2026:17:55:27 +0200] "GET /wp-includes/blocks/accordion-item/?C=M&O=D HTTP/1.1" 200 360 "-" "Mozilla/5.0 AppleWebKit/537.36 (KHTML, like Gecko; compatible; ClaudeBot/1.0; +claudebot@anthropic.com)"
216.73.217.125 - - [10/May/2026:17:55:27 +0200] "GET /wp-content/themes/Divi/core/components/?C=N&O=A HTTP/1.1" 200 400 "-" "Mozilla/5.0 AppleWebKit/537.36 (KHTML, like Gecko; compatible; ClaudeBot/1.0; +claudebot@anthropic.com)"
217.113.194.202 - - [10/May/2026:17:55:35 +0200] "GET /ostalo/kako-odabrati-pravi-kemijski-piling-za-lice-nije-najjaci-piling-uvijek-i-najbolji-izbor/ HTTP/1.1" 404 277 "-" "Mozilla/5.0 (compatible; Barkrowler/0.9; +https://babbar.tech/crawler)"
66.249.69.103 - - [10/May/2026:17:55:36 +0200] "GET /class/pattern/eprqc4fbsofdj1w.shtml HTTP/1.1" 404 277 "-" "Mozilla/5.0 (Linux; Android 6.0.1; Nexus 5X Build/MMB29P) AppleWebKit/537.36 (KHTML, like Gecko) Chrome/147.0.7727.137 Mobile Safari/537.36 (compatible; Googlebot/2.1; +http://www.google.com/bot.html)"
