216.73.217.125 - - [10/May/2026:15:16:34 +0200] "GET /wp-content/et-cache/100546/?C=S&O=A HTTP/1.1" 200 359 "-" "Mozilla/5.0 AppleWebKit/537.36 (KHTML, like Gecko; compatible; ClaudeBot/1.0; +claudebot@anthropic.com)"
216.73.217.125 - - [10/May/2026:15:16:34 +0200] "GET /wp-content/et-cache/100590/?C=S&O=A HTTP/1.1" 200 359 "-" "Mozilla/5.0 AppleWebKit/537.36 (KHTML, like Gecko; compatible; ClaudeBot/1.0; +claudebot@anthropic.com)"
216.73.217.125 - - [10/May/2026:15:16:34 +0200] "GET /wp-content/et-cache/100432/?C=N&O=D HTTP/1.1" 200 356 "-" "Mozilla/5.0 AppleWebKit/537.36 (KHTML, like Gecko; compatible; ClaudeBot/1.0; +claudebot@anthropic.com)"
216.73.217.125 - - [10/May/2026:15:16:34 +0200] "GET /wp-content/et-cache/100493/?C=S&O=A HTTP/1.1" 200 359 "-" "Mozilla/5.0 AppleWebKit/537.36 (KHTML, like Gecko; compatible; ClaudeBot/1.0; +claudebot@anthropic.com)"
216.73.217.125 - - [10/May/2026:15:16:35 +0200] "GET /wp-content/et-cache/100475/?C=D&O=A HTTP/1.1" 200 359 "-" "Mozilla/5.0 AppleWebKit/537.36 (KHTML, like Gecko; compatible; ClaudeBot/1.0; +claudebot@anthropic.com)"
216.73.217.125 - - [10/May/2026:15:16:35 +0200] "GET /wp-content/et-cache/100544/?C=M&O=A HTTP/1.1" 200 359 "-" "Mozilla/5.0 AppleWebKit/537.36 (KHTML, like Gecko; compatible; ClaudeBot/1.0; +claudebot@anthropic.com)"
216.73.217.125 - - [10/May/2026:15:16:35 +0200] "GET /wp-content/et-cache/home/?C=D&O=A HTTP/1.1" 200 355 "-" "Mozilla/5.0 AppleWebKit/537.36 (KHTML, like Gecko; compatible; ClaudeBot/1.0; +claudebot@anthropic.com)"
216.73.217.125 - - [10/May/2026:15:16:35 +0200] "GET /wp-content/et-cache/100594/?C=S&O=A HTTP/1.1" 200 359 "-" "Mozilla/5.0 AppleWebKit/537.36 (KHTML, like Gecko; compatible; ClaudeBot/1.0; +claudebot@anthropic.com)"
216.73.217.125 - - [10/May/2026:15:16:35 +0200] "GET /wp-content/et-cache/100275/?C=D&O=A HTTP/1.1" 200 359 "-" "Mozilla/5.0 AppleWebKit/537.36 (KHTML, like Gecko; compatible; ClaudeBot/1.0; +claudebot@anthropic.com)"
216.73.217.125 - - [10/May/2026:15:16:35 +0200] "GET /wp-content/et-cache/100621/?C=M&O=A HTTP/1.1" 200 359 "-" "Mozilla/5.0 AppleWebKit/537.36 (KHTML, like Gecko; compatible; ClaudeBot/1.0; +claudebot@anthropic.com)"
216.73.217.125 - - [10/May/2026:15:16:35 +0200] "GET /wp-content/et-cache/100551/?C=S&O=A HTTP/1.1" 200 359 "-" "Mozilla/5.0 AppleWebKit/537.36 (KHTML, like Gecko; compatible; ClaudeBot/1.0; +claudebot@anthropic.com)"
216.73.217.125 - - [10/May/2026:15:16:35 +0200] "GET /wp-content/et-cache/100546/?C=D&O=A HTTP/1.1" 200 359 "-" "Mozilla/5.0 AppleWebKit/537.36 (KHTML, like Gecko; compatible; ClaudeBot/1.0; +claudebot@anthropic.com)"
66.249.69.101 - - [10/May/2026:15:16:36 +0200] "GET /brand/sort/fh2jbrqcrkig04z.shtml HTTP/1.1" 404 277 "-" "Mozilla/5.0 (Linux; Android 6.0.1; Nexus 5X Build/MMB29P) AppleWebKit/537.36 (KHTML, like Gecko) Chrome/147.0.7727.137 Mobile Safari/537.36 (compatible; Googlebot/2.1; +http://www.google.com/bot.html)"
216.73.217.125 - - [10/May/2026:15:16:36 +0200] "GET /wp-content/themes/divi-minimalist-blog-theme/?C=D&O=A HTTP/1.1" 200 368 "-" "Mozilla/5.0 AppleWebKit/537.36 (KHTML, like Gecko; compatible; ClaudeBot/1.0; +claudebot@anthropic.com)"
216.73.217.125 - - [10/May/2026:15:16:36 +0200] "GET /wp-content/themes/divi-minimalist-blog-theme/?C=N&O=D HTTP/1.1" 200 366 "-" "Mozilla/5.0 AppleWebKit/537.36 (KHTML, like Gecko; compatible; ClaudeBot/1.0; +claudebot@anthropic.com)"
216.73.217.125 - - [10/May/2026:15:16:36 +0200] "GET /wp-content/themes/divi-minimalist-blog-theme/?C=S&O=A HTTP/1.1" 200 368 "-" "Mozilla/5.0 AppleWebKit/537.36 (KHTML, like Gecko; compatible; ClaudeBot/1.0; +claudebot@anthropic.com)"
216.73.217.125 - - [10/May/2026:15:16:36 +0200] "GET /wp-content/themes/divi-minimalist-blog-theme/?C=M&O=A HTTP/1.1" 200 368 "-" "Mozilla/5.0 AppleWebKit/537.36 (KHTML, like Gecko; compatible; ClaudeBot/1.0; +claudebot@anthropic.com)"
216.73.217.125 - - [10/May/2026:15:16:36 +0200] "GET /wp-content/uploads/sb-instagram-feed-images/?C=N&O=D HTTP/1.1" 200 369 "-" "Mozilla/5.0 AppleWebKit/537.36 (KHTML, like Gecko; compatible; ClaudeBot/1.0; +claudebot@anthropic.com)"
216.73.217.125 - - [10/May/2026:15:16:36 +0200] "GET /wp-content/uploads/sb-instagram-feed-images/?C=D&O=A HTTP/1.1" 200 371 "-" "Mozilla/5.0 AppleWebKit/537.36 (KHTML, like Gecko; compatible; ClaudeBot/1.0; +claudebot@anthropic.com)"
216.73.217.125 - - [10/May/2026:15:16:36 +0200] "GET /wp-content/uploads/sb-instagram-feed-images/?C=S&O=A HTTP/1.1" 200 371 "-" "Mozilla/5.0 AppleWebKit/537.36 (KHTML, like Gecko; compatible; ClaudeBot/1.0; +claudebot@anthropic.com)"
216.73.217.125 - - [10/May/2026:15:16:36 +0200] "GET /wp-content/uploads/sb-instagram-feed-images/?C=M&O=A HTTP/1.1" 200 371 "-" "Mozilla/5.0 AppleWebKit/537.36 (KHTML, like Gecko; compatible; ClaudeBot/1.0; +claudebot@anthropic.com)"
216.73.217.125 - - [10/May/2026:15:16:50 +0200] "GET /wp-includes/ID3/?C=M&O=D HTTP/1.1" 200 450 "-" "Mozilla/5.0 AppleWebKit/537.36 (KHTML, like Gecko; compatible; ClaudeBot/1.0; +claudebot@anthropic.com)"
66.249.69.101 - - [10/May/2026:15:16:54 +0200] "GET /conglomeration/instance/ff6orjub7nakmkr.shtml HTTP/1.1" 404 277 "-" "Mozilla/5.0 (Linux; Android 6.0.1; Nexus 5X Build/MMB29P) AppleWebKit/537.36 (KHTML, like Gecko) Chrome/147.0.7727.137 Mobile Safari/537.36 (compatible; Googlebot/2.1; +http://www.google.com/bot.html)"
66.249.69.102 - - [10/May/2026:15:17:00 +0200] "GET /4103733459 HTTP/1.1" 404 277 "-" "Mozilla/5.0 (Linux; Android 6.0.1; Nexus 5X Build/MMB29P) AppleWebKit/537.36 (KHTML, like Gecko) Chrome/147.0.7727.137 Mobile Safari/537.36 (compatible; Googlebot/2.1; +http://www.google.com/bot.html)"
194.36.45.211 - - [10/May/2026:15:17:02 +0200] "GET /wcmipconnector/readfiles/ HTTP/1.1" 404 355 "-" "curl/7.61.1"
66.249.69.102 - - [10/May/2026:15:17:20 +0200] "GET /heading/equipment/e66drju073us1gb.shtml HTTP/1.1" 404 277 "-" "Mozilla/5.0 (Linux; Android 6.0.1; Nexus 5X Build/MMB29P) AppleWebKit/537.36 (KHTML, like Gecko) Chrome/147.0.7727.137 Mobile Safari/537.36 (compatible; Googlebot/2.1; +http://www.google.com/bot.html)"
66.249.69.102 - - [10/May/2026:15:17:22 +0200] "GET /catalog/outcome/ee8bhxwtxhwi4ud.shtml HTTP/1.1" 404 277 "-" "Mozilla/5.0 (Linux; Android 6.0.1; Nexus 5X Build/MMB29P) AppleWebKit/537.36 (KHTML, like Gecko) Chrome/147.0.7727.137 Mobile Safari/537.36 (compatible; Googlebot/2.1; +http://www.google.com/bot.html)"
66.249.69.101 - - [10/May/2026:15:17:30 +0200] "GET /department/goods/egdvae15qy1b5bi.shtml HTTP/1.1" 404 277 "-" "Mozilla/5.0 (Linux; Android 6.0.1; Nexus 5X Build/MMB29P) AppleWebKit/537.36 (KHTML, like Gecko) Chrome/147.0.7727.137 Mobile Safari/537.36 (compatible; Googlebot/2.1; +http://www.google.com/bot.html)"
66.249.69.101 - - [10/May/2026:15:17:33 +0200] "GET /design/release/eah8q65i6q5ra3m.shtml HTTP/1.1" 404 277 "-" "Mozilla/5.0 (Linux; Android 6.0.1; Nexus 5X Build/MMB29P) AppleWebKit/537.36 (KHTML, like Gecko) Chrome/147.0.7727.137 Mobile Safari/537.36 (compatible; Googlebot/2.1; +http://www.google.com/bot.html)"
66.249.69.101 - - [10/May/2026:15:17:35 +0200] "GET /ambit/abtameru/fl3logrc4d7hqho.shtml HTTP/1.1" 404 277 "-" "Mozilla/5.0 (Linux; Android 6.0.1; Nexus 5X Build/MMB29P) AppleWebKit/537.36 (KHTML, like Gecko) Chrome/147.0.7727.137 Mobile Safari/537.36 (compatible; Googlebot/2.1; +http://www.google.com/bot.html)"
66.249.69.101 - - [10/May/2026:15:17:43 +0200] "GET /property/gadget/fe4k15sbh3wiaud.shtml HTTP/1.1" 404 277 "-" "Mozilla/5.0 (Linux; Android 6.0.1; Nexus 5X Build/MMB29P) AppleWebKit/537.36 (KHTML, like Gecko) Chrome/147.0.7727.137 Mobile Safari/537.36 (compatible; Googlebot/2.1; +http://www.google.com/bot.html)"
66.249.69.101 - - [10/May/2026:15:17:47 +0200] "GET /edition/article/fkbvk0zb0urpkd8.shtml HTTP/1.1" 404 277 "-" "Mozilla/5.0 (Linux; Android 6.0.1; Nexus 5X Build/MMB29P) AppleWebKit/537.36 (KHTML, like Gecko) Chrome/147.0.7727.137 Mobile Safari/537.36 (compatible; Googlebot/2.1; +http://www.google.com/bot.html)"
66.249.69.101 - - [10/May/2026:15:17:48 +0200] "GET /zdravlje/sto-je-dermapen-microneedling-i-zasto-je-jedan-od-najtrazenijih-tretmana-za-obnovu-koze/ HTTP/1.1" 404 277 "-" "Mozilla/5.0 (Linux; Android 6.0.1; Nexus 5X Build/MMB29P) AppleWebKit/537.36 (KHTML, like Gecko) Chrome/147.0.7727.137 Mobile Safari/537.36 (compatible; Googlebot/2.1; +http://www.google.com/bot.html)"
49.13.78.50 - - [10/May/2026:15:18:00 +0200] "GET /wp-login.php HTTP/1.1" 404 47 "-" "Mozilla/5.0 (Macintosh; Intel Mac OS X 10_15_7) AppleWebKit/537.36 (KHTML, like Gecko) Chrome/133.0.0.0 Safari/537.36 Edg/133.0.0.0"
194.36.45.211 - - [10/May/2026:15:18:01 +0200] "GET /wcmipconnector/readfiles/ HTTP/1.1" 404 355 "-" "curl/7.61.1"
91.210.64.28 - - [10/May/2026:15:18:07 +0200] "GET /wp-content/uploads/2023/05/4051043493355_S6493850_P71-100x100.jpg HTTP/1.1" 404 277 "-" "Mozilla/5.0 (compatible; crawler)"
66.249.69.101 - - [10/May/2026:15:18:21 +0200] "GET /edition/equipment/fdvdswjb8qn9il4.shtml HTTP/1.1" 404 277 "-" "Mozilla/5.0 (Linux; Android 6.0.1; Nexus 5X Build/MMB29P) AppleWebKit/537.36 (KHTML, like Gecko) Chrome/147.0.7727.137 Mobile Safari/537.36 (compatible; Googlebot/2.1; +http://www.google.com/bot.html)"
216.73.217.125 - - [10/May/2026:15:18:27 +0200] "GET /wp-includes/blocks/?C=M&O=D HTTP/1.1" 200 977 "-" "Mozilla/5.0 AppleWebKit/537.36 (KHTML, like Gecko; compatible; ClaudeBot/1.0; +claudebot@anthropic.com)"
216.73.217.125 - - [10/May/2026:15:18:28 +0200] "GET /wp-includes/IXR/?C=S&O=D HTTP/1.1" 200 414 "-" "Mozilla/5.0 AppleWebKit/537.36 (KHTML, like Gecko; compatible; ClaudeBot/1.0; +claudebot@anthropic.com)"
216.73.217.125 - - [10/May/2026:15:19:00 +0200] "GET /wp-content/languages/?C=N&O=A HTTP/1.1" 200 483 "-" "Mozilla/5.0 AppleWebKit/537.36 (KHTML, like Gecko; compatible; ClaudeBot/1.0; +claudebot@anthropic.com)"
216.73.217.125 - - [10/May/2026:15:19:00 +0200] "GET /wp-content/languages/?C=D&O=D HTTP/1.1" 200 483 "-" "Mozilla/5.0 AppleWebKit/537.36 (KHTML, like Gecko; compatible; ClaudeBot/1.0; +claudebot@anthropic.com)"
194.36.45.211 - - [10/May/2026:15:19:01 +0200] "GET /wcmipconnector/readfiles/ HTTP/1.1" 404 355 "-" "curl/7.61.1"
66.249.69.102 - - [10/May/2026:15:19:04 +0200] "GET /section/return/eow05lkbl5k6qi1.shtml HTTP/1.1" 404 277 "-" "Mozilla/5.0 (Linux; Android 6.0.1; Nexus 5X Build/MMB29P) AppleWebKit/537.36 (KHTML, like Gecko) Chrome/147.0.7727.137 Mobile Safari/537.36 (compatible; Googlebot/2.1; +http://www.google.com/bot.html)"
216.73.217.125 - - [10/May/2026:15:19:43 +0200] "GET /wp-includes/blocks/?C=N&O=A HTTP/1.1" 200 999 "-" "Mozilla/5.0 AppleWebKit/537.36 (KHTML, like Gecko; compatible; ClaudeBot/1.0; +claudebot@anthropic.com)"
216.73.217.125 - - [10/May/2026:15:19:44 +0200] "GET /wp-includes/blocks/?C=S&O=D HTTP/1.1" 200 1005 "-" "Mozilla/5.0 AppleWebKit/537.36 (KHTML, like Gecko; compatible; ClaudeBot/1.0; +claudebot@anthropic.com)"
216.73.217.125 - - [10/May/2026:15:19:52 +0200] "GET /wp-includes/blocks/?C=D&O=D HTTP/1.1" 200 982 "-" "Mozilla/5.0 AppleWebKit/537.36 (KHTML, like Gecko; compatible; ClaudeBot/1.0; +claudebot@anthropic.com)"
194.36.45.211 - - [10/May/2026:15:20:02 +0200] "GET /wcmipconnector/readfiles/ HTTP/1.1" 404 355 "-" "curl/7.61.1"
194.36.45.211 - - [10/May/2026:15:21:01 +0200] "GET /wcmipconnector/readfiles/ HTTP/1.1" 404 355 "-" "curl/7.61.1"
66.249.69.102 - - [10/May/2026:15:21:04 +0200] "GET /attribute/consequence/eidsae1xqy1btbi.shtml HTTP/1.1" 404 277 "-" "Mozilla/5.0 (Linux; Android 6.0.1; Nexus 5X Build/MMB29P) AppleWebKit/537.36 (KHTML, like Gecko) Chrome/147.0.7727.137 Mobile Safari/537.36 (compatible; Googlebot/2.1; +http://www.google.com/bot.html)"
194.36.45.211 - - [10/May/2026:15:22:01 +0200] "GET /wcmipconnector/readfiles/ HTTP/1.1" 404 355 "-" "curl/7.61.1"
82.196.25.136 - - [10/May/2026:15:22:53 +0200] "GET /wp-login.php HTTP/1.1" 404 47 "-" "Mozilla/5.0 (X11; Ubuntu; Linux x86_64) AppleWebKit/537.36 (KHTML, like Gecko) Chrome/133.0.0.0 Safari/537.36"
66.249.69.103 - - [10/May/2026:15:22:58 +0200] "GET /compilation/implement/f8lj6y9cmcpzpz6.shtml HTTP/1.1" 404 277 "-" "Mozilla/5.0 (Linux; Android 6.0.1; Nexus 5X Build/MMB29P) AppleWebKit/537.36 (KHTML, like Gecko) Chrome/147.0.7727.137 Mobile Safari/537.36 (compatible; GoogleOther)"
194.36.45.211 - - [10/May/2026:15:23:01 +0200] "GET /wcmipconnector/readfiles/ HTTP/1.1" 404 355 "-" "curl/7.61.1"
66.249.69.102 - - [10/May/2026:15:23:07 +0200] "GET /framework/characteristic/eyeen3253n2o60j.shtml HTTP/1.1" 404 277 "-" "Mozilla/5.0 (Linux; Android 6.0.1; Nexus 5X Build/MMB29P) AppleWebKit/537.36 (KHTML, like Gecko) Chrome/147.0.7727.137 Mobile Safari/537.36 (compatible; GoogleOther)"
194.36.45.211 - - [10/May/2026:15:24:01 +0200] "GET /wcmipconnector/readfiles/ HTTP/1.1" 404 355 "-" "curl/7.61.1"
216.73.217.125 - - [10/May/2026:15:24:02 +0200] "GET /wp-content/languages/?C=S&O=D HTTP/1.1" 200 480 "-" "Mozilla/5.0 AppleWebKit/537.36 (KHTML, like Gecko; compatible; ClaudeBot/1.0; +claudebot@anthropic.com)"
121.200.217.28 - - [10/May/2026:15:24:28 +0200] "GET /wp-login.php HTTP/1.1" 404 47 "-" "Mozilla/5.0 (Macintosh; Intel Mac OS X 10_15_7) AppleWebKit/537.36 (KHTML, like Gecko) Chrome/133.0.0.0 Safari/537.36 Edg/133.0.0.0"
216.73.217.125 - - [10/May/2026:15:24:34 +0200] "GET /wp-content/languages/themes/?C=N&O=D HTTP/1.1" 200 392 "-" "Mozilla/5.0 AppleWebKit/537.36 (KHTML, like Gecko; compatible; ClaudeBot/1.0; +claudebot@anthropic.com)"
216.73.217.125 - - [10/May/2026:15:24:34 +0200] "GET /wp-content/languages/themes/?C=M&O=A HTTP/1.1" 200 394 "-" "Mozilla/5.0 AppleWebKit/537.36 (KHTML, like Gecko; compatible; ClaudeBot/1.0; +claudebot@anthropic.com)"
40.77.167.77 - - [10/May/2026:15:24:48 +0200] "GET /category/221/009/ HTTP/1.1" 404 277 "-" "Mozilla/5.0 AppleWebKit/537.36 (KHTML, like Gecko; compatible; bingbot/2.0; +http://www.bing.com/bingbot.htm) Chrome/116.0.1938.76 Safari/537.36"
216.73.217.125 - - [10/May/2026:15:24:50 +0200] "GET /wp-content/languages/themes/user/ HTTP/1.1" 200 4039 "-" "Mozilla/5.0 AppleWebKit/537.36 (KHTML, like Gecko; compatible; ClaudeBot/1.0; +claudebot@anthropic.com)"
216.73.217.125 - - [10/May/2026:15:25:01 +0200] "GET /wp-content/languages/themes/?C=S&O=A HTTP/1.1" 200 394 "-" "Mozilla/5.0 AppleWebKit/537.36 (KHTML, like Gecko; compatible; ClaudeBot/1.0; +claudebot@anthropic.com)"
194.36.45.211 - - [10/May/2026:15:25:01 +0200] "GET /wcmipconnector/readfiles/ HTTP/1.1" 404 355 "-" "curl/7.61.1"
216.73.217.125 - - [10/May/2026:15:25:31 +0200] "GET /wp-content/languages/themes/?C=D&O=A HTTP/1.1" 200 394 "-" "Mozilla/5.0 AppleWebKit/537.36 (KHTML, like Gecko; compatible; ClaudeBot/1.0; +claudebot@anthropic.com)"
194.36.45.211 - - [10/May/2026:15:26:01 +0200] "GET /wcmipconnector/readfiles/ HTTP/1.1" 404 355 "-" "curl/7.61.1"
194.36.45.211 - - [10/May/2026:15:27:01 +0200] "GET /wcmipconnector/readfiles/ HTTP/1.1" 404 355 "-" "curl/7.61.1"
167.172.132.221 - - [10/May/2026:15:27:27 +0200] "GET /wp-content/uploads/2024/09/oprema-za-kuhinju-1-1024x683-1-400x250.jpg HTTP/1.1" 404 277 "https://www.top-sport.hr/" "Mozilla/5.0 (Windows NT 10.0; Win64; x64) AppleWebKit/537.36 (KHTML, like Gecko) Chrome/120.0.0.0 Safari/537.36"
14.176.223.101 - - [10/May/2026:15:27:29 +0200] "GET /wp-content/uploads/2024/09/oprema-za-kuhinju-1-1024x683-1-400x250.jpg HTTP/1.1" 404 277 "https://www.top-sport.hr/" "Mozilla/5.0 (Windows NT 10.0; Win64; x64) AppleWebKit/537.36 (KHTML, like Gecko) Chrome/120.0.0.0 Safari/537.36"
194.36.45.211 - - [10/May/2026:15:28:01 +0200] "GET /wcmipconnector/readfiles/ HTTP/1.1" 404 355 "-" "curl/7.61.1"
66.249.69.103 - - [10/May/2026:15:28:37 +0200] "GET /property/composition/e3lh6y9ymi97kvq.shtml HTTP/1.1" 404 277 "-" "Mozilla/5.0 (Linux; Android 6.0.1; Nexus 5X Build/MMB29P) AppleWebKit/537.36 (KHTML, like Gecko) Chrome/147.0.7727.137 Mobile Safari/537.36 (compatible; GoogleOther)"
66.249.69.101 - - [10/May/2026:15:28:48 +0200] "GET /breed/info/el9lumx7a6xv5je.shtml HTTP/1.1" 404 277 "-" "Mozilla/5.0 (Linux; Android 6.0.1; Nexus 5X Build/MMB29P) AppleWebKit/537.36 (KHTML, like Gecko) Chrome/147.0.7727.137 Mobile Safari/537.36 (compatible; GoogleOther)"
66.249.69.101 - - [10/May/2026:15:28:53 +0200] "GET /framework/offering/eynvwcb8cwbxu9s.shtml HTTP/1.1" 404 277 "-" "Mozilla/5.0 (Linux; Android 6.0.1; Nexus 5X Build/MMB29P) AppleWebKit/537.36 (KHTML, like Gecko) Chrome/147.0.7727.137 Mobile Safari/537.36 (compatible; GoogleOther)"
194.36.45.211 - - [10/May/2026:15:29:01 +0200] "GET /wcmipconnector/readfiles/ HTTP/1.1" 404 355 "-" "curl/7.61.1"
194.36.45.211 - - [10/May/2026:15:30:01 +0200] "GET /wcmipconnector/readfiles/ HTTP/1.1" 404 355 "-" "curl/7.61.1"
66.249.69.103 - - [10/May/2026:15:30:36 +0200] "GET /feature/specification/eow85lkkl5k6bi1.shtml HTTP/1.1" 404 277 "-" "Mozilla/5.0 (Linux; Android 6.0.1; Nexus 5X Build/MMB29P) AppleWebKit/537.36 (KHTML, like Gecko) Chrome/147.0.7727.137 Mobile Safari/537.36 (compatible; GoogleOther)"
66.249.69.102 - - [10/May/2026:15:30:47 +0200] "GET /department/implement/fqmbjnabz0e0dcv.shtml HTTP/1.1" 404 277 "-" "Mozilla/5.0 (Linux; Android 6.0.1; Nexus 5X Build/MMB29P) AppleWebKit/537.36 (KHTML, like Gecko) Chrome/147.0.7727.137 Mobile Safari/537.36 (compatible; GoogleOther)"
194.36.45.211 - - [10/May/2026:15:31:01 +0200] "GET /wcmipconnector/readfiles/ HTTP/1.1" 404 355 "-" "curl/7.61.1"
194.36.45.211 - - [10/May/2026:15:32:01 +0200] "GET /wcmipconnector/readfiles/ HTTP/1.1" 404 355 "-" "curl/7.61.1"
66.249.69.103 - - [10/May/2026:15:32:49 +0200] "GET /list/implement/eo4o15sohps2b29.shtml HTTP/1.1" 404 277 "-" "Mozilla/5.0 (Linux; Android 6.0.1; Nexus 5X Build/MMB29P) AppleWebKit/537.36 (KHTML, like Gecko) Chrome/147.0.7727.137 Mobile Safari/537.36 (compatible; GoogleOther)"
194.36.45.211 - - [10/May/2026:15:33:01 +0200] "GET /wcmipconnector/readfiles/ HTTP/1.1" 404 355 "-" "curl/7.61.1"
167.235.96.60 - - [10/May/2026:15:33:24 +0200] "GET /robots.txt HTTP/1.1" 404 277 "-" "FontPing/1.0 (+https://fontping.com/about)"
167.235.96.60 - - [10/May/2026:15:33:25 +0200] "GET / HTTP/1.1" 200 0 "-" "Mozilla/5.0 (X11; Linux x86_64) AppleWebKit/537.36 (KHTML, like Gecko) Chrome/131.0.0.0 Safari/537.36 FontPing/1.0 (+https://fontping.com/about)"
40.77.167.28 - - [10/May/2026:15:33:29 +0200] "GET /cgi-sys/suspendedpage.cgi HTTP/1.1" 200 4151 "-" "Mozilla/5.0 AppleWebKit/537.36 (KHTML, like Gecko; compatible; bingbot/2.0; +http://www.bing.com/bingbot.htm) Chrome/116.0.1938.76 Safari/537.36"
194.36.45.211 - - [10/May/2026:15:34:01 +0200] "GET /wcmipconnector/readfiles/ HTTP/1.1" 404 355 "-" "curl/7.61.1"
66.249.69.102 - - [10/May/2026:15:34:41 +0200] "GET /family/component/foxzialbys1b4bi.shtml HTTP/1.1" 404 277 "-" "Mozilla/5.0 (Linux; Android 6.0.1; Nexus 5X Build/MMB29P) AppleWebKit/537.36 (KHTML, like Gecko) Chrome/147.0.7727.137 Mobile Safari/537.36 (compatible; GoogleOther)"
194.36.45.211 - - [10/May/2026:15:35:01 +0200] "GET /wcmipconnector/readfiles/ HTTP/1.1" 404 355 "-" "curl/7.61.1"
216.73.217.125 - - [10/May/2026:15:35:16 +0200] "GET /wp-content/languages/?C=M&O=D HTTP/1.1" 200 485 "-" "Mozilla/5.0 AppleWebKit/537.36 (KHTML, like Gecko; compatible; ClaudeBot/1.0; +claudebot@anthropic.com)"
198.251.71.113 - top-sport [10/May/2026:15:35:53 +0200] "GET /wp-json/wp/v2/users/me HTTP/1.1" 404 277 "-" "Mozilla/5.0 (Macintosh; Intel Mac OS X 10_15_7) AppleWebKit/605.1.15 (KHTML, like Gecko) Version/18.3 Safari/605.1.15"
194.36.45.211 - - [10/May/2026:15:36:01 +0200] "GET /wcmipconnector/readfiles/ HTTP/1.1" 404 355 "-" "curl/7.61.1"
51.210.158.81 - - [10/May/2026:15:36:49 +0200] "GET /wp-login.php HTTP/1.1" 404 47 "-" "Mozilla/5.0 (X11; Linux x86_64) AppleWebKit/537.36 (KHTML, like Gecko) Chrome/133.0.0.0 Safari/537.36 Edg/133.0.0.0"
194.36.45.211 - - [10/May/2026:15:37:01 +0200] "GET /wcmipconnector/readfiles/ HTTP/1.1" 404 355 "-" "curl/7.61.1"
66.249.69.101 - - [10/May/2026:15:37:40 +0200] "GET /framework/construction/funjwcbbc631opk.shtml HTTP/1.1" 404 277 "-" "Mozilla/5.0 (Linux; Android 6.0.1; Nexus 5X Build/MMB29P) AppleWebKit/537.36 (KHTML, like Gecko) Chrome/147.0.7727.137 Mobile Safari/537.36 (compatible; GoogleOther)"
194.36.45.211 - - [10/May/2026:15:38:01 +0200] "GET /wcmipconnector/readfiles/ HTTP/1.1" 404 355 "-" "curl/7.61.1"
66.249.69.101 - - [10/May/2026:15:38:46 +0200] "GET /schema/sample/f8bgk0zb05rpnd8.shtml HTTP/1.1" 404 277 "-" "Mozilla/5.0 (Linux; Android 6.0.1; Nexus 5X Build/MMB29P) AppleWebKit/537.36 (KHTML, like Gecko) Chrome/147.0.7727.137 Mobile Safari/537.36 (compatible; GoogleOther)"
66.249.69.101 - - [10/May/2026:15:38:59 +0200] "GET /framework/output/f5kwt98b9m0ynmh.shtml HTTP/1.1" 404 277 "-" "Mozilla/5.0 (Linux; Android 6.0.1; Nexus 5X Build/MMB29P) AppleWebKit/537.36 (KHTML, like Gecko) Chrome/147.0.7727.137 Mobile Safari/537.36 (compatible; GoogleOther)"
194.36.45.211 - - [10/May/2026:15:39:01 +0200] "GET /wcmipconnector/readfiles/ HTTP/1.1" 404 355 "-" "curl/7.61.1"
57.141.4.64 - - [10/May/2026:15:39:32 +0200] "GET /zdravlje/kvaliteta-koze-kao-temelj-dobrog-izgleda/ HTTP/1.1" 404 355 "-" "meta-externalagent/1.1 (+https://developers.facebook.com/docs/sharing/webmasters/crawler)"
194.36.45.211 - - [10/May/2026:15:40:02 +0200] "GET /wcmipconnector/readfiles/ HTTP/1.1" 404 355 "-" "curl/7.61.1"
194.36.45.211 - - [10/May/2026:15:41:01 +0200] "GET /wcmipconnector/readfiles/ HTTP/1.1" 404 355 "-" "curl/7.61.1"
121.200.217.28 - - [10/May/2026:15:41:39 +0200] "GET /wp-login.php HTTP/1.1" 404 47 "-" "Mozilla/5.0 (X11; Ubuntu; Linux x86_64) AppleWebKit/537.36 (KHTML, like Gecko) Chrome/133.0.0.0 Safari/537.36"
194.36.45.211 - - [10/May/2026:15:42:01 +0200] "GET /wcmipconnector/readfiles/ HTTP/1.1" 404 355 "-" "curl/7.61.1"
66.249.69.102 - - [10/May/2026:15:42:03 +0200] "GET /style/publication/em3eogrb40rp1d8.shtml HTTP/1.1" 404 277 "-" "Mozilla/5.0 (Linux; Android 6.0.1; Nexus 5X Build/MMB29P) AppleWebKit/537.36 (KHTML, like Gecko) Chrome/147.0.7727.137 Mobile Safari/537.36 (compatible; Googlebot/2.1; +http://www.google.com/bot.html)"
152.228.218.52 - - [10/May/2026:15:42:38 +0200] "GET /wp-login.php HTTP/1.1" 404 47 "-" "Mozilla/5.0 (Windows NT 10.0; Win64; x64) AppleWebKit/537.36 (KHTML, like Gecko) Chrome/133.0.0.0 Safari/537.36 Edg/133.0.0.0"
66.249.69.101 - - [10/May/2026:15:42:48 +0200] "GET /schema/category/fo9gumxbapdn1nu.shtml HTTP/1.1" 404 277 "-" "Mozilla/5.0 (Linux; Android 6.0.1; Nexus 5X Build/MMB29P) AppleWebKit/537.36 (KHTML, like Gecko) Chrome/147.0.7727.137 Mobile Safari/537.36 (compatible; GoogleOther)"
194.36.45.211 - - [10/May/2026:15:43:01 +0200] "GET /wcmipconnector/readfiles/ HTTP/1.1" 404 355 "-" "curl/7.61.1"
66.249.69.101 - - [10/May/2026:15:43:51 +0200] "GET /order/system/ej53eutkuetfura.shtml HTTP/1.1" 404 277 "-" "Mozilla/5.0 (Linux; Android 6.0.1; Nexus 5X Build/MMB29P) AppleWebKit/537.36 (KHTML, like Gecko) Chrome/147.0.7727.137 Mobile Safari/537.36 (compatible; GoogleOther)"
66.249.69.102 - - [10/May/2026:15:43:59 +0200] "GET /cluster/goods/echpq6566q5ru3m.shtml HTTP/1.1" 404 277 "-" "Mozilla/5.0 (Linux; Android 6.0.1; Nexus 5X Build/MMB29P) AppleWebKit/537.36 (KHTML, like Gecko) Chrome/147.0.7727.137 Mobile Safari/537.36 (compatible; GoogleOther)"
194.36.45.211 - - [10/May/2026:15:44:01 +0200] "GET /wcmipconnector/readfiles/ HTTP/1.1" 404 355 "-" "curl/7.61.1"
66.249.69.101 - - [10/May/2026:15:44:54 +0200] "GET /format/system/efnowcbscwbx49s.shtml HTTP/1.1" 404 277 "-" "Mozilla/5.0 (Linux; Android 6.0.1; Nexus 5X Build/MMB29P) AppleWebKit/537.36 (KHTML, like Gecko) Chrome/147.0.7727.137 Mobile Safari/537.36 (compatible; Googlebot/2.1; +http://www.google.com/bot.html)"
194.36.45.211 - - [10/May/2026:15:45:02 +0200] "GET /wcmipconnector/readfiles/ HTTP/1.1" 404 355 "-" "curl/7.61.1"
66.249.69.101 - - [10/May/2026:15:45:56 +0200] "GET /conglomeration/attachment/ffte2ihbi397lvq.shtml HTTP/1.1" 404 277 "-" "Mozilla/5.0 (Linux; Android 6.0.1; Nexus 5X Build/MMB29P) AppleWebKit/537.36 (KHTML, like Gecko) Chrome/147.0.7727.137 Mobile Safari/537.36 (compatible; Googlebot/2.1; +http://www.google.com/bot.html)"
194.36.45.211 - - [10/May/2026:15:46:01 +0200] "GET /wcmipconnector/readfiles/ HTTP/1.1" 404 355 "-" "curl/7.61.1"
66.249.69.101 - - [10/May/2026:15:46:12 +0200] "GET / HTTP/1.1" 200 37371 "-" "Mozilla/5.0 (compatible; Googlebot/2.1; +http://www.google.com/bot.html)"
66.249.69.103 - - [10/May/2026:15:46:15 +0200] "GET /odr/order/apiGetCartItems/ HTTP/1.1" 404 277 "https://www.top-sport.hr/" "Mozilla/5.0 AppleWebKit/537.36 (KHTML, like Gecko; compatible; Googlebot/2.1; +http://www.google.com/bot.html) Chrome/147.0.7727.116 Safari/537.36"
66.249.69.103 - - [10/May/2026:15:46:36 +0200] "GET /ctg/apiAllLCate/ HTTP/1.1" 404 277 "https://www.top-sport.hr/" "Mozilla/5.0 AppleWebKit/537.36 (KHTML, like Gecko; compatible; Googlebot/2.1; +http://www.google.com/bot.html) Chrome/147.0.7727.116 Safari/537.36"
66.249.69.103 - - [10/May/2026:15:46:37 +0200] "GET /resource/js/json/megadrop_2015new.json HTTP/1.1" 404 277 "https://www.top-sport.hr/" "Mozilla/5.0 AppleWebKit/537.36 (KHTML, like Gecko; compatible; Googlebot/2.1; +http://www.google.com/bot.html) Chrome/147.0.7727.116 Safari/537.36"
66.249.69.102 - - [10/May/2026:15:46:45 +0200] "GET /group/shop/fsmajnaczke0acv.shtml HTTP/1.1" 404 277 "-" "Mozilla/5.0 (Linux; Android 6.0.1; Nexus 5X Build/MMB29P) AppleWebKit/537.36 (KHTML, like Gecko) Chrome/147.0.7727.137 Mobile Safari/537.36 (compatible; Googlebot/2.1; +http://www.google.com/bot.html)"
66.249.69.101 - - [10/May/2026:15:46:46 +0200] "GET /schedule/batch/fiok91ccp6s2q29.shtml HTTP/1.1" 404 277 "-" "Mozilla/5.0 (Linux; Android 6.0.1; Nexus 5X Build/MMB29P) AppleWebKit/537.36 (KHTML, like Gecko) Chrome/147.0.7727.137 Mobile Safari/537.36 (compatible; Googlebot/2.1; +http://www.google.com/bot.html)"
66.249.69.101 - - [10/May/2026:15:46:48 +0200] "GET /area/remnant/fyslptgc5sk64i1.shtml HTTP/1.1" 404 277 "-" "Mozilla/5.0 (Linux; Android 6.0.1; Nexus 5X Build/MMB29P) AppleWebKit/537.36 (KHTML, like Gecko) Chrome/147.0.7727.137 Mobile Safari/537.36 (compatible; Googlebot/2.1; +http://www.google.com/bot.html)"
66.249.69.102 - - [10/May/2026:15:46:49 +0200] "GET /tag/handicraft/f3il3v6cj5mwhw3.shtml HTTP/1.1" 404 277 "-" "Mozilla/5.0 (Linux; Android 6.0.1; Nexus 5X Build/MMB29P) AppleWebKit/537.36 (KHTML, like Gecko) Chrome/147.0.7727.137 Mobile Safari/537.36 (compatible; Googlebot/2.1; +http://www.google.com/bot.html)"
66.249.69.101 - - [10/May/2026:15:46:49 +0200] "GET /sphere/effect/f5n8wcbbcf31npk.shtml HTTP/1.1" 404 277 "-" "Mozilla/5.0 (Linux; Android 6.0.1; Nexus 5X Build/MMB29P) AppleWebKit/537.36 (KHTML, like Gecko) Chrome/147.0.7727.137 Mobile Safari/537.36 (compatible; Googlebot/2.1; +http://www.google.com/bot.html)"
66.249.69.101 - - [10/May/2026:15:46:50 +0200] "GET /pack/fort-rules/fp1ky2pce7tfyra.shtml HTTP/1.1" 404 277 "-" "Mozilla/5.0 (Linux; Android 6.0.1; Nexus 5X Build/MMB29P) AppleWebKit/537.36 (KHTML, like Gecko) Chrome/147.0.7727.137 Mobile Safari/537.36 (compatible; Googlebot/2.1; +http://www.google.com/bot.html)"
66.249.69.101 - - [10/May/2026:15:46:51 +0200] "GET /pride/release/fbo591cbp2s2329.shtml HTTP/1.1" 404 277 "-" "Mozilla/5.0 (Linux; Android 6.0.1; Nexus 5X Build/MMB29P) AppleWebKit/537.36 (KHTML, like Gecko) Chrome/147.0.7727.137 Mobile Safari/537.36 (compatible; Googlebot/2.1; +http://www.google.com/bot.html)"
66.249.69.101 - - [10/May/2026:15:46:52 +0200] "GET /faction/device/fs94umxbawdn8nu.shtml HTTP/1.1" 404 277 "-" "Mozilla/5.0 (Linux; Android 6.0.1; Nexus 5X Build/MMB29P) AppleWebKit/537.36 (KHTML, like Gecko) Chrome/147.0.7727.137 Mobile Safari/537.36 (compatible; Googlebot/2.1; +http://www.google.com/bot.html)"
66.249.69.101 - - [10/May/2026:15:46:54 +0200] "GET /fraternity/result/fy82hxwbxbomya5.shtml HTTP/1.1" 404 277 "-" "Mozilla/5.0 (Linux; Android 6.0.1; Nexus 5X Build/MMB29P) AppleWebKit/537.36 (KHTML, like Gecko) Chrome/147.0.7727.137 Mobile Safari/537.36 (compatible; Googlebot/2.1; +http://www.google.com/bot.html)"
66.249.69.101 - - [10/May/2026:15:46:55 +0200] "GET /typology/load/frs5ptgb5nk68i1.shtml HTTP/1.1" 404 277 "-" "Mozilla/5.0 (Linux; Android 6.0.1; Nexus 5X Build/MMB29P) AppleWebKit/537.36 (KHTML, like Gecko) Chrome/147.0.7727.137 Mobile Safari/537.36 (compatible; Googlebot/2.1; +http://www.google.com/bot.html)"
66.249.69.101 - - [10/May/2026:15:46:56 +0200] "GET /demographic/gadget/f5p9mqdb2rh31fy.shtml HTTP/1.1" 404 277 "-" "Mozilla/5.0 (Linux; Android 6.0.1; Nexus 5X Build/MMB29P) AppleWebKit/537.36 (KHTML, like Gecko) Chrome/147.0.7727.137 Mobile Safari/537.36 (compatible; Googlebot/2.1; +http://www.google.com/bot.html)"
66.249.69.103 - - [10/May/2026:15:47:00 +0200] "GET /grade/work/faa27bybn62o30j.shtml HTTP/1.1" 404 277 "-" "Mozilla/5.0 (Linux; Android 6.0.1; Nexus 5X Build/MMB29P) AppleWebKit/537.36 (KHTML, like Gecko) Chrome/147.0.7727.137 Mobile Safari/537.36 (compatible; Googlebot/2.1; +http://www.google.com/bot.html)"
66.249.69.102 - - [10/May/2026:15:47:01 +0200] "GET /pattern/detail/fzhfq65c6nxvije.shtml HTTP/1.1" 404 277 "-" "Mozilla/5.0 (Linux; Android 6.0.1; Nexus 5X Build/MMB29P) AppleWebKit/537.36 (KHTML, like Gecko) Chrome/147.0.7727.137 Mobile Safari/537.36 (compatible; Googlebot/2.1; +http://www.google.com/bot.html)"
194.36.45.211 - - [10/May/2026:15:47:01 +0200] "GET /wcmipconnector/readfiles/ HTTP/1.1" 404 355 "-" "curl/7.61.1"
66.249.69.102 - - [10/May/2026:15:47:01 +0200] "GET /branch/scrap/f31ey2pcentf6ra.shtml HTTP/1.1" 404 277 "-" "Mozilla/5.0 (Linux; Android 6.0.1; Nexus 5X Build/MMB29P) AppleWebKit/537.36 (KHTML, like Gecko) Chrome/147.0.7727.137 Mobile Safari/537.36 (compatible; Googlebot/2.1; +http://www.google.com/bot.html)"
66.249.69.101 - - [10/May/2026:15:47:02 +0200] "GET /quality/design/ft1dy2pcectfbra.shtml HTTP/1.1" 404 277 "-" "Mozilla/5.0 (Linux; Android 6.0.1; Nexus 5X Build/MMB29P) AppleWebKit/537.36 (KHTML, like Gecko) Chrome/147.0.7727.137 Mobile Safari/537.36 (compatible; Googlebot/2.1; +http://www.google.com/bot.html)"
66.249.69.102 - - [10/May/2026:15:47:03 +0200] "GET /brand/offshoot/fds3ptgb5ck6li1.shtml HTTP/1.1" 404 277 "-" "Mozilla/5.0 (Linux; Android 6.0.1; Nexus 5X Build/MMB29P) AppleWebKit/537.36 (KHTML, like Gecko) Chrome/147.0.7727.137 Mobile Safari/537.36 (compatible; Googlebot/2.1; +http://www.google.com/bot.html)"
66.249.69.101 - - [10/May/2026:15:47:05 +0200] "GET /schema/utensil/fw8ehxwcxpomxa5.shtml HTTP/1.1" 404 277 "-" "Mozilla/5.0 (Linux; Android 6.0.1; Nexus 5X Build/MMB29P) AppleWebKit/537.36 (KHTML, like Gecko) Chrome/147.0.7727.137 Mobile Safari/537.36 (compatible; Googlebot/2.1; +http://www.google.com/bot.html)"
66.249.69.101 - - [10/May/2026:15:47:06 +0200] "GET /territory/batch/f1n2wcbbca31mpk.shtml HTTP/1.1" 404 277 "-" "Mozilla/5.0 (Linux; Android 6.0.1; Nexus 5X Build/MMB29P) AppleWebKit/537.36 (KHTML, like Gecko) Chrome/147.0.7727.137 Mobile Safari/537.36 (compatible; Googlebot/2.1; +http://www.google.com/bot.html)"
66.249.69.101 - - [10/May/2026:15:47:07 +0200] "GET /phylum/equipment/f6ncwcbccy311pk.shtml HTTP/1.1" 404 277 "-" "Mozilla/5.0 (Linux; Android 6.0.1; Nexus 5X Build/MMB29P) AppleWebKit/537.36 (KHTML, like Gecko) Chrome/147.0.7727.137 Mobile Safari/537.36 (compatible; Googlebot/2.1; +http://www.google.com/bot.html)"
66.249.69.101 - - [10/May/2026:15:47:08 +0200] "GET /province/utensil/f5p3mqdb2ph3vfy.shtml HTTP/1.1" 404 277 "-" "Mozilla/5.0 (Linux; Android 6.0.1; Nexus 5X Build/MMB29P) AppleWebKit/537.36 (KHTML, like Gecko) Chrome/147.0.7727.137 Mobile Safari/537.36 (compatible; Googlebot/2.1; +http://www.google.com/bot.html)"
66.249.69.101 - - [10/May/2026:15:47:10 +0200] "GET /territory/option/f2kat98c9e0yumh.shtml HTTP/1.1" 404 277 "-" "Mozilla/5.0 (Linux; Android 6.0.1; Nexus 5X Build/MMB29P) AppleWebKit/537.36 (KHTML, like Gecko) Chrome/147.0.7727.137 Mobile Safari/537.36 (compatible; Googlebot/2.1; +http://www.google.com/bot.html)"
66.249.69.101 - - [10/May/2026:15:47:10 +0200] "GET /clade/achievement/fh97umxba0dninu.shtml HTTP/1.1" 404 277 "-" "Mozilla/5.0 (Linux; Android 6.0.1; Nexus 5X Build/MMB29P) AppleWebKit/537.36 (KHTML, like Gecko) Chrome/147.0.7727.137 Mobile Safari/537.36 (compatible; Googlebot/2.1; +http://www.google.com/bot.html)"
66.249.69.101 - - [10/May/2026:15:47:12 +0200] "GET /discipline/effect/f1h5q65b67xvpje.shtml HTTP/1.1" 404 277 "-" "Mozilla/5.0 (Linux; Android 6.0.1; Nexus 5X Build/MMB29P) AppleWebKit/537.36 (KHTML, like Gecko) Chrome/147.0.7727.137 Mobile Safari/537.36 (compatible; Googlebot/2.1; +http://www.google.com/bot.html)"
66.249.69.101 - - [10/May/2026:15:47:13 +0200] "GET /model/achievement/f9rbc4fcswv5h5c.shtml HTTP/1.1" 404 277 "-" "Mozilla/5.0 (Linux; Android 6.0.1; Nexus 5X Build/MMB29P) AppleWebKit/537.36 (KHTML, like Gecko) Chrome/147.0.7727.137 Mobile Safari/537.36 (compatible; Googlebot/2.1; +http://www.google.com/bot.html)"
66.249.69.101 - - [10/May/2026:15:47:16 +0200] "GET /catalogue/creation/f903ldob1x4emel.shtml HTTP/1.1" 404 277 "-" "Mozilla/5.0 (Linux; Android 6.0.1; Nexus 5X Build/MMB29P) AppleWebKit/537.36 (KHTML, like Gecko) Chrome/147.0.7727.137 Mobile Safari/537.36 (compatible; Googlebot/2.1; +http://www.google.com/bot.html)"
66.249.69.101 - - [10/May/2026:15:47:17 +0200] "GET /territory/particle/fhwa5lkclqcacyt.shtml HTTP/1.1" 404 277 "-" "Mozilla/5.0 (Linux; Android 6.0.1; Nexus 5X Build/MMB29P) AppleWebKit/537.36 (KHTML, like Gecko) Chrome/147.0.7727.137 Mobile Safari/537.36 (compatible; Googlebot/2.1; +http://www.google.com/bot.html)"
66.249.69.101 - - [10/May/2026:15:47:18 +0200] "GET /division/attachment/fi7848vbk3zlhxg.shtml HTTP/1.1" 404 277 "-" "Mozilla/5.0 (Linux; Android 6.0.1; Nexus 5X Build/MMB29P) AppleWebKit/537.36 (KHTML, like Gecko) Chrome/147.0.7727.137 Mobile Safari/537.36 (compatible; Googlebot/2.1; +http://www.google.com/bot.html)"
66.249.69.101 - - [10/May/2026:15:47:19 +0200] "GET /attribute/appliance/fmd9ae1bqe5ru3m.shtml HTTP/1.1" 404 277 "-" "Mozilla/5.0 (Linux; Android 6.0.1; Nexus 5X Build/MMB29P) AppleWebKit/537.36 (KHTML, like Gecko) Chrome/147.0.7727.137 Mobile Safari/537.36 (compatible; Googlebot/2.1; +http://www.google.com/bot.html)"
66.249.69.101 - - [10/May/2026:15:47:20 +0200] "GET /gamut/specification/fj99umxbacdnenu.shtml HTTP/1.1" 404 277 "-" "Mozilla/5.0 (Linux; Android 6.0.1; Nexus 5X Build/MMB29P) AppleWebKit/537.36 (KHTML, like Gecko) Chrome/147.0.7727.137 Mobile Safari/537.36 (compatible; Googlebot/2.1; +http://www.google.com/bot.html)"
66.249.69.101 - - [10/May/2026:15:47:21 +0200] "GET /characteristic/sample/foegn32c31us7gb.shtml HTTP/1.1" 404 277 "-" "Mozilla/5.0 (Linux; Android 6.0.1; Nexus 5X Build/MMB29P) AppleWebKit/537.36 (KHTML, like Gecko) Chrome/147.0.7727.137 Mobile Safari/537.36 (compatible; Googlebot/2.1; +http://www.google.com/bot.html)"
66.249.69.101 - - [10/May/2026:15:47:21 +0200] "GET /conglomeration/feature/fca97bybnb2o80j.shtml HTTP/1.1" 404 277 "-" "Mozilla/5.0 (Linux; Android 6.0.1; Nexus 5X Build/MMB29P) AppleWebKit/537.36 (KHTML, like Gecko) Chrome/147.0.7727.137 Mobile Safari/537.36 (compatible; Googlebot/2.1; +http://www.google.com/bot.html)"
66.249.69.101 - - [10/May/2026:15:47:22 +0200] "GET /categorization/chattel/fhbhk0zc04rpld8.shtml HTTP/1.1" 404 277 "-" "Mozilla/5.0 (Linux; Android 6.0.1; Nexus 5X Build/MMB29P) AppleWebKit/537.36 (KHTML, like Gecko) Chrome/147.0.7727.137 Mobile Safari/537.36 (compatible; Googlebot/2.1; +http://www.google.com/bot.html)"
66.249.69.101 - - [10/May/2026:15:47:24 +0200] "GET /association/composition/fn7b48vckrzl8xg.shtml HTTP/1.1" 404 277 "-" "Mozilla/5.0 (Linux; Android 6.0.1; Nexus 5X Build/MMB29P) AppleWebKit/537.36 (KHTML, like Gecko) Chrome/147.0.7727.137 Mobile Safari/537.36 (compatible; Googlebot/2.1; +http://www.google.com/bot.html)"
66.249.69.101 - - [10/May/2026:15:47:25 +0200] "GET /taxonomy/characteristic/fa1my2pceqtf7ra.shtml HTTP/1.1" 404 277 "-" "Mozilla/5.0 (Linux; Android 6.0.1; Nexus 5X Build/MMB29P) AppleWebKit/537.36 (KHTML, like Gecko) Chrome/147.0.7727.137 Mobile Safari/537.36 (compatible; Googlebot/2.1; +http://www.google.com/bot.html)"
66.249.69.101 - - [10/May/2026:15:47:26 +0200] "GET /organization/accomplishment/fkg8dh4btn8uy6p.shtml HTTP/1.1" 404 277 "-" "Mozilla/5.0 (Linux; Android 6.0.1; Nexus 5X Build/MMB29P) AppleWebKit/537.36 (KHTML, like Gecko) Chrome/147.0.7727.137 Mobile Safari/537.36 (compatible; Googlebot/2.1; +http://www.google.com/bot.html)"
66.249.69.101 - - [10/May/2026:15:47:28 +0200] "GET /categorization/specification/fgl56y9bmcpz8z6.shtml HTTP/1.1" 404 277 "-" "Mozilla/5.0 (Linux; Android 6.0.1; Nexus 5X Build/MMB29P) AppleWebKit/537.36 (KHTML, like Gecko) Chrome/147.0.7727.137 Mobile Safari/537.36 (compatible; Googlebot/2.1; +http://www.google.com/bot.html)"
194.36.45.211 - - [10/May/2026:15:48:01 +0200] "GET /wcmipconnector/readfiles/ HTTP/1.1" 404 355 "-" "curl/7.61.1"
108.160.152.22 - - [10/May/2026:15:48:24 +0200] "GET /wp-login.php HTTP/1.1" 404 47 "-" "Mozilla/5.0 (Windows NT 10.0; Win64; x64; rv:133.0) Gecko/20100101 Firefox/133.0"
194.36.45.211 - - [10/May/2026:15:49:01 +0200] "GET /wcmipconnector/readfiles/ HTTP/1.1" 404 355 "-" "curl/7.61.1"
172.212.188.103 - - [10/May/2026:15:49:27 +0200] "GET /admin.php HTTP/1.1" 404 47 "-" "Mozilla/5.0 (Windows NT 10.0; Win64; x64) AppleWebKit/537.36 (KHTML, like Gecko) Chrome/120.0.0.0 Safari/537.36"
172.212.188.103 - - [10/May/2026:15:49:27 +0200] "GET /inputs.php HTTP/1.1" 404 47 "-" "Mozilla/5.0 (Windows NT 10.0; Win64; x64) AppleWebKit/537.36 (KHTML, like Gecko) Chrome/120.0.0.0 Safari/537.36"
172.212.188.103 - - [10/May/2026:15:49:27 +0200] "GET /file.php HTTP/1.1" 404 47 "-" "Mozilla/5.0 (Windows NT 10.0; Win64; x64) AppleWebKit/537.36 (KHTML, like Gecko) Chrome/120.0.0.0 Safari/537.36"
172.212.188.103 - - [10/May/2026:15:49:27 +0200] "GET /goods.php HTTP/1.1" 404 47 "-" "Mozilla/5.0 (Windows NT 10.0; Win64; x64) AppleWebKit/537.36 (KHTML, like Gecko) Chrome/120.0.0.0 Safari/537.36"
172.212.188.103 - - [10/May/2026:15:49:27 +0200] "GET /ms-edit.php HTTP/1.1" 404 47 "-" "Mozilla/5.0 (Windows NT 10.0; Win64; x64) AppleWebKit/537.36 (KHTML, like Gecko) Chrome/120.0.0.0 Safari/537.36"
172.212.188.103 - - [10/May/2026:15:49:27 +0200] "GET /simple.php HTTP/1.1" 404 47 "-" "Mozilla/5.0 (Windows NT 10.0; Win64; x64) AppleWebKit/537.36 (KHTML, like Gecko) Chrome/120.0.0.0 Safari/537.36"
172.212.188.103 - - [10/May/2026:15:49:27 +0200] "GET /bgymj.php HTTP/1.1" 404 47 "-" "Mozilla/5.0 (Windows NT 10.0; Win64; x64) AppleWebKit/537.36 (KHTML, like Gecko) Chrome/120.0.0.0 Safari/537.36"
172.212.188.103 - - [10/May/2026:15:49:28 +0200] "GET /wp-content/plugins/twenty/login.php HTTP/1.1" 404 277 "-" "Mozilla/5.0 (Windows NT 10.0; Win64; x64) AppleWebKit/537.36 (KHTML, like Gecko) Chrome/120.0.0.0 Safari/537.36"
172.212.188.103 - - [10/May/2026:15:49:28 +0200] "GET /404.php HTTP/1.1" 404 47 "-" "Mozilla/5.0 (Windows NT 10.0; Win64; x64) AppleWebKit/537.36 (KHTML, like Gecko) Chrome/120.0.0.0 Safari/537.36"
172.212.188.103 - - [10/May/2026:15:49:28 +0200] "GET /file3.php HTTP/1.1" 404 47 "-" "Mozilla/5.0 (Windows NT 10.0; Win64; x64) AppleWebKit/537.36 (KHTML, like Gecko) Chrome/120.0.0.0 Safari/537.36"
172.212.188.103 - - [10/May/2026:15:49:28 +0200] "GET /wp-mail.php HTTP/1.1" 404 47 "-" "Mozilla/5.0 (Windows NT 10.0; Win64; x64) AppleWebKit/537.36 (KHTML, like Gecko) Chrome/120.0.0.0 Safari/537.36"
172.212.188.103 - - [10/May/2026:15:49:28 +0200] "GET /about.php HTTP/1.1" 404 47 "-" "Mozilla/5.0 (Windows NT 10.0; Win64; x64) AppleWebKit/537.36 (KHTML, like Gecko) Chrome/120.0.0.0 Safari/537.36"
172.212.188.103 - - [10/May/2026:15:49:28 +0200] "GET /wp.php HTTP/1.1" 404 47 "-" "Mozilla/5.0 (Windows NT 10.0; Win64; x64) AppleWebKit/537.36 (KHTML, like Gecko) Chrome/120.0.0.0 Safari/537.36"
172.212.188.103 - - [10/May/2026:15:49:28 +0200] "GET /.dj/index.php HTTP/1.1" 404 277 "-" "Mozilla/5.0 (Windows NT 10.0; Win64; x64) AppleWebKit/537.36 (KHTML, like Gecko) Chrome/120.0.0.0 Safari/537.36"
172.212.188.103 - - [10/May/2026:15:49:29 +0200] "GET /adminfuns.php HTTP/1.1" 404 47 "-" "Mozilla/5.0 (Windows NT 10.0; Win64; x64) AppleWebKit/537.36 (KHTML, like Gecko) Chrome/120.0.0.0 Safari/537.36"
172.212.188.103 - - [10/May/2026:15:49:29 +0200] "GET /php8.php HTTP/1.1" 404 47 "-" "Mozilla/5.0 (Windows NT 10.0; Win64; x64) AppleWebKit/537.36 (KHTML, like Gecko) Chrome/120.0.0.0 Safari/537.36"
172.212.188.103 - - [10/May/2026:15:49:29 +0200] "GET /classwithtostring.php HTTP/1.1" 404 47 "-" "Mozilla/5.0 (Windows NT 10.0; Win64; x64) AppleWebKit/537.36 (KHTML, like Gecko) Chrome/120.0.0.0 Safari/537.36"
172.212.188.103 - - [10/May/2026:15:49:29 +0200] "GET /info.php HTTP/1.1" 404 47 "-" "Mozilla/5.0 (Windows NT 10.0; Win64; x64) AppleWebKit/537.36 (KHTML, like Gecko) Chrome/120.0.0.0 Safari/537.36"
172.212.188.103 - - [10/May/2026:15:49:29 +0200] "GET /ioxi-o.php HTTP/1.1" 404 47 "-" "Mozilla/5.0 (Windows NT 10.0; Win64; x64) AppleWebKit/537.36 (KHTML, like Gecko) Chrome/120.0.0.0 Safari/537.36"
172.212.188.103 - - [10/May/2026:15:49:29 +0200] "GET /011i.php HTTP/1.1" 404 47 "-" "Mozilla/5.0 (Windows NT 10.0; Win64; x64) AppleWebKit/537.36 (KHTML, like Gecko) Chrome/120.0.0.0 Safari/537.36"
172.212.188.103 - - [10/May/2026:15:49:30 +0200] "GET /edit.php HTTP/1.1" 404 47 "-" "Mozilla/5.0 (Windows NT 10.0; Win64; x64) AppleWebKit/537.36 (KHTML, like Gecko) Chrome/120.0.0.0 Safari/537.36"
172.212.188.103 - - [10/May/2026:15:49:30 +0200] "GET /sid3.php HTTP/1.1" 404 47 "-" "Mozilla/5.0 (Windows NT 10.0; Win64; x64) AppleWebKit/537.36 (KHTML, like Gecko) Chrome/120.0.0.0 Safari/537.36"
172.212.188.103 - - [10/May/2026:15:49:30 +0200] "GET /load.php HTTP/1.1" 404 47 "-" "Mozilla/5.0 (Windows NT 10.0; Win64; x64) AppleWebKit/537.36 (KHTML, like Gecko) Chrome/120.0.0.0 Safari/537.36"
172.212.188.103 - - [10/May/2026:15:49:30 +0200] "GET /166.php HTTP/1.1" 404 47 "-" "Mozilla/5.0 (Windows NT 10.0; Win64; x64) AppleWebKit/537.36 (KHTML, like Gecko) Chrome/120.0.0.0 Safari/537.36"
66.249.69.101 - - [10/May/2026:15:49:30 +0200] "GET /area/chattel/eosjptge5dgq1qx.shtml HTTP/1.1" 404 277 "-" "Mozilla/5.0 (Linux; Android 6.0.1; Nexus 5X Build/MMB29P) AppleWebKit/537.36 (KHTML, like Gecko) Chrome/147.0.7727.137 Mobile Safari/537.36 (compatible; Googlebot/2.1; +http://www.google.com/bot.html)"
172.212.188.103 - - [10/May/2026:15:49:30 +0200] "GET /wp-mail.php HTTP/1.1" 404 47 "-" "Mozilla/5.0 (Windows NT 10.0; Win64; x64) AppleWebKit/537.36 (KHTML, like Gecko) Chrome/120.0.0.0 Safari/537.36"
172.212.188.103 - - [10/May/2026:15:49:30 +0200] "GET /leaf.php HTTP/1.1" 404 47 "-" "Mozilla/5.0 (Windows NT 10.0; Win64; x64) AppleWebKit/537.36 (KHTML, like Gecko) Chrome/120.0.0.0 Safari/537.36"
172.212.188.103 - - [10/May/2026:15:49:30 +0200] "GET /grsiuk.php HTTP/1.1" 404 47 "-" "Mozilla/5.0 (Windows NT 10.0; Win64; x64) AppleWebKit/537.36 (KHTML, like Gecko) Chrome/120.0.0.0 Safari/537.36"
172.212.188.103 - - [10/May/2026:15:49:31 +0200] "GET /8.php HTTP/1.1" 404 47 "-" "Mozilla/5.0 (Windows NT 10.0; Win64; x64) AppleWebKit/537.36 (KHTML, like Gecko) Chrome/120.0.0.0 Safari/537.36"
172.212.188.103 - - [10/May/2026:15:49:31 +0200] "GET /fs.php HTTP/1.1" 404 47 "-" "Mozilla/5.0 (Windows NT 10.0; Win64; x64) AppleWebKit/537.36 (KHTML, like Gecko) Chrome/120.0.0.0 Safari/537.36"
172.212.188.103 - - [10/May/2026:15:49:31 +0200] "GET /ws38.php HTTP/1.1" 404 47 "-" "Mozilla/5.0 (Windows NT 10.0; Win64; x64) AppleWebKit/537.36 (KHTML, like Gecko) Chrome/120.0.0.0 Safari/537.36"
172.212.188.103 - - [10/May/2026:15:49:31 +0200] "GET /a7.php HTTP/1.1" 404 47 "-" "Mozilla/5.0 (Windows NT 10.0; Win64; x64) AppleWebKit/537.36 (KHTML, like Gecko) Chrome/120.0.0.0 Safari/537.36"
172.212.188.103 - - [10/May/2026:15:49:31 +0200] "GET /classsmtps.php HTTP/1.1" 404 47 "-" "Mozilla/5.0 (Windows NT 10.0; Win64; x64) AppleWebKit/537.36 (KHTML, like Gecko) Chrome/120.0.0.0 Safari/537.36"
172.212.188.103 - - [10/May/2026:15:49:31 +0200] "GET /amax.php HTTP/1.1" 404 47 "-" "Mozilla/5.0 (Windows NT 10.0; Win64; x64) AppleWebKit/537.36 (KHTML, like Gecko) Chrome/120.0.0.0 Safari/537.36"
172.212.188.103 - - [10/May/2026:15:49:31 +0200] "GET /CDX1.php HTTP/1.1" 404 47 "-" "Mozilla/5.0 (Windows NT 10.0; Win64; x64) AppleWebKit/537.36 (KHTML, like Gecko) Chrome/120.0.0.0 Safari/537.36"
172.212.188.103 - - [10/May/2026:15:49:32 +0200] "GET /rip.php HTTP/1.1" 404 47 "-" "Mozilla/5.0 (Windows NT 10.0; Win64; x64) AppleWebKit/537.36 (KHTML, like Gecko) Chrome/120.0.0.0 Safari/537.36"
172.212.188.103 - - [10/May/2026:15:49:32 +0200] "GET /1.php HTTP/1.1" 404 47 "-" "Mozilla/5.0 (Windows NT 10.0; Win64; x64) AppleWebKit/537.36 (KHTML, like Gecko) Chrome/120.0.0.0 Safari/537.36"
172.212.188.103 - - [10/May/2026:15:49:32 +0200] "GET /chosen.php HTTP/1.1" 404 47 "-" "Mozilla/5.0 (Windows NT 10.0; Win64; x64) AppleWebKit/537.36 (KHTML, like Gecko) Chrome/120.0.0.0 Safari/537.36"
172.212.188.103 - - [10/May/2026:15:49:32 +0200] "GET /css.php HTTP/1.1" 404 47 "-" "Mozilla/5.0 (Windows NT 10.0; Win64; x64) AppleWebKit/537.36 (KHTML, like Gecko) Chrome/120.0.0.0 Safari/537.36"
172.212.188.103 - - [10/May/2026:15:49:32 +0200] "GET /php.php HTTP/1.1" 404 47 "-" "Mozilla/5.0 (Windows NT 10.0; Win64; x64) AppleWebKit/537.36 (KHTML, like Gecko) Chrome/120.0.0.0 Safari/537.36"
172.212.188.103 - - [10/May/2026:15:49:32 +0200] "GET /wp-Blogs.php HTTP/1.1" 404 47 "-" "Mozilla/5.0 (Windows NT 10.0; Win64; x64) AppleWebKit/537.36 (KHTML, like Gecko) Chrome/120.0.0.0 Safari/537.36"
172.212.188.103 - - [10/May/2026:15:49:32 +0200] "GET /wp-content/index.php HTTP/1.1" 404 47 "-" "Mozilla/5.0 (Windows NT 10.0; Win64; x64) AppleWebKit/537.36 (KHTML, like Gecko) Chrome/120.0.0.0 Safari/537.36"
172.212.188.103 - - [10/May/2026:15:49:33 +0200] "GET /wp-content/plugins/beteng88/ws83.php HTTP/1.1" 404 277 "-" "Mozilla/5.0 (Windows NT 10.0; Win64; x64) AppleWebKit/537.36 (KHTML, like Gecko) Chrome/120.0.0.0 Safari/537.36"
172.212.188.103 - - [10/May/2026:15:49:33 +0200] "GET /ws83.php HTTP/1.1" 404 47 "-" "Mozilla/5.0 (Windows NT 10.0; Win64; x64) AppleWebKit/537.36 (KHTML, like Gecko) Chrome/120.0.0.0 Safari/537.36"
172.212.188.103 - - [10/May/2026:15:49:33 +0200] "GET /file61.php HTTP/1.1" 404 47 "-" "Mozilla/5.0 (Windows NT 10.0; Win64; x64) AppleWebKit/537.36 (KHTML, like Gecko) Chrome/120.0.0.0 Safari/537.36"
172.212.188.103 - - [10/May/2026:15:49:33 +0200] "GET /sadcut1.php HTTP/1.1" 404 47 "-" "Mozilla/5.0 (Windows NT 10.0; Win64; x64) AppleWebKit/537.36 (KHTML, like Gecko) Chrome/120.0.0.0 Safari/537.36"
172.212.188.103 - - [10/May/2026:15:49:33 +0200] "GET /y.php HTTP/1.1" 404 47 "-" "Mozilla/5.0 (Windows NT 10.0; Win64; x64) AppleWebKit/537.36 (KHTML, like Gecko) Chrome/120.0.0.0 Safari/537.36"
172.212.188.103 - - [10/May/2026:15:49:33 +0200] "GET /akcc.php HTTP/1.1" 404 47 "-" "Mozilla/5.0 (Windows NT 10.0; Win64; x64) AppleWebKit/537.36 (KHTML, like Gecko) Chrome/120.0.0.0 Safari/537.36"
172.212.188.103 - - [10/May/2026:15:49:34 +0200] "GET /wp-admin/user/12.php HTTP/1.1" 403 285 "-" "Mozilla/5.0 (Windows NT 10.0; Win64; x64) AppleWebKit/537.36 (KHTML, like Gecko) Chrome/120.0.0.0 Safari/537.36"
172.212.188.103 - - [10/May/2026:15:49:34 +0200] "GET /index/function.php HTTP/1.1" 404 277 "-" "Mozilla/5.0 (Windows NT 10.0; Win64; x64) AppleWebKit/537.36 (KHTML, like Gecko) Chrome/120.0.0.0 Safari/537.36"
172.212.188.103 - - [10/May/2026:15:49:34 +0200] "GET /term.php HTTP/1.1" 404 47 "-" "Mozilla/5.0 (Windows NT 10.0; Win64; x64) AppleWebKit/537.36 (KHTML, like Gecko) Chrome/120.0.0.0 Safari/537.36"
172.212.188.103 - - [10/May/2026:15:49:34 +0200] "GET /666.php HTTP/1.1" 404 47 "-" "Mozilla/5.0 (Windows NT 10.0; Win64; x64) AppleWebKit/537.36 (KHTML, like Gecko) Chrome/120.0.0.0 Safari/537.36"
172.212.188.103 - - [10/May/2026:15:49:34 +0200] "GET /7.php HTTP/1.1" 404 47 "-" "Mozilla/5.0 (Windows NT 10.0; Win64; x64) AppleWebKit/537.36 (KHTML, like Gecko) Chrome/120.0.0.0 Safari/537.36"
172.212.188.103 - - [10/May/2026:15:49:34 +0200] "GET /wp-config-sample.php HTTP/1.1" 404 47 "-" "Mozilla/5.0 (Windows NT 10.0; Win64; x64) AppleWebKit/537.36 (KHTML, like Gecko) Chrome/120.0.0.0 Safari/537.36"
172.212.188.103 - - [10/May/2026:15:49:35 +0200] "GET /log.php HTTP/1.1" 404 47 "-" "Mozilla/5.0 (Windows NT 10.0; Win64; x64) AppleWebKit/537.36 (KHTML, like Gecko) Chrome/120.0.0.0 Safari/537.36"
172.212.188.103 - - [10/May/2026:15:49:35 +0200] "GET /a5.php HTTP/1.1" 404 47 "-" "Mozilla/5.0 (Windows NT 10.0; Win64; x64) AppleWebKit/537.36 (KHTML, like Gecko) Chrome/120.0.0.0 Safari/537.36"
172.212.188.103 - - [10/May/2026:15:49:35 +0200] "GET /aa.php HTTP/1.1" 404 47 "-" "Mozilla/5.0 (Windows NT 10.0; Win64; x64) AppleWebKit/537.36 (KHTML, like Gecko) Chrome/120.0.0.0 Safari/537.36"
172.212.188.103 - - [10/May/2026:15:49:35 +0200] "GET /bolt.php HTTP/1.1" 404 47 "-" "Mozilla/5.0 (Windows NT 10.0; Win64; x64) AppleWebKit/537.36 (KHTML, like Gecko) Chrome/120.0.0.0 Safari/537.36"
172.212.188.103 - - [10/May/2026:15:49:35 +0200] "GET /x.php HTTP/1.1" 404 47 "-" "Mozilla/5.0 (Windows NT 10.0; Win64; x64) AppleWebKit/537.36 (KHTML, like Gecko) Chrome/120.0.0.0 Safari/537.36"
172.212.188.103 - - [10/May/2026:15:49:35 +0200] "GET /jga.php HTTP/1.1" 404 47 "-" "Mozilla/5.0 (Windows NT 10.0; Win64; x64) AppleWebKit/537.36 (KHTML, like Gecko) Chrome/120.0.0.0 Safari/537.36"
172.212.188.103 - - [10/May/2026:15:49:35 +0200] "GET /k.php HTTP/1.1" 404 47 "-" "Mozilla/5.0 (Windows NT 10.0; Win64; x64) AppleWebKit/537.36 (KHTML, like Gecko) Chrome/120.0.0.0 Safari/537.36"
172.212.188.103 - - [10/May/2026:15:49:36 +0200] "GET /vx.php HTTP/1.1" 404 47 "-" "Mozilla/5.0 (Windows NT 10.0; Win64; x64) AppleWebKit/537.36 (KHTML, like Gecko) Chrome/120.0.0.0 Safari/537.36"
172.212.188.103 - - [10/May/2026:15:49:36 +0200] "GET /ws77.php HTTP/1.1" 404 47 "-" "Mozilla/5.0 (Windows NT 10.0; Win64; x64) AppleWebKit/537.36 (KHTML, like Gecko) Chrome/120.0.0.0 Safari/537.36"
