66.249.69.101 - - [10/May/2026:16:18:03 +0200] "GET /ambit/residue/e1zg8on5o8n9xl4.shtml HTTP/1.1" 404 277 "-" "Mozilla/5.0 (Linux; Android 6.0.1; Nexus 5X Build/MMB29P) AppleWebKit/537.36 (KHTML, like Gecko) Chrome/147.0.7727.137 Mobile Safari/537.36 (compatible; Googlebot/2.1; +http://www.google.com/bot.html)"
66.249.69.102 - - [10/May/2026:16:18:20 +0200] "GET /edition/harvest/f3bak0zc0irp7d8.shtml HTTP/1.1" 404 277 "-" "Mozilla/5.0 (Linux; Android 6.0.1; Nexus 5X Build/MMB29P) AppleWebKit/537.36 (KHTML, like Gecko) Chrome/147.0.7727.137 Mobile Safari/537.36 (compatible; Googlebot/2.1; +http://www.google.com/bot.html)"
66.249.69.101 - - [10/May/2026:16:18:20 +0200] "GET /property/kind/fx50eutbujljx72.shtml HTTP/1.1" 404 277 "-" "Mozilla/5.0 (Linux; Android 6.0.1; Nexus 5X Build/MMB29P) AppleWebKit/537.36 (KHTML, like Gecko) Chrome/147.0.7727.137 Mobile Safari/537.36 (compatible; Googlebot/2.1; +http://www.google.com/bot.html)"
43.230.201.87 - - [10/May/2026:16:18:52 +0200] "GET /wp-login.php HTTP/1.1" 404 47 "-" "Mozilla/5.0 (Macintosh; Intel Mac OS X 14_7_4) AppleWebKit/537.36 (KHTML, like Gecko) Chrome/133.0.0.0 Safari/537.36"
194.36.45.211 - - [10/May/2026:16:19:01 +0200] "GET /wcmipconnector/readfiles/ HTTP/1.1" 404 355 "-" "curl/7.61.1"
66.249.69.101 - - [10/May/2026:16:19:05 +0200] "GET /rubric/kind/fwygvzmbbfqcgo7.shtml HTTP/1.1" 404 277 "-" "Mozilla/5.0 (Linux; Android 6.0.1; Nexus 5X Build/MMB29P) AppleWebKit/537.36 (KHTML, like Gecko) Chrome/147.0.7727.137 Mobile Safari/537.36 (compatible; Googlebot/2.1; +http://www.google.com/bot.html)"
66.249.69.101 - - [10/May/2026:16:19:10 +0200] "GET /family/component/foxzialbys1b4bi.shtml HTTP/1.1" 404 277 "-" "Mozilla/5.0 (Linux; Android 6.0.1; Nexus 5X Build/MMB29P) AppleWebKit/537.36 (KHTML, like Gecko) Chrome/147.0.7727.137 Mobile Safari/537.36 (compatible; Googlebot/2.1; +http://www.google.com/bot.html)"
194.36.45.211 - - [10/May/2026:16:20:01 +0200] "GET /wcmipconnector/readfiles/ HTTP/1.1" 404 355 "-" "curl/7.61.1"
66.249.69.101 - - [10/May/2026:16:20:34 +0200] "GET /heading/appliance/ey8chxwixhwidud.shtml HTTP/1.1" 404 277 "-" "Mozilla/5.0 (Linux; Android 6.0.1; Nexus 5X Build/MMB29P) AppleWebKit/537.36 (KHTML, like Gecko) Chrome/147.0.7727.137 Mobile Safari/537.36 (compatible; Googlebot/2.1; +http://www.google.com/bot.html)"
121.200.217.28 - - [10/May/2026:16:21:00 +0200] "GET /wp-login.php HTTP/1.1" 404 47 "-" "Mozilla/5.0 (X11; Linux i686) AppleWebKit/537.36 (KHTML, like Gecko) Chrome/133.0.0.0 Safari/537.36"
194.36.45.211 - - [10/May/2026:16:21:01 +0200] "GET /wcmipconnector/readfiles/ HTTP/1.1" 404 355 "-" "curl/7.61.1"
66.249.69.102 - - [10/May/2026:16:21:53 +0200] "GET /kingdom/element/few85lkblfcaeyt.shtml HTTP/1.1" 404 277 "-" "Mozilla/5.0 (Linux; Android 6.0.1; Nexus 5X Build/MMB29P) AppleWebKit/537.36 (KHTML, like Gecko) Chrome/147.0.7727.137 Mobile Safari/537.36 (compatible; Googlebot/2.1; +http://www.google.com/bot.html)"
194.36.45.211 - - [10/May/2026:16:22:01 +0200] "GET /wcmipconnector/readfiles/ HTTP/1.1" 404 355 "-" "curl/7.61.1"
66.249.69.102 - - [10/May/2026:16:22:18 +0200] "GET /society/deliverable/d50zldog1xomka5.shtml HTTP/1.1" 404 277 "-" "Mozilla/5.0 (Linux; Android 6.0.1; Nexus 5X Build/MMB29P) AppleWebKit/537.36 (KHTML, like Gecko) Chrome/147.0.7727.137 Mobile Safari/537.36 (compatible; Googlebot/2.1; +http://www.google.com/bot.html)"
194.36.45.211 - - [10/May/2026:16:23:01 +0200] "GET /wcmipconnector/readfiles/ HTTP/1.1" 404 355 "-" "curl/7.61.1"
194.36.45.211 - - [10/May/2026:16:24:01 +0200] "GET /wcmipconnector/readfiles/ HTTP/1.1" 404 355 "-" "curl/7.61.1"
66.249.69.101 - - [10/May/2026:16:24:17 +0200] "GET /assemblage/issue/f1p0mqdb29h3ffy.shtml HTTP/1.1" 404 277 "-" "Mozilla/5.0 (Linux; Android 6.0.1; Nexus 5X Build/MMB29P) AppleWebKit/537.36 (KHTML, like Gecko) Chrome/147.0.7727.137 Mobile Safari/537.36 (compatible; Googlebot/2.1; +http://www.google.com/bot.html)"
66.249.69.101 - - [10/May/2026:16:24:35 +0200] "GET /4024982373 HTTP/1.1" 404 277 "-" "Mozilla/5.0 (Linux; Android 6.0.1; Nexus 5X Build/MMB29P) AppleWebKit/537.36 (KHTML, like Gecko) Chrome/147.0.7727.137 Mobile Safari/537.36 (compatible; GoogleOther)"
194.36.45.211 - - [10/May/2026:16:25:02 +0200] "GET /wcmipconnector/readfiles/ HTTP/1.1" 404 355 "-" "curl/7.61.1"
66.249.69.101 - - [10/May/2026:16:25:45 +0200] "GET /property/segment/f4kgt98b930ymmh.shtml HTTP/1.1" 404 277 "-" "Mozilla/5.0 (Linux; Android 6.0.1; Nexus 5X Build/MMB29P) AppleWebKit/537.36 (KHTML, like Gecko) Chrome/147.0.7727.137 Mobile Safari/537.36 (compatible; Googlebot/2.1; +http://www.google.com/bot.html)"
194.36.45.211 - - [10/May/2026:16:26:01 +0200] "GET /wcmipconnector/readfiles/ HTTP/1.1" 404 355 "-" "curl/7.61.1"
66.249.69.102 - - [10/May/2026:16:26:16 +0200] "GET /area/implement/fb82hxwbxwomta5.shtml HTTP/1.1" 404 277 "-" "Mozilla/5.0 (Linux; Android 6.0.1; Nexus 5X Build/MMB29P) AppleWebKit/537.36 (KHTML, like Gecko) Chrome/147.0.7727.137 Mobile Safari/537.36 (compatible; GoogleOther)"
194.36.45.211 - - [10/May/2026:16:27:01 +0200] "GET /wcmipconnector/readfiles/ HTTP/1.1" 404 355 "-" "curl/7.61.1"
66.249.69.103 - - [10/May/2026:16:27:08 +0200] "GET /model/offshoot/egm3jna8z7aktkr.shtml HTTP/1.1" 404 277 "-" "Mozilla/5.0 (Linux; Android 6.0.1; Nexus 5X Build/MMB29P) AppleWebKit/537.36 (KHTML, like Gecko) Chrome/147.0.7727.137 Mobile Safari/537.36 (compatible; Googlebot/2.1; +http://www.google.com/bot.html)"
152.53.44.20 - - [10/May/2026:16:27:43 +0200] "GET /wp-login.php HTTP/1.1" 404 47 "-" "Mozilla/5.0 (X11; Linux i686) AppleWebKit/537.36 (KHTML, like Gecko) Chrome/133.0.0.0 Safari/537.36"
194.36.45.211 - - [10/May/2026:16:28:01 +0200] "GET /wcmipconnector/readfiles/ HTTP/1.1" 404 355 "-" "curl/7.61.1"
66.249.69.101 - - [10/May/2026:16:28:15 +0200] "GET /bunch/fraction/fkvvswjb8zn9pl4.shtml HTTP/1.1" 404 277 "-" "Mozilla/5.0 (Linux; Android 6.0.1; Nexus 5X Build/MMB29P) AppleWebKit/537.36 (KHTML, like Gecko) Chrome/147.0.7727.137 Mobile Safari/537.36 (compatible; Googlebot/2.1; +http://www.google.com/bot.html)"
193.106.128.198 - - [10/May/2026:16:28:50 +0200] "GET /wp-json/wp/v2/users HTTP/1.1" 404 277 "-" "Mozilla/5.0 (Windows NT 10.0; Win64; x64; rv:63.0) Gecko/20100101 Firefox/63.0"
193.106.128.198 - - [10/May/2026:16:28:51 +0200] "GET /?author=1 HTTP/1.1" 200 0 "-" "Mozilla/5.0 (Windows NT 10.0; Win64; x64; rv:87.0) Gecko/20100101 Firefox/87.0"
193.106.128.198 - - [10/May/2026:16:28:51 +0200] "GET /?author=2 HTTP/1.1" 200 0 "-" "Mozilla/5.0 (Windows NT 10.0; Win64; x64; rv:53.0) Gecko/20100101 Firefox/53.0"
193.106.128.198 - - [10/May/2026:16:28:52 +0200] "GET /?author=3 HTTP/1.1" 200 0 "-" "Mozilla/5.0 (Windows NT 10.0; Win64; x64; rv:89.0) Gecko/20100101 Firefox/89.0"
193.106.128.198 - - [10/May/2026:16:28:53 +0200] "GET /?author=4 HTTP/1.1" 200 0 "-" "Mozilla/5.0 (Windows NT 10.0; Win64; x64; rv:92.0) Gecko/20100101 Firefox/92.0"
193.106.128.198 - - [10/May/2026:16:28:54 +0200] "GET /?author=5 HTTP/1.1" 200 0 "-" "Mozilla/5.0 (Windows NT 10.0; Win64; x64; rv:90.0) Gecko/20100101 Firefox/90.0"
193.106.128.198 - - [10/May/2026:16:28:55 +0200] "GET /?author=6 HTTP/1.1" 200 0 "-" "Mozilla/5.0 (Windows NT 10.0; Win64; x64; rv:81.0) Gecko/20100101 Firefox/81.0"
194.36.45.211 - - [10/May/2026:16:29:01 +0200] "GET /wcmipconnector/readfiles/ HTTP/1.1" 404 355 "-" "curl/7.61.1"
66.249.69.103 - - [10/May/2026:16:29:17 +0200] "GET /family/line/eok5t98c9t8u36p.shtml HTTP/1.1" 404 277 "-" "Mozilla/5.0 (Linux; Android 6.0.1; Nexus 5X Build/MMB29P) AppleWebKit/537.36 (KHTML, like Gecko) Chrome/147.0.7727.137 Mobile Safari/537.36 (compatible; Googlebot/2.1; +http://www.google.com/bot.html)"
194.36.45.211 - - [10/May/2026:16:30:02 +0200] "GET /wcmipconnector/readfiles/ HTTP/1.1" 404 355 "-" "curl/7.61.1"
66.249.69.102 - - [10/May/2026:16:30:21 +0200] "GET /format/load/fwwa5lkblfcaqyt.shtml HTTP/1.1" 404 277 "-" "Mozilla/5.0 (Linux; Android 6.0.1; Nexus 5X Build/MMB29P) AppleWebKit/537.36 (KHTML, like Gecko) Chrome/147.0.7727.137 Mobile Safari/537.36 (compatible; GoogleOther)"
51.68.236.72 - - [10/May/2026:16:30:56 +0200] "GET /robots.txt HTTP/1.1" 404 277 "-" "Mozilla/5.0 (compatible; MJ12bot/v2.0.5; http://mj12bot.com/)"
51.68.236.72 - - [10/May/2026:16:30:56 +0200] "GET / HTTP/1.1" 404 0 "-" "Mozilla/5.0 (compatible; MJ12bot/v2.0.5; http://mj12bot.com/)"
194.36.45.211 - - [10/May/2026:16:31:01 +0200] "GET /wcmipconnector/readfiles/ HTTP/1.1" 404 355 "-" "curl/7.61.1"
66.249.69.102 - - [10/May/2026:16:31:15 +0200] "GET /robots.txt HTTP/1.1" 404 277 "-" "Mozilla/5.0 (compatible; Googlebot/2.1; +http://www.google.com/bot.html)"
66.249.69.102 - - [10/May/2026:16:31:42 +0200] "GET /ilk/concept/f2ig3v6bjrmwcw3.shtml HTTP/1.1" 404 277 "-" "Mozilla/5.0 (Linux; Android 6.0.1; Nexus 5X Build/MMB29P) AppleWebKit/537.36 (KHTML, like Gecko) Chrome/147.0.7727.137 Mobile Safari/537.36 (compatible; Googlebot/2.1; +http://www.google.com/bot.html)"
194.36.45.211 - - [10/May/2026:16:32:01 +0200] "GET /wcmipconnector/readfiles/ HTTP/1.1" 404 355 "-" "curl/7.61.1"
66.249.69.102 - - [10/May/2026:16:32:02 +0200] "GET /sort/property/e0mbjnafz7ak8kr.shtml HTTP/1.1" 404 277 "-" "Mozilla/5.0 (Linux; Android 6.0.1; Nexus 5X Build/MMB29P) AppleWebKit/537.36 (KHTML, like Gecko) Chrome/147.0.7727.137 Mobile Safari/537.36 (compatible; Googlebot/2.1; +http://www.google.com/bot.html)"
50.6.224.46 - - [10/May/2026:16:32:58 +0200] "GET /wp-login.php HTTP/1.1" 404 47 "-" "Mozilla/5.0 (X11; Ubuntu; Linux x86_64) AppleWebKit/537.36 (KHTML, like Gecko) Chrome/133.0.0.0 Safari/537.36"
194.36.45.211 - - [10/May/2026:16:33:01 +0200] "GET /wcmipconnector/readfiles/ HTTP/1.1" 404 355 "-" "curl/7.61.1"
154.196.249.173 - - [10/May/2026:16:33:38 +0200] "GET /wp-content/uploads/2023/12/0192283296154_S6446746_P01-100x100.jpg HTTP/1.1" 404 277 "-" "Mozilla/5.0 (compatible; crawler)"
194.36.45.211 - - [10/May/2026:16:34:01 +0200] "GET /wcmipconnector/readfiles/ HTTP/1.1" 404 355 "-" "curl/7.61.1"
46.101.217.74 - admin [10/May/2026:16:34:12 +0200] "GET /wp-json/wp/v2/users/me HTTP/1.1" 404 277 "-" "Mozilla/5.0 (X11; Linux i686) AppleWebKit/537.36 (KHTML, like Gecko) Chrome/133.0.0.0 Safari/537.36"
66.249.69.101 - - [10/May/2026:16:35:00 +0200] "GET /robots.txt HTTP/1.1" 404 277 "-" "Mozilla/5.0 (compatible; Googlebot/2.1; +http://www.google.com/bot.html)"
194.36.45.211 - - [10/May/2026:16:35:02 +0200] "GET /wcmipconnector/readfiles/ HTTP/1.1" 404 355 "-" "curl/7.61.1"
66.249.69.101 - - [10/May/2026:16:35:40 +0200] "GET /bunch/fruit/e760rjun73usygb.shtml HTTP/1.1" 404 277 "-" "Mozilla/5.0 (Linux; Android 6.0.1; Nexus 5X Build/MMB29P) AppleWebKit/537.36 (KHTML, like Gecko) Chrome/147.0.7727.137 Mobile Safari/537.36 (compatible; Googlebot/2.1; +http://www.google.com/bot.html)"
194.36.45.211 - - [10/May/2026:16:36:01 +0200] "GET /wcmipconnector/readfiles/ HTTP/1.1" 404 355 "-" "curl/7.61.1"
194.36.45.211 - - [10/May/2026:16:37:01 +0200] "GET /wcmipconnector/readfiles/ HTTP/1.1" 404 355 "-" "curl/7.61.1"
31.24.154.31 - - [10/May/2026:16:37:07 +0200] "GET /wp-json/wp/v2/users HTTP/1.1" 404 277 "-" "Mozilla/5.0 (Windows NT 10.0; Win64; x64; rv:81.0) Gecko/20100101 Firefox/81.0"
31.24.154.31 - - [10/May/2026:16:37:07 +0200] "GET /?author=1 HTTP/1.1" 200 418 "-" "Mozilla/5.0 (Windows NT 10.0; Win64; x64; rv:70.0) Gecko/20100101 Firefox/70.0"
31.24.154.31 - - [10/May/2026:16:37:08 +0200] "GET /?author=2 HTTP/1.1" 200 418 "-" "Mozilla/5.0 (Windows NT 10.0; Win64; x64; rv:51.0) Gecko/20100101 Firefox/51.0"
31.24.154.31 - - [10/May/2026:16:37:08 +0200] "GET /?author=3 HTTP/1.1" 200 418 "-" "Mozilla/5.0 (Windows NT 10.0; Win64; x64; rv:88.0) Gecko/20100101 Firefox/88.0"
31.24.154.31 - - [10/May/2026:16:37:08 +0200] "GET /?author=4 HTTP/1.1" 200 418 "-" "Mozilla/5.0 (Windows NT 10.0; Win64; x64; rv:53.0) Gecko/20100101 Firefox/53.0"
31.24.154.31 - - [10/May/2026:16:37:08 +0200] "GET /?author=5 HTTP/1.1" 200 418 "-" "Mozilla/5.0 (Windows NT 10.0; Win64; x64; rv:88.0) Gecko/20100101 Firefox/88.0"
31.24.154.31 - - [10/May/2026:16:37:09 +0200] "GET /?author=6 HTTP/1.1" 200 418 "-" "Mozilla/5.0 (Windows NT 10.0; Win64; x64; rv:70.0) Gecko/20100101 Firefox/70.0"
66.249.69.101 - - [10/May/2026:16:38:00 +0200] "GET /robots.txt HTTP/1.1" 404 277 "-" "Mozilla/5.0 (compatible; Googlebot/2.1; +http://www.google.com/bot.html)"
194.36.45.211 - - [10/May/2026:16:38:01 +0200] "GET /wcmipconnector/readfiles/ HTTP/1.1" 404 355 "-" "curl/7.61.1"
66.249.69.102 - - [10/May/2026:16:38:13 +0200] "GET /assemblage/fabrication/exudf7ihvrigc4z.shtml HTTP/1.1" 404 277 "-" "Mozilla/5.0 (Linux; Android 6.0.1; Nexus 5X Build/MMB29P) AppleWebKit/537.36 (KHTML, like Gecko) Chrome/147.0.7727.137 Mobile Safari/537.36 (compatible; GoogleOther)"
66.249.69.101 - - [10/May/2026:16:38:37 +0200] "GET /tier/type/e2snptgh5dgqoqx.shtml HTTP/1.1" 404 277 "-" "Mozilla/5.0 (Linux; Android 6.0.1; Nexus 5X Build/MMB29P) AppleWebKit/537.36 (KHTML, like Gecko) Chrome/147.0.7727.137 Mobile Safari/537.36 (compatible; GoogleOther)"
194.36.45.211 - - [10/May/2026:16:39:01 +0200] "GET /wcmipconnector/readfiles/ HTTP/1.1" 404 355 "-" "curl/7.61.1"
66.249.69.102 - - [10/May/2026:16:39:04 +0200] "GET /robots.txt HTTP/1.1" 404 277 "-" "Mozilla/5.0 (compatible; Googlebot/2.1; +http://www.google.com/bot.html)"
66.249.69.102 - - [10/May/2026:16:39:09 +0200] "GET /lot/equipment/e2dmae17qy1bzbi.shtml HTTP/1.1" 404 277 "-" "Mozilla/5.0 (Linux; Android 6.0.1; Nexus 5X Build/MMB29P) AppleWebKit/537.36 (KHTML, like Gecko) Chrome/147.0.7727.137 Mobile Safari/537.36 (compatible; GoogleOther)"
66.249.69.102 - - [10/May/2026:16:39:10 +0200] "GET /swarm/section/e0s2ptgs5dgq3qx.shtml HTTP/1.1" 404 277 "-" "Mozilla/5.0 (Linux; Android 6.0.1; Nexus 5X Build/MMB29P) AppleWebKit/537.36 (KHTML, like Gecko) Chrome/147.0.7727.137 Mobile Safari/537.36 (compatible; Googlebot/2.1; +http://www.google.com/bot.html)"
66.249.69.101 - - [10/May/2026:16:39:40 +0200] "GET /union/subassembly/fjtr2ihbiy97gvq.shtml HTTP/1.1" 404 277 "-" "Mozilla/5.0 (Linux; Android 6.0.1; Nexus 5X Build/MMB29P) AppleWebKit/537.36 (KHTML, like Gecko) Chrome/147.0.7727.137 Mobile Safari/537.36 (compatible; GoogleOther)"
194.36.45.211 - - [10/May/2026:16:40:02 +0200] "GET /wcmipconnector/readfiles/ HTTP/1.1" 404 355 "-" "curl/7.61.1"
66.249.69.103 - - [10/May/2026:16:40:08 +0200] "GET /robots.txt HTTP/1.1" 404 277 "-" "Mozilla/5.0 (compatible; Googlebot/2.1; +http://www.google.com/bot.html)"
66.249.69.102 - - [10/May/2026:16:40:26 +0200] "GET /swarm/sort/flutf7ibvsy878f.shtml HTTP/1.1" 404 277 "-" "Mozilla/5.0 (Linux; Android 6.0.1; Nexus 5X Build/MMB29P) AppleWebKit/537.36 (KHTML, like Gecko) Chrome/147.0.7727.137 Mobile Safari/537.36 (compatible; GoogleOther)"
66.249.69.101 - - [10/May/2026:16:40:42 +0200] "GET /sector/publication/eyi13v63jf648sn.shtml HTTP/1.1" 404 277 "-" "Mozilla/5.0 (Linux; Android 6.0.1; Nexus 5X Build/MMB29P) AppleWebKit/537.36 (KHTML, like Gecko) Chrome/147.0.7727.137 Mobile Safari/537.36 (compatible; GoogleOther)"
194.36.45.211 - - [10/May/2026:16:41:01 +0200] "GET /wcmipconnector/readfiles/ HTTP/1.1" 404 355 "-" "curl/7.61.1"
66.249.69.102 - - [10/May/2026:16:41:11 +0200] "GET /robots.txt HTTP/1.1" 404 277 "-" "Mozilla/5.0 (compatible; Googlebot/2.1; +http://www.google.com/bot.html)"
66.249.69.101 - - [10/May/2026:16:41:15 +0200] "GET /classification/byproduct/e2t32ih8i2h3gfy.shtml HTTP/1.1" 404 277 "-" "Mozilla/5.0 (Linux; Android 6.0.1; Nexus 5X Build/MMB29P) AppleWebKit/537.36 (KHTML, like Gecko) Chrome/147.0.7727.137 Mobile Safari/537.36 (compatible; GoogleOther)"
222.165.190.235 - - [10/May/2026:16:41:18 +0200] "GET /wp-login.php HTTP/1.1" 404 47 "-" "Mozilla/5.0 (X11; Linux i686) AppleWebKit/537.36 (KHTML, like Gecko) Chrome/133.0.0.0 Safari/537.36"
66.249.69.101 - - [10/May/2026:16:41:47 +0200] "GET /province/mechanism/fb8vhxwbxxomqa5.shtml HTTP/1.1" 404 277 "-" "Mozilla/5.0 (Linux; Android 6.0.1; Nexus 5X Build/MMB29P) AppleWebKit/537.36 (KHTML, like Gecko) Chrome/147.0.7727.137 Mobile Safari/537.36 (compatible; GoogleOther)"
194.36.45.211 - - [10/May/2026:16:42:01 +0200] "GET /wcmipconnector/readfiles/ HTTP/1.1" 404 355 "-" "curl/7.61.1"
66.249.69.103 - - [10/May/2026:16:42:15 +0200] "GET /robots.txt HTTP/1.1" 404 277 "-" "Mozilla/5.0 (compatible; Googlebot/2.1; +http://www.google.com/bot.html)"
66.249.69.102 - - [10/May/2026:16:42:21 +0200] "GET /conglomeration/tool/du1ny2peempzvz6.shtml HTTP/1.1" 404 277 "-" "Mozilla/5.0 (Linux; Android 6.0.1; Nexus 5X Build/MMB29P) AppleWebKit/537.36 (KHTML, like Gecko) Chrome/147.0.7727.137 Mobile Safari/537.36 (compatible; GoogleOther)"
194.36.45.211 - - [10/May/2026:16:43:01 +0200] "GET /wcmipconnector/readfiles/ HTTP/1.1" 404 355 "-" "curl/7.61.1"
66.249.69.102 - - [10/May/2026:16:43:09 +0200] "GET /realm/module/eg5beutiuetfmra.shtml HTTP/1.1" 404 277 "-" "Mozilla/5.0 (Linux; Android 6.0.1; Nexus 5X Build/MMB29P) AppleWebKit/537.36 (KHTML, like Gecko) Chrome/147.0.7727.137 Mobile Safari/537.36 (compatible; GoogleOther)"
66.249.69.102 - - [10/May/2026:16:43:35 +0200] "GET /order/system/ej53eutkuetfura.shtml HTTP/1.1" 404 277 "-" "Mozilla/5.0 (Linux; Android 6.0.1; Nexus 5X Build/MMB29P) AppleWebKit/537.36 (KHTML, like Gecko) Chrome/147.0.7727.137 Mobile Safari/537.36 (compatible; Googlebot/2.1; +http://www.google.com/bot.html)"
66.249.69.101 - - [10/May/2026:16:43:38 +0200] "GET /demographic/derivative/enuff7ixvrigo4z.shtml HTTP/1.1" 404 277 "-" "Mozilla/5.0 (Linux; Android 6.0.1; Nexus 5X Build/MMB29P) AppleWebKit/537.36 (KHTML, like Gecko) Chrome/147.0.7727.137 Mobile Safari/537.36 (compatible; Googlebot/2.1; +http://www.google.com/bot.html)"
194.36.45.211 - - [10/May/2026:16:44:01 +0200] "GET /wcmipconnector/readfiles/ HTTP/1.1" 404 355 "-" "curl/7.61.1"
66.249.69.101 - - [10/May/2026:16:44:29 +0200] "GET /clade/material/frvbswjc8cn99l4.shtml HTTP/1.1" 404 277 "-" "Mozilla/5.0 (Linux; Android 6.0.1; Nexus 5X Build/MMB29P) AppleWebKit/537.36 (KHTML, like Gecko) Chrome/147.0.7727.137 Mobile Safari/537.36 (compatible; GoogleOther)"
66.249.69.101 - - [10/May/2026:16:44:58 +0200] "GET /component/handiwork/fu4k15schvwifud.shtml HTTP/1.1" 404 277 "-" "Mozilla/5.0 (Linux; Android 6.0.1; Nexus 5X Build/MMB29P) AppleWebKit/537.36 (KHTML, like Gecko) Chrome/147.0.7727.137 Mobile Safari/537.36 (compatible; GoogleOther)"
194.36.45.211 - - [10/May/2026:16:45:01 +0200] "GET /wcmipconnector/readfiles/ HTTP/1.1" 404 355 "-" "curl/7.61.1"
194.36.45.211 - - [10/May/2026:16:46:01 +0200] "GET /wcmipconnector/readfiles/ HTTP/1.1" 404 355 "-" "curl/7.61.1"
66.249.69.101 - - [10/May/2026:16:46:03 +0200] "GET /association/accomplishment/fcc4xp0bdngqmqx.shtml HTTP/1.1" 404 277 "-" "Mozilla/5.0 (Linux; Android 6.0.1; Nexus 5X Build/MMB29P) AppleWebKit/537.36 (KHTML, like Gecko) Chrome/147.0.7727.137 Mobile Safari/537.36 (compatible; GoogleOther)"
66.249.69.103 - - [10/May/2026:16:46:33 +0200] "GET /kind/system/e7rpc4f2sofdm1w.shtml HTTP/1.1" 404 277 "-" "Mozilla/5.0 (Linux; Android 6.0.1; Nexus 5X Build/MMB29P) AppleWebKit/537.36 (KHTML, like Gecko) Chrome/147.0.7727.137 Mobile Safari/537.36 (compatible; Googlebot/2.1; +http://www.google.com/bot.html)"
40.77.167.77 - - [10/May/2026:16:46:45 +0200] "GET /8091898002 HTTP/1.1" 404 277 "-" "Mozilla/5.0 AppleWebKit/537.36 (KHTML, like Gecko; compatible; bingbot/2.0; +http://www.bing.com/bingbot.htm) Chrome/116.0.1938.76 Safari/537.36"
160.250.204.105 - - [10/May/2026:16:46:46 +0200] "GET /wp-login.php HTTP/1.1" 404 47 "-" "Mozilla/5.0 (Windows NT 10.0; Win64; x64) AppleWebKit/537.36 (KHTML, like Gecko) Chrome/133.0.0.0 Safari/537.36 Edg/133.0.0.0"
194.36.45.211 - - [10/May/2026:16:47:01 +0200] "GET /wcmipconnector/readfiles/ HTTP/1.1" 404 355 "-" "curl/7.61.1"
66.249.69.101 - - [10/May/2026:16:47:28 +0200] "GET /wp-includes/ HTTP/1.1" 200 2998 "-" "Mozilla/5.0 (Linux; Android 6.0.1; Nexus 5X Build/MMB29P) AppleWebKit/537.36 (KHTML, like Gecko) Chrome/147.0.7727.137 Mobile Safari/537.36 (compatible; GoogleOther)"
66.249.69.101 - - [10/May/2026:16:47:56 +0200] "GET /unit/category/ex52eutruetflra.shtml HTTP/1.1" 404 277 "-" "Mozilla/5.0 (Linux; Android 6.0.1; Nexus 5X Build/MMB29P) AppleWebKit/537.36 (KHTML, like Gecko) Chrome/147.0.7727.137 Mobile Safari/537.36 (compatible; GoogleOther)"
194.36.45.211 - - [10/May/2026:16:48:02 +0200] "GET /wcmipconnector/readfiles/ HTTP/1.1" 404 355 "-" "curl/7.61.1"
116.202.222.251 - - [10/May/2026:16:48:09 +0200] "GET /wp-login.php HTTP/1.1" 404 47 "-" "Mozilla/5.0 (X11; Linux i686) AppleWebKit/537.36 (KHTML, like Gecko) Chrome/133.0.0.0 Safari/537.36"
66.249.69.102 - - [10/May/2026:16:48:51 +0200] "GET /compilation/implement/eofo0s31gc31zpk.shtml HTTP/1.1" 404 277 "-" "Mozilla/5.0 (Linux; Android 6.0.1; Nexus 5X Build/MMB29P) AppleWebKit/537.36 (KHTML, like Gecko) Chrome/147.0.7727.137 Mobile Safari/537.36 (compatible; GoogleOther)"
194.36.45.211 - - [10/May/2026:16:49:02 +0200] "GET /wcmipconnector/readfiles/ HTTP/1.1" 404 355 "-" "curl/7.61.1"
40.77.167.77 - - [10/May/2026:16:49:56 +0200] "GET /category/211/008/ HTTP/1.1" 404 277 "-" "Mozilla/5.0 AppleWebKit/537.36 (KHTML, like Gecko; compatible; bingbot/2.0; +http://www.bing.com/bingbot.htm) Chrome/116.0.1938.76 Safari/537.36"
194.36.45.211 - - [10/May/2026:16:50:01 +0200] "GET /wcmipconnector/readfiles/ HTTP/1.1" 404 355 "-" "curl/7.61.1"
52.167.144.176 - - [10/May/2026:16:50:21 +0200] "GET /kategorija/nogomet/ HTTP/1.1" 404 277 "-" "Mozilla/5.0 AppleWebKit/537.36 (KHTML, like Gecko; compatible; bingbot/2.0; +http://www.bing.com/bingbot.htm) Chrome/116.0.1938.76 Safari/537.36"
194.36.45.211 - - [10/May/2026:16:51:01 +0200] "GET /wcmipconnector/readfiles/ HTTP/1.1" 404 355 "-" "curl/7.61.1"
194.36.45.211 - - [10/May/2026:16:52:01 +0200] "GET /wcmipconnector/readfiles/ HTTP/1.1" 404 355 "-" "curl/7.61.1"
216.73.217.125 - - [10/May/2026:16:52:33 +0200] "GET /3891064749 HTTP/1.1" 404 277 "-" "Mozilla/5.0 AppleWebKit/537.36 (KHTML, like Gecko; compatible; ClaudeBot/1.0; +claudebot@anthropic.com)"
216.73.217.125 - - [10/May/2026:16:52:59 +0200] "GET /7710076320 HTTP/1.1" 404 277 "-" "Mozilla/5.0 AppleWebKit/537.36 (KHTML, like Gecko; compatible; ClaudeBot/1.0; +claudebot@anthropic.com)"
194.36.45.211 - - [10/May/2026:16:53:01 +0200] "GET /wcmipconnector/readfiles/ HTTP/1.1" 404 355 "-" "curl/7.61.1"
216.73.217.125 - - [10/May/2026:16:53:26 +0200] "GET /4616160609 HTTP/1.1" 404 277 "-" "Mozilla/5.0 AppleWebKit/537.36 (KHTML, like Gecko; compatible; ClaudeBot/1.0; +claudebot@anthropic.com)"
216.73.217.125 - - [10/May/2026:16:53:26 +0200] "GET /4153091241 HTTP/1.1" 404 277 "-" "Mozilla/5.0 AppleWebKit/537.36 (KHTML, like Gecko; compatible; ClaudeBot/1.0; +claudebot@anthropic.com)"
66.249.69.101 - - [10/May/2026:16:53:30 +0200] "GET /chapter/artifact/f1pomqdb2ph3rfy.shtml HTTP/1.1" 404 277 "-" "Mozilla/5.0 (Linux; Android 6.0.1; Nexus 5X Build/MMB29P) AppleWebKit/537.36 (KHTML, like Gecko) Chrome/147.0.7727.137 Mobile Safari/537.36 (compatible; GoogleOther)"
216.73.217.125 - - [10/May/2026:16:53:32 +0200] "GET /9634106076 HTTP/1.1" 404 277 "-" "Mozilla/5.0 AppleWebKit/537.36 (KHTML, like Gecko; compatible; ClaudeBot/1.0; +claudebot@anthropic.com)"
216.73.217.125 - - [10/May/2026:16:53:51 +0200] "GET /4680406449 HTTP/1.1" 404 277 "-" "Mozilla/5.0 AppleWebKit/537.36 (KHTML, like Gecko; compatible; ClaudeBot/1.0; +claudebot@anthropic.com)"
80.77.122.119 - - [10/May/2026:16:53:57 +0200] "GET /robots.txt HTTP/1.1" 404 355 "-" "Java/17.0.9"
80.77.122.119 - - [10/May/2026:16:53:57 +0200] "GET / HTTP/1.1" 200 418 "-" "Neticle Crawler v1.0 ( https://neticle.com/bot/en/ )"
194.36.45.211 - - [10/May/2026:16:54:01 +0200] "GET /wcmipconnector/readfiles/ HTTP/1.1" 404 355 "-" "curl/7.61.1"
62.232.51.140 - - [10/May/2026:16:54:32 +0200] "GET /wp-login.php HTTP/1.1" 404 47 "-" "Mozilla/5.0 (X11; Ubuntu; Linux x86_64; rv:133.0) Gecko/20100101 Firefox/133.0"
216.73.217.125 - - [10/May/2026:16:54:49 +0200] "GET /12040200165 HTTP/1.1" 404 277 "-" "Mozilla/5.0 AppleWebKit/537.36 (KHTML, like Gecko; compatible; ClaudeBot/1.0; +claudebot@anthropic.com)"
194.36.45.211 - - [10/May/2026:16:55:02 +0200] "GET /wcmipconnector/readfiles/ HTTP/1.1" 404 355 "-" "curl/7.61.1"
216.73.217.125 - - [10/May/2026:16:55:45 +0200] "GET /187108989 HTTP/1.1" 404 277 "-" "Mozilla/5.0 AppleWebKit/537.36 (KHTML, like Gecko; compatible; ClaudeBot/1.0; +claudebot@anthropic.com)"
216.73.217.125 - - [10/May/2026:16:55:45 +0200] "GET /597641571 HTTP/1.1" 404 277 "-" "Mozilla/5.0 AppleWebKit/537.36 (KHTML, like Gecko; compatible; ClaudeBot/1.0; +claudebot@anthropic.com)"
216.73.217.125 - - [10/May/2026:16:55:45 +0200] "GET /2237845356 HTTP/1.1" 404 277 "-" "Mozilla/5.0 AppleWebKit/537.36 (KHTML, like Gecko; compatible; ClaudeBot/1.0; +claudebot@anthropic.com)"
194.36.45.211 - - [10/May/2026:16:56:01 +0200] "GET /wcmipconnector/readfiles/ HTTP/1.1" 404 355 "-" "curl/7.61.1"
194.36.45.211 - - [10/May/2026:16:57:01 +0200] "GET /wcmipconnector/readfiles/ HTTP/1.1" 404 355 "-" "curl/7.61.1"
34.204.28.244 - - [10/May/2026:16:57:31 +0200] "GET /robots.txt HTTP/1.1" 404 277 "-" "Mozilla/5.0 (Macintosh; Intel Mac OS X 10_10_1) AppleWebKit/600.2.5 (KHTML, like Gecko) Version/8.0.2 Safari/600.2.5 (Gort)"
194.36.45.211 - - [10/May/2026:16:58:01 +0200] "GET /wcmipconnector/readfiles/ HTTP/1.1" 404 355 "-" "curl/7.61.1"
216.73.217.125 - - [10/May/2026:16:58:55 +0200] "GET /wp-content/languages/themes/user/?p=QhomeQithomeQphp HTTP/1.1" 200 362 "-" "Mozilla/5.0 AppleWebKit/537.36 (KHTML, like Gecko; compatible; ClaudeBot/1.0; +claudebot@anthropic.com)"
216.73.217.125 - - [10/May/2026:16:58:55 +0200] "GET /wp-content/languages/themes/user/?p=QhomeQithomeQRwp-cli HTTP/1.1" 200 362 "-" "Mozilla/5.0 AppleWebKit/537.36 (KHTML, like Gecko; compatible; ClaudeBot/1.0; +claudebot@anthropic.com)"
216.73.217.125 - - [10/May/2026:16:58:55 +0200] "GET /wp-content/languages/themes/user/?p=QhomeQithomeQRHttpRequest HTTP/1.1" 200 362 "-" "Mozilla/5.0 AppleWebKit/537.36 (KHTML, like Gecko; compatible; ClaudeBot/1.0; +claudebot@anthropic.com)"
216.73.217.125 - - [10/May/2026:16:58:56 +0200] "GET /wp-content/languages/themes/user/?p=QhomeQithomeQruby HTTP/1.1" 200 362 "-" "Mozilla/5.0 AppleWebKit/537.36 (KHTML, like Gecko; compatible; ClaudeBot/1.0; +claudebot@anthropic.com)"
216.73.217.125 - - [10/May/2026:16:58:56 +0200] "GET /wp-content/languages/themes/user/.imunify_patch_id HTTP/1.1" 404 277 "-" "Mozilla/5.0 AppleWebKit/537.36 (KHTML, like Gecko; compatible; ClaudeBot/1.0; +claudebot@anthropic.com)"
194.36.45.211 - - [10/May/2026:16:59:01 +0200] "GET /wcmipconnector/readfiles/ HTTP/1.1" 404 355 "-" "curl/7.61.1"
216.73.217.125 - - [10/May/2026:16:59:15 +0200] "GET /wp-content/languages/themes/user/?p=QhomeQithomeQtestRdigitalni-asistentRcom HTTP/1.1" 200 362 "-" "Mozilla/5.0 AppleWebKit/537.36 (KHTML, like Gecko; compatible; ClaudeBot/1.0; +claudebot@anthropic.com)"
216.73.217.125 - - [10/May/2026:16:59:15 +0200] "GET /wp-content/languages/themes/user/?p=QhomeQithomeQtmp HTTP/1.1" 200 362 "-" "Mozilla/5.0 AppleWebKit/537.36 (KHTML, like Gecko; compatible; ClaudeBot/1.0; +claudebot@anthropic.com)"
216.73.217.125 - - [10/May/2026:16:59:15 +0200] "GET /wp-content/languages/themes/user/?p=QhomeQithomeQRssh HTTP/1.1" 200 362 "-" "Mozilla/5.0 AppleWebKit/537.36 (KHTML, like Gecko; compatible; ClaudeBot/1.0; +claudebot@anthropic.com)"
216.73.217.125 - - [10/May/2026:16:59:16 +0200] "GET /wp-content/languages/themes/user/.wp-toolkit-identifier HTTP/1.1" 404 277 "-" "Mozilla/5.0 AppleWebKit/537.36 (KHTML, like Gecko; compatible; ClaudeBot/1.0; +claudebot@anthropic.com)"
216.73.217.125 - - [10/May/2026:16:59:16 +0200] "GET /wp-content/languages/themes/user/?p=QhomeQithomeQcache HTTP/1.1" 200 362 "-" "Mozilla/5.0 AppleWebKit/537.36 (KHTML, like Gecko; compatible; ClaudeBot/1.0; +claudebot@anthropic.com)"
216.73.217.125 - - [10/May/2026:16:59:19 +0200] "GET /wp-content/languages/themes/user/.myimunify_id HTTP/1.1" 404 277 "-" "Mozilla/5.0 AppleWebKit/537.36 (KHTML, like Gecko; compatible; ClaudeBot/1.0; +claudebot@anthropic.com)"
216.73.217.125 - - [10/May/2026:16:59:19 +0200] "GET /wp-content/languages/themes/user/.contactemail HTTP/1.1" 404 277 "-" "Mozilla/5.0 AppleWebKit/537.36 (KHTML, like Gecko; compatible; ClaudeBot/1.0; +claudebot@anthropic.com)"
216.73.217.125 - - [10/May/2026:16:59:20 +0200] "GET /wp-content/languages/themes/user/?p=QhomeQithomeQbin HTTP/1.1" 200 362 "-" "Mozilla/5.0 AppleWebKit/537.36 (KHTML, like Gecko; compatible; ClaudeBot/1.0; +claudebot@anthropic.com)"
216.73.217.125 - - [10/May/2026:16:59:20 +0200] "GET /wp-content/languages/themes/user/?p=QhomeQithomeQRkoality HTTP/1.1" 200 362 "-" "Mozilla/5.0 AppleWebKit/537.36 (KHTML, like Gecko; compatible; ClaudeBot/1.0; +claudebot@anthropic.com)"
216.73.217.125 - - [10/May/2026:16:59:21 +0200] "GET /wp-content/languages/themes/user/?edit=.imunify_patch_id&p=QhomeQithome HTTP/1.1" 200 362 "-" "Mozilla/5.0 AppleWebKit/537.36 (KHTML, like Gecko; compatible; ClaudeBot/1.0; +claudebot@anthropic.com)"
216.73.217.125 - - [10/May/2026:16:59:42 +0200] "GET /wp-content/languages/themes/user/?p=QhomeQithomeQRcphorde HTTP/1.1" 200 362 "-" "Mozilla/5.0 AppleWebKit/537.36 (KHTML, like Gecko; compatible; ClaudeBot/1.0; +claudebot@anthropic.com)"
216.73.217.125 - - [10/May/2026:16:59:42 +0200] "GET /wp-content/languages/themes/user/?p=QhomeQithomeQssl HTTP/1.1" 200 362 "-" "Mozilla/5.0 AppleWebKit/537.36 (KHTML, like Gecko; compatible; ClaudeBot/1.0; +claudebot@anthropic.com)"
216.73.217.125 - - [10/May/2026:16:59:43 +0200] "GET /wp-content/languages/themes/user/?p=QhomeQithomeQmail HTTP/1.1" 200 362 "-" "Mozilla/5.0 AppleWebKit/537.36 (KHTML, like Gecko; compatible; ClaudeBot/1.0; +claudebot@anthropic.com)"
216.73.217.125 - - [10/May/2026:16:59:43 +0200] "GET /wp-content/languages/themes/user/?p=QhomeQithomeQetc HTTP/1.1" 200 362 "-" "Mozilla/5.0 AppleWebKit/537.36 (KHTML, like Gecko; compatible; ClaudeBot/1.0; +claudebot@anthropic.com)"
216.73.217.125 - - [10/May/2026:16:59:44 +0200] "GET /wp-content/languages/themes/user/?p=QhomeQithomeQlogs HTTP/1.1" 200 362 "-" "Mozilla/5.0 AppleWebKit/537.36 (KHTML, like Gecko; compatible; ClaudeBot/1.0; +claudebot@anthropic.com)"
216.73.217.125 - - [10/May/2026:16:59:45 +0200] "GET /wp-content/languages/themes/user/?p=QhomeQithomeQRcpanel HTTP/1.1" 200 362 "-" "Mozilla/5.0 AppleWebKit/537.36 (KHTML, like Gecko; compatible; ClaudeBot/1.0; +claudebot@anthropic.com)"
216.73.217.125 - - [10/May/2026:16:59:45 +0200] "GET /wp-content/languages/themes/user/?p=QhomeQithomeQRconfig HTTP/1.1" 200 362 "-" "Mozilla/5.0 AppleWebKit/537.36 (KHTML, like Gecko; compatible; ClaudeBot/1.0; +claudebot@anthropic.com)"
216.73.217.125 - - [10/May/2026:16:59:46 +0200] "GET /wp-content/languages/themes/user/?p=QhomeQithomeQperl HTTP/1.1" 200 362 "-" "Mozilla/5.0 AppleWebKit/537.36 (KHTML, like Gecko; compatible; ClaudeBot/1.0; +claudebot@anthropic.com)"
216.73.217.125 - - [10/May/2026:16:59:46 +0200] "GET /wp-content/languages/themes/user/?p=QhomeQithomeQRtrash HTTP/1.1" 200 362 "-" "Mozilla/5.0 AppleWebKit/537.36 (KHTML, like Gecko; compatible; ClaudeBot/1.0; +claudebot@anthropic.com)"
216.73.217.125 - - [10/May/2026:16:59:47 +0200] "GET /wp-content/languages/themes/user/?p=QhomeQithomeQaccess-logs HTTP/1.1" 200 362 "-" "Mozilla/5.0 AppleWebKit/537.36 (KHTML, like Gecko; compatible; ClaudeBot/1.0; +claudebot@anthropic.com)"
194.36.45.211 - - [10/May/2026:17:00:01 +0200] "GET /wcmipconnector/readfiles/ HTTP/1.1" 404 355 "-" "curl/7.61.1"
216.73.217.125 - - [10/May/2026:17:00:08 +0200] "GET /wp-content/languages/themes/user/?p=QhomeQithomeQmobileRithomeRhr HTTP/1.1" 200 362 "-" "Mozilla/5.0 AppleWebKit/537.36 (KHTML, like Gecko; compatible; ClaudeBot/1.0; +claudebot@anthropic.com)"
216.73.217.125 - - [10/May/2026:17:00:08 +0200] "GET /wp-content/languages/themes/user/?p=QhomeQithomeQRhtpasswds HTTP/1.1" 200 362 "-" "Mozilla/5.0 AppleWebKit/537.36 (KHTML, like Gecko; compatible; ClaudeBot/1.0; +claudebot@anthropic.com)"
216.73.217.125 - - [10/May/2026:17:00:08 +0200] "GET /wp-content/languages/themes/user/?p=QhomeQithomeQRrazor HTTP/1.1" 200 362 "-" "Mozilla/5.0 AppleWebKit/537.36 (KHTML, like Gecko; compatible; ClaudeBot/1.0; +claudebot@anthropic.com)"
216.73.217.125 - - [10/May/2026:17:00:09 +0200] "GET /wp-content/languages/themes/user/?p=QhomeQithomeQperl5 HTTP/1.1" 200 362 "-" "Mozilla/5.0 AppleWebKit/537.36 (KHTML, like Gecko; compatible; ClaudeBot/1.0; +claudebot@anthropic.com)"
216.73.217.125 - - [10/May/2026:17:00:09 +0200] "GET /wp-content/languages/themes/user/?p=QhomeQithomeQRcpaddons HTTP/1.1" 200 362 "-" "Mozilla/5.0 AppleWebKit/537.36 (KHTML, like Gecko; compatible; ClaudeBot/1.0; +claudebot@anthropic.com)"
216.73.217.125 - - [10/May/2026:17:00:12 +0200] "GET /wp-content/languages/themes/user/?p=QhomeQithomeQpublic_ftp HTTP/1.1" 200 362 "-" "Mozilla/5.0 AppleWebKit/537.36 (KHTML, like Gecko; compatible; ClaudeBot/1.0; +claudebot@anthropic.com)"
216.73.217.125 - - [10/May/2026:17:00:12 +0200] "GET /wp-content/languages/themes/user/.mysql_history HTTP/1.1" 404 277 "-" "Mozilla/5.0 AppleWebKit/537.36 (KHTML, like Gecko; compatible; ClaudeBot/1.0; +claudebot@anthropic.com)"
216.73.217.125 - - [10/May/2026:17:00:12 +0200] "GET /wp-content/languages/themes/user/?edit=.wp-toolkit-identifier&p=QhomeQithome HTTP/1.1" 200 362 "-" "Mozilla/5.0 AppleWebKit/537.36 (KHTML, like Gecko; compatible; ClaudeBot/1.0; +claudebot@anthropic.com)"
216.73.217.125 - - [10/May/2026:17:00:13 +0200] "GET /wp-content/languages/themes/user/?p=QhomeQithomeQRspamassassin HTTP/1.1" 200 362 "-" "Mozilla/5.0 AppleWebKit/537.36 (KHTML, like Gecko; compatible; ClaudeBot/1.0; +claudebot@anthropic.com)"
216.73.217.125 - - [10/May/2026:17:00:13 +0200] "GET /wp-content/languages/themes/user/?p=QhomeQithomeQRpki HTTP/1.1" 200 362 "-" "Mozilla/5.0 AppleWebKit/537.36 (KHTML, like Gecko; compatible; ClaudeBot/1.0; +claudebot@anthropic.com)"
66.249.69.101 - - [10/May/2026:17:00:27 +0200] "GET /domain/bit/frnkwcbbc131lpk.shtml HTTP/1.1" 404 277 "-" "Mozilla/5.0 (Linux; Android 6.0.1; Nexus 5X Build/MMB29P) AppleWebKit/537.36 (KHTML, like Gecko) Chrome/147.0.7727.137 Mobile Safari/537.36 (compatible; GoogleOther)"
216.73.217.125 - - [10/May/2026:17:00:33 +0200] "GET /wp-content/languages/themes/user/?p=QhomeQithomeQcpanel3-skel HTTP/1.1" 200 362 "-" "Mozilla/5.0 AppleWebKit/537.36 (KHTML, like Gecko; compatible; ClaudeBot/1.0; +claudebot@anthropic.com)"
216.73.217.125 - - [10/May/2026:17:00:33 +0200] "GET /wp-content/languages/themes/user/?p=QhomeQithomeQRsoftaculous HTTP/1.1" 200 362 "-" "Mozilla/5.0 AppleWebKit/537.36 (KHTML, like Gecko; compatible; ClaudeBot/1.0; +claudebot@anthropic.com)"
216.73.217.125 - - [10/May/2026:17:00:33 +0200] "GET /wp-content/languages/themes/user/?p=QhomeQithomeQRsubaccounts HTTP/1.1" 200 362 "-" "Mozilla/5.0 AppleWebKit/537.36 (KHTML, like Gecko; compatible; ClaudeBot/1.0; +claudebot@anthropic.com)"
216.73.217.125 - - [10/May/2026:17:00:34 +0200] "GET /wp-content/languages/themes/user/?p=QhomeQithomeQRgnupg HTTP/1.1" 200 362 "-" "Mozilla/5.0 AppleWebKit/537.36 (KHTML, like Gecko; compatible; ClaudeBot/1.0; +claudebot@anthropic.com)"
216.73.217.125 - - [10/May/2026:17:00:34 +0200] "GET /wp-content/languages/themes/user/?edit=.mysql_history&p=QhomeQithome HTTP/1.1" 200 362 "-" "Mozilla/5.0 AppleWebKit/537.36 (KHTML, like Gecko; compatible; ClaudeBot/1.0; +claudebot@anthropic.com)"
216.73.217.125 - - [10/May/2026:17:00:34 +0200] "GET /wp-content/languages/themes/user/?edit=.myimunify_id&p=QhomeQithome HTTP/1.1" 200 362 "-" "Mozilla/5.0 AppleWebKit/537.36 (KHTML, like Gecko; compatible; ClaudeBot/1.0; +claudebot@anthropic.com)"
216.73.217.125 - - [10/May/2026:17:00:35 +0200] "GET /wp-content/themes/Divi/epanel/build/?C=M&O=A HTTP/1.1" 200 364 "-" "Mozilla/5.0 AppleWebKit/537.36 (KHTML, like Gecko; compatible; ClaudeBot/1.0; +claudebot@anthropic.com)"
216.73.217.125 - - [10/May/2026:17:00:35 +0200] "GET /wp-content/themes/Divi/epanel/build/?C=S&O=A HTTP/1.1" 200 364 "-" "Mozilla/5.0 AppleWebKit/537.36 (KHTML, like Gecko; compatible; ClaudeBot/1.0; +claudebot@anthropic.com)"
216.73.217.125 - - [10/May/2026:17:00:38 +0200] "GET /wp-content/themes/Divi/onboarding/i18n/?C=D&O=A HTTP/1.1" 200 367 "-" "Mozilla/5.0 AppleWebKit/537.36 (KHTML, like Gecko; compatible; ClaudeBot/1.0; +claudebot@anthropic.com)"
216.73.217.125 - - [10/May/2026:17:00:38 +0200] "GET /wp-content/themes/Divi/epanel/build/?C=D&O=A HTTP/1.1" 200 364 "-" "Mozilla/5.0 AppleWebKit/537.36 (KHTML, like Gecko; compatible; ClaudeBot/1.0; +claudebot@anthropic.com)"
216.73.217.125 - - [10/May/2026:17:00:39 +0200] "GET /wp-content/themes/Divi/onboarding/i18n/?C=M&O=A HTTP/1.1" 200 367 "-" "Mozilla/5.0 AppleWebKit/537.36 (KHTML, like Gecko; compatible; ClaudeBot/1.0; +claudebot@anthropic.com)"
216.73.217.125 - - [10/May/2026:17:00:39 +0200] "GET /wp-content/themes/Divi/onboarding/i18n/?C=S&O=A HTTP/1.1" 200 367 "-" "Mozilla/5.0 AppleWebKit/537.36 (KHTML, like Gecko; compatible; ClaudeBot/1.0; +claudebot@anthropic.com)"
208.109.188.137 - - [10/May/2026:17:00:51 +0200] "GET /wp-login.php HTTP/1.1" 404 47 "-" "Mozilla/5.0 (Macintosh; Intel Mac OS X 14_7_4) AppleWebKit/537.36 (KHTML, like Gecko) Chrome/133.0.0.0 Safari/537.36"
194.36.45.211 - - [10/May/2026:17:01:01 +0200] "GET /wcmipconnector/readfiles/ HTTP/1.1" 404 355 "-" "curl/7.61.1"
216.73.217.125 - - [10/May/2026:17:01:17 +0200] "GET /wp-content/languages/themes/user/?p=QhomeQithomeQizrada-web-stranica-zagrebRcomRhr HTTP/1.1" 200 362 "-" "Mozilla/5.0 AppleWebKit/537.36 (KHTML, like Gecko; compatible; ClaudeBot/1.0; +claudebot@anthropic.com)"
216.73.217.125 - - [10/May/2026:17:01:17 +0200] "GET /wp-content/languages/themes/user/?edit=.contactemail&p=QhomeQithome HTTP/1.1" 200 362 "-" "Mozilla/5.0 AppleWebKit/537.36 (KHTML, like Gecko; compatible; ClaudeBot/1.0; +claudebot@anthropic.com)"
216.73.217.125 - - [10/May/2026:17:01:18 +0200] "GET /wp-content/themes/Divi/onboarding/i18n/?C=N&O=D HTTP/1.1" 200 365 "-" "Mozilla/5.0 AppleWebKit/537.36 (KHTML, like Gecko; compatible; ClaudeBot/1.0; +claudebot@anthropic.com)"
216.73.217.125 - - [10/May/2026:17:01:19 +0200] "GET /wp-content/themes/Divi/epanel/build/?C=N&O=D HTTP/1.1" 200 362 "-" "Mozilla/5.0 AppleWebKit/537.36 (KHTML, like Gecko; compatible; ClaudeBot/1.0; +claudebot@anthropic.com)"
216.73.217.125 - - [10/May/2026:17:01:21 +0200] "GET /wp-content/languages/themes/user/?p=QhomeQithomeQpublic_htmlQdigitalni-asistentRcom HTTP/1.1" 200 362 "-" "Mozilla/5.0 AppleWebKit/537.36 (KHTML, like Gecko; compatible; ClaudeBot/1.0; +claudebot@anthropic.com)"
216.73.217.125 - - [10/May/2026:17:01:21 +0200] "GET /wp-content/languages/themes/user/?p=QhomeQithomeQpublic_htmlQprofimodRcom HTTP/1.1" 200 362 "-" "Mozilla/5.0 AppleWebKit/537.36 (KHTML, like Gecko; compatible; ClaudeBot/1.0; +claudebot@anthropic.com)"
216.73.217.125 - - [10/May/2026:17:01:22 +0200] "GET /wp-content/languages/themes/user/?p=QhomeQithomeQpublic_htmlQvrchocoartRcom HTTP/1.1" 200 362 "-" "Mozilla/5.0 AppleWebKit/537.36 (KHTML, like Gecko; compatible; ClaudeBot/1.0; +claudebot@anthropic.com)"
216.73.217.125 - - [10/May/2026:17:01:22 +0200] "GET /wp-content/languages/themes/user/?p=QhomeQithomeQpublic_htmlQecofeedprojectRcom HTTP/1.1" 200 362 "-" "Mozilla/5.0 AppleWebKit/537.36 (KHTML, like Gecko; compatible; ClaudeBot/1.0; +claudebot@anthropic.com)"
216.73.217.125 - - [10/May/2026:17:01:23 +0200] "GET /wp-content/languages/themes/user/?p=QhomeQithomeQpublic_htmlQcgi-bin HTTP/1.1" 200 362 "-" "Mozilla/5.0 AppleWebKit/537.36 (KHTML, like Gecko; compatible; ClaudeBot/1.0; +claudebot@anthropic.com)"
216.73.217.125 - - [10/May/2026:17:01:23 +0200] "GET /wp-content/languages/themes/user/wp-blog-header.php HTTP/1.1" 404 47 "-" "Mozilla/5.0 AppleWebKit/537.36 (KHTML, like Gecko; compatible; ClaudeBot/1.0; +claudebot@anthropic.com)"
216.73.217.125 - - [10/May/2026:17:01:34 +0200] "GET /wp-content/languages/themes/user/?p=QhomeQithomeQpublic_htmlQmail HTTP/1.1" 200 362 "-" "Mozilla/5.0 AppleWebKit/537.36 (KHTML, like Gecko; compatible; ClaudeBot/1.0; +claudebot@anthropic.com)"
216.73.217.125 - - [10/May/2026:17:01:34 +0200] "GET /wp-content/languages/themes/user/?p=QhomeQithomeQpublic_htmlQplesk HTTP/1.1" 200 362 "-" "Mozilla/5.0 AppleWebKit/537.36 (KHTML, like Gecko; compatible; ClaudeBot/1.0; +claudebot@anthropic.com)"
216.73.217.125 - - [10/May/2026:17:01:35 +0200] "GET /wp-content/languages/themes/user/?edit=wp-blog-header.php&p=QhomeQithomeQpublic_html HTTP/1.1" 200 362 "-" "Mozilla/5.0 AppleWebKit/537.36 (KHTML, like Gecko; compatible; ClaudeBot/1.0; +claudebot@anthropic.com)"
216.73.217.125 - - [10/May/2026:17:01:35 +0200] "GET /wp-content/languages/themes/user/?p=QhomeQithomeQpublic_htmlQsupport HTTP/1.1" 200 362 "-" "Mozilla/5.0 AppleWebKit/537.36 (KHTML, like Gecko; compatible; ClaudeBot/1.0; +claudebot@anthropic.com)"
216.73.217.125 - - [10/May/2026:17:01:36 +0200] "GET /wp-content/languages/themes/user/?p=QhomeQithomeQpublic_htmlQtest HTTP/1.1" 200 362 "-" "Mozilla/5.0 AppleWebKit/537.36 (KHTML, like Gecko; compatible; ClaudeBot/1.0; +claudebot@anthropic.com)"
216.73.217.125 - - [10/May/2026:17:01:36 +0200] "GET /wp-content/languages/themes/user/?edit=index.php&p=QhomeQithomeQpublic_html HTTP/1.1" 200 362 "-" "Mozilla/5.0 AppleWebKit/537.36 (KHTML, like Gecko; compatible; ClaudeBot/1.0; +claudebot@anthropic.com)"
216.73.217.125 - - [10/May/2026:17:01:40 +0200] "GET /wp-content/languages/themes/user/?p=QhomeQithomeQpublic_htmlQopenaiRcomRhr HTTP/1.1" 200 362 "-" "Mozilla/5.0 AppleWebKit/537.36 (KHTML, like Gecko; compatible; ClaudeBot/1.0; +claudebot@anthropic.com)"
216.73.217.125 - - [10/May/2026:17:01:40 +0200] "GET /wp-content/languages/themes/user/?p=QhomeQithomeQpublic_htmlQexergyRukRcom HTTP/1.1" 200 362 "-" "Mozilla/5.0 AppleWebKit/537.36 (KHTML, like Gecko; compatible; ClaudeBot/1.0; +claudebot@anthropic.com)"
216.73.217.125 - - [10/May/2026:17:01:40 +0200] "GET /wp-content/languages/themes/user/?p=QhomeQithomeQpublic_htmlQfumitechRhr HTTP/1.1" 200 362 "-" "Mozilla/5.0 AppleWebKit/537.36 (KHTML, like Gecko; compatible; ClaudeBot/1.0; +claudebot@anthropic.com)"
216.73.217.125 - - [10/May/2026:17:01:41 +0200] "GET /wp-content/languages/themes/user/?p=QhomeQithomeQpublic_htmlQ360vr HTTP/1.1" 200 362 "-" "Mozilla/5.0 AppleWebKit/537.36 (KHTML, like Gecko; compatible; ClaudeBot/1.0; +claudebot@anthropic.com)"
216.73.217.125 - - [10/May/2026:17:01:41 +0200] "GET /wp-content/languages/themes/user/?p=QhomeQithomeQpublic_htmlQinterglobalRhr HTTP/1.1" 200 362 "-" "Mozilla/5.0 AppleWebKit/537.36 (KHTML, like Gecko; compatible; ClaudeBot/1.0; +claudebot@anthropic.com)"
216.73.217.125 - - [10/May/2026:17:01:42 +0200] "GET /wp-content/languages/themes/user/?p=QhomeQithomeQpublic_htmlQssl HTTP/1.1" 200 362 "-" "Mozilla/5.0 AppleWebKit/537.36 (KHTML, like Gecko; compatible; ClaudeBot/1.0; +claudebot@anthropic.com)"
216.73.217.125 - - [10/May/2026:17:01:48 +0200] "GET /wp-content/languages/themes/user/?p=QhomeQithomeQpublic_htmlQcataleya-cupRcom HTTP/1.1" 200 362 "-" "Mozilla/5.0 AppleWebKit/537.36 (KHTML, like Gecko; compatible; ClaudeBot/1.0; +claudebot@anthropic.com)"
216.73.217.125 - - [10/May/2026:17:01:48 +0200] "GET /wp-content/languages/themes/user/?edit=.htaccess&p=QhomeQithomeQpublic_html HTTP/1.1" 200 362 "-" "Mozilla/5.0 AppleWebKit/537.36 (KHTML, like Gecko; compatible; ClaudeBot/1.0; +claudebot@anthropic.com)"
216.73.217.125 - - [10/May/2026:17:01:48 +0200] "GET /wp-content/languages/themes/user/?p=QhomeQithomeQpublic_htmlQinteligentna-kucaRhr HTTP/1.1" 200 362 "-" "Mozilla/5.0 AppleWebKit/537.36 (KHTML, like Gecko; compatible; ClaudeBot/1.0; +claudebot@anthropic.com)"
216.73.217.125 - - [10/May/2026:17:01:49 +0200] "GET /wp-content/languages/themes/user/?p=QhomeQithomeQpublic_htmlQgeoparsRcom HTTP/1.1" 200 362 "-" "Mozilla/5.0 AppleWebKit/537.36 (KHTML, like Gecko; compatible; ClaudeBot/1.0; +claudebot@anthropic.com)"
216.73.217.125 - - [10/May/2026:17:01:51 +0200] "GET /wp-content/languages/themes/user/?p=QhomeQithomeQpublic_htmlQanbforumRcom HTTP/1.1" 200 362 "-" "Mozilla/5.0 AppleWebKit/537.36 (KHTML, like Gecko; compatible; ClaudeBot/1.0; +claudebot@anthropic.com)"
216.73.217.125 - - [10/May/2026:17:01:52 +0200] "GET /wp-content/languages/themes/user/?p=QhomeQithomeQpublic_htmlQferattaReu HTTP/1.1" 200 362 "-" "Mozilla/5.0 AppleWebKit/537.36 (KHTML, like Gecko; compatible; ClaudeBot/1.0; +claudebot@anthropic.com)"
216.73.217.125 - - [10/May/2026:17:01:55 +0200] "GET /wp-content/languages/themes/user/?p=QhomeQithomeQpublic_htmlQreportRdigitalni-asistentRhr HTTP/1.1" 200 362 "-" "Mozilla/5.0 AppleWebKit/537.36 (KHTML, like Gecko; compatible; ClaudeBot/1.0; +claudebot@anthropic.com)"
216.73.217.125 - - [10/May/2026:17:01:55 +0200] "GET /wp-content/languages/themes/user/?p=QhomeQithomeQpublic_htmlQeducation HTTP/1.1" 200 362 "-" "Mozilla/5.0 AppleWebKit/537.36 (KHTML, like Gecko; compatible; ClaudeBot/1.0; +claudebot@anthropic.com)"
216.73.217.125 - - [10/May/2026:17:01:56 +0200] "GET /wp-content/languages/themes/user/?p=QhomeQithomeQpublic_htmlQopenaiRhr HTTP/1.1" 200 362 "-" "Mozilla/5.0 AppleWebKit/537.36 (KHTML, like Gecko; compatible; ClaudeBot/1.0; +claudebot@anthropic.com)"
216.73.217.125 - - [10/May/2026:17:01:56 +0200] "GET /wp-content/languages/themes/user/?p=QhomeQithomeQpublic_htmlQvinapetrisicRcom HTTP/1.1" 200 362 "-" "Mozilla/5.0 AppleWebKit/537.36 (KHTML, like Gecko; compatible; ClaudeBot/1.0; +claudebot@anthropic.com)"
216.73.217.125 - - [10/May/2026:17:01:57 +0200] "GET /wp-content/languages/themes/user/?p=QhomeQithomeQpublic_htmlQavio-academyRcom HTTP/1.1" 200 362 "-" "Mozilla/5.0 AppleWebKit/537.36 (KHTML, like Gecko; compatible; ClaudeBot/1.0; +claudebot@anthropic.com)"
216.73.217.125 - - [10/May/2026:17:01:57 +0200] "GET /wp-content/languages/themes/user/?p=QhomeQithomeQpublic_htmlQevrobookRrs HTTP/1.1" 200 362 "-" "Mozilla/5.0 AppleWebKit/537.36 (KHTML, like Gecko; compatible; ClaudeBot/1.0; +claudebot@anthropic.com)"
194.36.45.211 - - [10/May/2026:17:02:01 +0200] "GET /wcmipconnector/readfiles/ HTTP/1.1" 404 355 "-" "curl/7.61.1"
216.73.217.125 - - [10/May/2026:17:02:03 +0200] "GET /wp-content/languages/themes/user/?p=QhomeQithomeQpublic_htmlQsuperbrandsRhr HTTP/1.1" 200 362 "-" "Mozilla/5.0 AppleWebKit/537.36 (KHTML, like Gecko; compatible; ClaudeBot/1.0; +claudebot@anthropic.com)"
216.73.217.125 - - [10/May/2026:17:02:04 +0200] "GET /wp-content/languages/themes/user/?p=QhomeQithomeQpublic_htmlQplitvicka-jezeraRcomRhr HTTP/1.1" 200 362 "-" "Mozilla/5.0 AppleWebKit/537.36 (KHTML, like Gecko; compatible; ClaudeBot/1.0; +claudebot@anthropic.com)"
216.73.217.125 - - [10/May/2026:17:02:04 +0200] "GET /wp-content/languages/themes/user/?p=QhomeQithomeQpublic_htmlQfranctehRhr HTTP/1.1" 200 362 "-" "Mozilla/5.0 AppleWebKit/537.36 (KHTML, like Gecko; compatible; ClaudeBot/1.0; +claudebot@anthropic.com)"
216.73.217.125 - - [10/May/2026:17:02:04 +0200] "GET /wp-content/languages/themes/user/?p=QhomeQithomeQpublic_htmlQbrzitestRcomRhr HTTP/1.1" 200 362 "-" "Mozilla/5.0 AppleWebKit/537.36 (KHTML, like Gecko; compatible; ClaudeBot/1.0; +claudebot@anthropic.com)"
216.73.217.125 - - [10/May/2026:17:02:05 +0200] "GET /wp-content/languages/themes/user/?p=QhomeQithomeQpublic_htmlQvirtuabitRhr HTTP/1.1" 200 362 "-" "Mozilla/5.0 AppleWebKit/537.36 (KHTML, like Gecko; compatible; ClaudeBot/1.0; +claudebot@anthropic.com)"
216.73.217.125 - - [10/May/2026:17:02:05 +0200] "GET /wp-content/languages/themes/user/?p=QhomeQithomeQpublic_htmlQpranjeRcomRhr HTTP/1.1" 200 362 "-" "Mozilla/5.0 AppleWebKit/537.36 (KHTML, like Gecko; compatible; ClaudeBot/1.0; +claudebot@anthropic.com)"
216.73.217.125 - - [10/May/2026:17:02:19 +0200] "GET /wp-content/languages/themes/user/?p=QhomeQithomeQpublic_htmlQwwwRavio-academyRcom HTTP/1.1" 200 362 "-" "Mozilla/5.0 AppleWebKit/537.36 (KHTML, like Gecko; compatible; ClaudeBot/1.0; +claudebot@anthropic.com)"
216.73.217.125 - - [10/May/2026:17:02:20 +0200] "GET /wp-content/languages/themes/user/?p=QhomeQithomeQpublic_htmlQinperfectionRcomRhr HTTP/1.1" 200 362 "-" "Mozilla/5.0 AppleWebKit/537.36 (KHTML, like Gecko; compatible; ClaudeBot/1.0; +claudebot@anthropic.com)"
216.73.217.125 - - [10/May/2026:17:02:20 +0200] "GET /wp-content/languages/themes/user/?p=QhomeQithomeQpublic_htmlQcuvajsepsaRcomRhr HTTP/1.1" 200 362 "-" "Mozilla/5.0 AppleWebKit/537.36 (KHTML, like Gecko; compatible; ClaudeBot/1.0; +claudebot@anthropic.com)"
216.73.217.125 - - [10/May/2026:17:02:21 +0200] "GET /wp-content/languages/themes/user/?p=QhomeQithomeQpublic_htmlQmwdemo HTTP/1.1" 200 362 "-" "Mozilla/5.0 AppleWebKit/537.36 (KHTML, like Gecko; compatible; ClaudeBot/1.0; +claudebot@anthropic.com)"
216.73.217.125 - - [10/May/2026:17:02:21 +0200] "GET /wp-content/languages/themes/user/?p=QhomeQithomeQpublic_htmlQaktualRhr HTTP/1.1" 200 362 "-" "Mozilla/5.0 AppleWebKit/537.36 (KHTML, like Gecko; compatible; ClaudeBot/1.0; +claudebot@anthropic.com)"
216.73.217.125 - - [10/May/2026:17:02:22 +0200] "GET /wp-content/languages/themes/user/?p=QhomeQithomeQpublic_htmlQasoRhr HTTP/1.1" 200 362 "-" "Mozilla/5.0 AppleWebKit/537.36 (KHTML, like Gecko; compatible; ClaudeBot/1.0; +claudebot@anthropic.com)"
216.73.217.125 - - [10/May/2026:17:02:36 +0200] "GET /wp-content/languages/themes/user/?p=QhomeQithomeQpublic_htmlQitaiboatsRcom HTTP/1.1" 200 362 "-" "Mozilla/5.0 AppleWebKit/537.36 (KHTML, like Gecko; compatible; ClaudeBot/1.0; +claudebot@anthropic.com)"
216.73.217.125 - - [10/May/2026:17:02:37 +0200] "GET /wp-content/languages/themes/user/?p=QhomeQithomeQpublic_htmlQeducationRavio-academyRcom HTTP/1.1" 200 362 "-" "Mozilla/5.0 AppleWebKit/537.36 (KHTML, like Gecko; compatible; ClaudeBot/1.0; +claudebot@anthropic.com)"
216.73.217.125 - - [10/May/2026:17:02:37 +0200] "GET /wp-content/languages/themes/user/?p=QhomeQithomeQpublic_htmlQRwell-known HTTP/1.1" 200 362 "-" "Mozilla/5.0 AppleWebKit/537.36 (KHTML, like Gecko; compatible; ClaudeBot/1.0; +claudebot@anthropic.com)"
