74.7.243.248 - - [10/May/2026:18:49:13 +0200] "GET /wp-includes/class-wp-error.php HTTP/1.1" 200 0 "https://www.top-sport.hr.ithome.hr/wp-includes/" "Mozilla/5.0 AppleWebKit/537.36 (KHTML, like Gecko; compatible; GPTBot/1.3; +https://openai.com/gptbot)"
74.7.243.248 - - [10/May/2026:18:49:14 +0200] "GET /wp-includes/wp-blog-header.php HTTP/1.1" 200 0 "https://www.top-sport.hr.ithome.hr/wp-includes/" "Mozilla/5.0 AppleWebKit/537.36 (KHTML, like Gecko; compatible; GPTBot/1.3; +https://openai.com/gptbot)"
74.7.243.248 - - [10/May/2026:18:49:14 +0200] "GET /wp-includes/?C=D;O=A HTTP/1.1" 200 2998 "https://www.top-sport.hr.ithome.hr/wp-includes/" "Mozilla/5.0 AppleWebKit/537.36 (KHTML, like Gecko; compatible; GPTBot/1.3; +https://openai.com/gptbot)"
74.7.243.248 - - [10/May/2026:18:49:15 +0200] "GET /wp-includes/?C=M;O=A HTTP/1.1" 200 2925 "https://www.top-sport.hr.ithome.hr/wp-includes/" "Mozilla/5.0 AppleWebKit/537.36 (KHTML, like Gecko; compatible; GPTBot/1.3; +https://openai.com/gptbot)"
74.7.243.248 - - [10/May/2026:18:49:15 +0200] "GET /wp-includes/?C=S;O=A HTTP/1.1" 200 3055 "https://www.top-sport.hr.ithome.hr/wp-includes/" "Mozilla/5.0 AppleWebKit/537.36 (KHTML, like Gecko; compatible; GPTBot/1.3; +https://openai.com/gptbot)"
74.7.243.248 - - [10/May/2026:18:49:16 +0200] "GET /wp-includes/?C=N;O=D HTTP/1.1" 200 3057 "https://www.top-sport.hr.ithome.hr/wp-includes/" "Mozilla/5.0 AppleWebKit/537.36 (KHTML, like Gecko; compatible; GPTBot/1.3; +https://openai.com/gptbot)"
74.7.243.248 - - [10/May/2026:18:49:16 +0200] "GET /wp-admin/media-new.php HTTP/1.1" 200 303 "https://www.top-sport.hr.ithome.hr/wp-admin/" "Mozilla/5.0 AppleWebKit/537.36 (KHTML, like Gecko; compatible; GPTBot/1.3; +https://openai.com/gptbot)"
74.7.243.248 - - [10/May/2026:18:49:17 +0200] "GET /wp-admin/ms-themes.php HTTP/1.1" 200 302 "https://www.top-sport.hr.ithome.hr/wp-admin/" "Mozilla/5.0 AppleWebKit/537.36 (KHTML, like Gecko; compatible; GPTBot/1.3; +https://openai.com/gptbot)"
74.7.243.248 - - [10/May/2026:18:49:18 +0200] "GET /wp-admin/nav-menus.php HTTP/1.1" 200 303 "https://www.top-sport.hr.ithome.hr/wp-admin/" "Mozilla/5.0 AppleWebKit/537.36 (KHTML, like Gecko; compatible; GPTBot/1.3; +https://openai.com/gptbot)"
74.7.243.248 - - [10/May/2026:18:49:18 +0200] "GET /wp-includes/class-wp-http-requests-response.php HTTP/1.1" 200 227 "https://www.top-sport.hr.ithome.hr/wp-includes/" "Mozilla/5.0 AppleWebKit/537.36 (KHTML, like Gecko; compatible; GPTBot/1.3; +https://openai.com/gptbot)"
74.7.243.248 - - [10/May/2026:18:49:19 +0200] "GET /wp-includes/registration-functions.php HTTP/1.1" 200 218 "https://www.top-sport.hr.ithome.hr/wp-includes/" "Mozilla/5.0 AppleWebKit/537.36 (KHTML, like Gecko; compatible; GPTBot/1.3; +https://openai.com/gptbot)"
74.7.243.248 - - [10/May/2026:18:49:19 +0200] "GET /wp-includes/class-wp-script-modules.php HTTP/1.1" 200 0 "https://www.top-sport.hr.ithome.hr/wp-includes/" "Mozilla/5.0 AppleWebKit/537.36 (KHTML, like Gecko; compatible; GPTBot/1.3; +https://openai.com/gptbot)"
74.7.243.248 - - [10/May/2026:18:49:20 +0200] "GET /wp-includes/class-wp-session-tokens.php HTTP/1.1" 200 0 "https://www.top-sport.hr.ithome.hr/wp-includes/" "Mozilla/5.0 AppleWebKit/537.36 (KHTML, like Gecko; compatible; GPTBot/1.3; +https://openai.com/gptbot)"
74.7.243.248 - - [10/May/2026:18:49:20 +0200] "GET /wp-includes/?C=D;O=D HTTP/1.1" 200 3057 "https://www.top-sport.hr.ithome.hr/wp-includes/?C=D;O=A" "Mozilla/5.0 AppleWebKit/537.36 (KHTML, like Gecko; compatible; GPTBot/1.3; +https://openai.com/gptbot)"
74.7.243.248 - - [10/May/2026:18:49:21 +0200] "GET /wp-includes/?C=N;O=A HTTP/1.1" 200 2998 "https://www.top-sport.hr.ithome.hr/wp-includes/?C=D;O=A" "Mozilla/5.0 AppleWebKit/537.36 (KHTML, like Gecko; compatible; GPTBot/1.3; +https://openai.com/gptbot)"
74.7.243.248 - - [10/May/2026:18:49:22 +0200] "GET /wp-includes/?C=S;O=D HTTP/1.1" 200 3037 "https://www.top-sport.hr.ithome.hr/wp-includes/?C=S;O=A" "Mozilla/5.0 AppleWebKit/537.36 (KHTML, like Gecko; compatible; GPTBot/1.3; +https://openai.com/gptbot)"
74.7.243.248 - - [10/May/2026:18:49:22 +0200] "GET /wp-includes/?C=M;O=D HTTP/1.1" 200 2962 "https://www.top-sport.hr.ithome.hr/wp-includes/?C=M;O=A" "Mozilla/5.0 AppleWebKit/537.36 (KHTML, like Gecko; compatible; GPTBot/1.3; +https://openai.com/gptbot)"
74.7.243.248 - - [10/May/2026:18:49:23 +0200] "GET /wp-includes/class-wp-simplepie-file.php HTTP/1.1" 200 219 "https://www.top-sport.hr.ithome.hr/wp-includes/" "Mozilla/5.0 AppleWebKit/537.36 (KHTML, like Gecko; compatible; GPTBot/1.3; +https://openai.com/gptbot)"
74.7.243.248 - - [10/May/2026:18:49:24 +0200] "GET /wp-includes/class-wp-classic-to-block-menu-converter.php HTTP/1.1" 200 0 "https://www.top-sport.hr.ithome.hr/wp-includes/" "Mozilla/5.0 AppleWebKit/537.36 (KHTML, like Gecko; compatible; GPTBot/1.3; +https://openai.com/gptbot)"
74.7.243.248 - - [10/May/2026:18:49:24 +0200] "GET /wp-admin/ms-delete-site.php HTTP/1.1" 200 305 "https://www.top-sport.hr.ithome.hr/wp-admin/" "Mozilla/5.0 AppleWebKit/537.36 (KHTML, like Gecko; compatible; GPTBot/1.3; +https://openai.com/gptbot)"
74.7.243.248 - - [10/May/2026:18:49:25 +0200] "GET /wp-admin/?C=N;O=D HTTP/1.1" 200 1247 "https://www.top-sport.hr.ithome.hr/wp-admin/" "Mozilla/5.0 AppleWebKit/537.36 (KHTML, like Gecko; compatible; GPTBot/1.3; +https://openai.com/gptbot)"
74.7.243.248 - - [10/May/2026:18:49:26 +0200] "GET /wp-admin/?C=S;O=A HTTP/1.1" 200 1235 "https://www.top-sport.hr.ithome.hr/wp-admin/" "Mozilla/5.0 AppleWebKit/537.36 (KHTML, like Gecko; compatible; GPTBot/1.3; +https://openai.com/gptbot)"
74.7.243.248 - - [10/May/2026:18:49:26 +0200] "GET /wp-admin/?C=D;O=A HTTP/1.1" 200 1247 "https://www.top-sport.hr.ithome.hr/wp-admin/" "Mozilla/5.0 AppleWebKit/537.36 (KHTML, like Gecko; compatible; GPTBot/1.3; +https://openai.com/gptbot)"
74.7.243.248 - - [10/May/2026:18:49:27 +0200] "GET /wp-admin/?C=M;O=A HTTP/1.1" 200 1231 "https://www.top-sport.hr.ithome.hr/wp-admin/" "Mozilla/5.0 AppleWebKit/537.36 (KHTML, like Gecko; compatible; GPTBot/1.3; +https://openai.com/gptbot)"
74.7.243.248 - - [10/May/2026:18:49:28 +0200] "GET /wp-includes/class-wp-paused-extensions-storage.php HTTP/1.1" 200 0 "https://www.top-sport.hr.ithome.hr/wp-includes/" "Mozilla/5.0 AppleWebKit/537.36 (KHTML, like Gecko; compatible; GPTBot/1.3; +https://openai.com/gptbot)"
74.7.243.248 - - [10/May/2026:18:49:28 +0200] "GET /wp-includes/class-wp-plugin-dependencies.php HTTP/1.1" 200 0 "https://www.top-sport.hr.ithome.hr/wp-includes/" "Mozilla/5.0 AppleWebKit/537.36 (KHTML, like Gecko; compatible; GPTBot/1.3; +https://openai.com/gptbot)"
74.7.243.248 - - [10/May/2026:18:49:29 +0200] "GET /wp-content/upgrade-temp-backup/ HTTP/1.1" 200 360 "https://www.top-sport.hr.ithome.hr/wp-content/" "Mozilla/5.0 AppleWebKit/537.36 (KHTML, like Gecko; compatible; GPTBot/1.3; +https://openai.com/gptbot)"
74.7.243.248 - - [10/May/2026:18:49:30 +0200] "GET /wp-includes/class-wp-text-diff-renderer-inline.php HTTP/1.1" 200 230 "https://www.top-sport.hr.ithome.hr/wp-includes/" "Mozilla/5.0 AppleWebKit/537.36 (KHTML, like Gecko; compatible; GPTBot/1.3; +https://openai.com/gptbot)"
216.73.217.125 - - [10/May/2026:18:49:30 +0200] "GET /wp-content/themes/Divi/core/i18n/?C=S&O=A HTTP/1.1" 200 362 "-" "Mozilla/5.0 AppleWebKit/537.36 (KHTML, like Gecko; compatible; ClaudeBot/1.0; +claudebot@anthropic.com)"
74.7.243.248 - - [10/May/2026:18:49:30 +0200] "GET /wp-admin/upgrade-functions.php HTTP/1.1" 200 215 "https://www.top-sport.hr.ithome.hr/wp-admin/" "Mozilla/5.0 AppleWebKit/537.36 (KHTML, like Gecko; compatible; GPTBot/1.3; +https://openai.com/gptbot)"
74.7.243.248 - - [10/May/2026:18:49:31 +0200] "GET /wp-admin/?C=N;O=A HTTP/1.1" 200 1247 "https://www.top-sport.hr.ithome.hr/wp-admin/?C=N;O=D" "Mozilla/5.0 AppleWebKit/537.36 (KHTML, like Gecko; compatible; GPTBot/1.3; +https://openai.com/gptbot)"
74.7.243.248 - - [10/May/2026:18:49:31 +0200] "GET /wp-admin/?C=S;O=D HTTP/1.1" 200 1233 "https://www.top-sport.hr.ithome.hr/wp-admin/?C=S;O=A" "Mozilla/5.0 AppleWebKit/537.36 (KHTML, like Gecko; compatible; GPTBot/1.3; +https://openai.com/gptbot)"
74.7.243.248 - - [10/May/2026:18:49:32 +0200] "GET /wp-includes/class-phpass.php HTTP/1.1" 200 0 "https://www.top-sport.hr.ithome.hr/wp-includes/" "Mozilla/5.0 AppleWebKit/537.36 (KHTML, like Gecko; compatible; GPTBot/1.3; +https://openai.com/gptbot)"
74.7.243.248 - - [10/May/2026:18:49:33 +0200] "GET /wp-includes/class-wp-speculation-rules.php HTTP/1.1" 200 0 "https://www.top-sport.hr.ithome.hr/wp-includes/" "Mozilla/5.0 AppleWebKit/537.36 (KHTML, like Gecko; compatible; GPTBot/1.3; +https://openai.com/gptbot)"
74.7.243.248 - - [10/May/2026:18:49:33 +0200] "GET /wp-content/themes/ HTTP/1.1" 200 420 "https://www.top-sport.hr.ithome.hr/wp-content/" "Mozilla/5.0 AppleWebKit/537.36 (KHTML, like Gecko; compatible; GPTBot/1.3; +https://openai.com/gptbot)"
74.7.243.248 - - [10/May/2026:18:49:34 +0200] "GET /wp-admin/?C=M;O=D HTTP/1.1" 200 1216 "https://www.top-sport.hr.ithome.hr/wp-admin/?C=M;O=A" "Mozilla/5.0 AppleWebKit/537.36 (KHTML, like Gecko; compatible; GPTBot/1.3; +https://openai.com/gptbot)"
74.7.243.248 - - [10/May/2026:18:49:35 +0200] "GET /wp-includes/class-wp-recovery-mode-cookie-service.php HTTP/1.1" 200 0 "https://www.top-sport.hr.ithome.hr/wp-includes/" "Mozilla/5.0 AppleWebKit/537.36 (KHTML, like Gecko; compatible; GPTBot/1.3; +https://openai.com/gptbot)"
74.7.243.248 - - [10/May/2026:18:49:35 +0200] "GET /wp-admin/?C=D;O=D HTTP/1.1" 200 1247 "https://www.top-sport.hr.ithome.hr/wp-admin/?C=D;O=A" "Mozilla/5.0 AppleWebKit/537.36 (KHTML, like Gecko; compatible; GPTBot/1.3; +https://openai.com/gptbot)"
74.7.243.248 - - [10/May/2026:18:49:36 +0200] "GET /wp-includes/ms-default-constants.php HTTP/1.1" 200 0 "https://www.top-sport.hr.ithome.hr/wp-includes/" "Mozilla/5.0 AppleWebKit/537.36 (KHTML, like Gecko; compatible; GPTBot/1.3; +https://openai.com/gptbot)"
74.7.243.248 - - [10/May/2026:18:49:37 +0200] "GET /wp-includes/embed-template.php HTTP/1.1" 200 217 "https://www.top-sport.hr.ithome.hr/wp-includes/" "Mozilla/5.0 AppleWebKit/537.36 (KHTML, like Gecko; compatible; GPTBot/1.3; +https://openai.com/gptbot)"
74.7.243.248 - - [10/May/2026:18:49:37 +0200] "GET /wp-content/?C=S;O=A HTTP/1.1" 200 504 "https://www.top-sport.hr.ithome.hr/wp-content/" "Mozilla/5.0 AppleWebKit/537.36 (KHTML, like Gecko; compatible; GPTBot/1.3; +https://openai.com/gptbot)"
74.7.243.248 - - [10/May/2026:18:49:38 +0200] "GET /wp-content/?C=D;O=A HTTP/1.1" 200 503 "https://www.top-sport.hr.ithome.hr/wp-content/" "Mozilla/5.0 AppleWebKit/537.36 (KHTML, like Gecko; compatible; GPTBot/1.3; +https://openai.com/gptbot)"
74.7.243.248 - - [10/May/2026:18:49:39 +0200] "GET /wp-content/?C=N;O=D HTTP/1.1" 200 511 "https://www.top-sport.hr.ithome.hr/wp-content/" "Mozilla/5.0 AppleWebKit/537.36 (KHTML, like Gecko; compatible; GPTBot/1.3; +https://openai.com/gptbot)"
74.7.243.248 - - [10/May/2026:18:49:39 +0200] "GET /wp-content/?C=M;O=A HTTP/1.1" 200 504 "https://www.top-sport.hr.ithome.hr/wp-content/" "Mozilla/5.0 AppleWebKit/537.36 (KHTML, like Gecko; compatible; GPTBot/1.3; +https://openai.com/gptbot)"
74.7.243.248 - - [10/May/2026:18:49:40 +0200] "GET /wp-admin/options-general.php HTTP/1.1" 200 305 "https://www.top-sport.hr.ithome.hr/wp-admin/" "Mozilla/5.0 AppleWebKit/537.36 (KHTML, like Gecko; compatible; GPTBot/1.3; +https://openai.com/gptbot)"
74.7.243.248 - - [10/May/2026:18:49:40 +0200] "GET /wp-content/themes/divi-minimalist-blog-theme/ HTTP/1.1" 200 368 "https://www.top-sport.hr.ithome.hr/wp-content/themes/" "Mozilla/5.0 AppleWebKit/537.36 (KHTML, like Gecko; compatible; GPTBot/1.3; +https://openai.com/gptbot)"
74.7.243.248 - - [10/May/2026:18:49:41 +0200] "GET /wp-admin/options-reading.php HTTP/1.1" 200 305 "https://www.top-sport.hr.ithome.hr/wp-admin/" "Mozilla/5.0 AppleWebKit/537.36 (KHTML, like Gecko; compatible; GPTBot/1.3; +https://openai.com/gptbot)"
74.7.243.248 - - [10/May/2026:18:49:42 +0200] "GET /wp-admin/options-writing.php HTTP/1.1" 200 306 "https://www.top-sport.hr.ithome.hr/wp-admin/" "Mozilla/5.0 AppleWebKit/537.36 (KHTML, like Gecko; compatible; GPTBot/1.3; +https://openai.com/gptbot)"
216.73.217.125 - - [10/May/2026:18:49:42 +0200] "GET /wp-content/themes/Divi/ai-app/build/?C=N&O=D HTTP/1.1" 200 363 "-" "Mozilla/5.0 AppleWebKit/537.36 (KHTML, like Gecko; compatible; ClaudeBot/1.0; +claudebot@anthropic.com)"
74.7.243.248 - - [10/May/2026:18:49:42 +0200] "GET /wp-includes/class-wp-block-template.php HTTP/1.1" 200 0 "https://www.top-sport.hr.ithome.hr/wp-includes/" "Mozilla/5.0 AppleWebKit/537.36 (KHTML, like Gecko; compatible; GPTBot/1.3; +https://openai.com/gptbot)"
74.7.243.248 - - [10/May/2026:18:49:43 +0200] "GET /wp-admin/edit-link-form.php HTTP/1.1" 200 33 "https://www.top-sport.hr.ithome.hr/wp-admin/" "Mozilla/5.0 AppleWebKit/537.36 (KHTML, like Gecko; compatible; GPTBot/1.3; +https://openai.com/gptbot)"
74.7.243.248 - - [10/May/2026:18:49:44 +0200] "GET /wp-admin/link-parse-opml.php HTTP/1.1" 200 0 "https://www.top-sport.hr.ithome.hr/wp-admin/" "Mozilla/5.0 AppleWebKit/537.36 (KHTML, like Gecko; compatible; GPTBot/1.3; +https://openai.com/gptbot)"
74.7.243.248 - - [10/May/2026:18:49:44 +0200] "GET /wp-content/?C=N;O=A HTTP/1.1" 200 503 "https://www.top-sport.hr.ithome.hr/wp-content/?C=S;O=A" "Mozilla/5.0 AppleWebKit/537.36 (KHTML, like Gecko; compatible; GPTBot/1.3; +https://openai.com/gptbot)"
74.7.243.248 - - [10/May/2026:18:49:45 +0200] "GET /wp-content/?C=D;O=D HTTP/1.1" 200 511 "https://www.top-sport.hr.ithome.hr/wp-content/?C=D;O=A" "Mozilla/5.0 AppleWebKit/537.36 (KHTML, like Gecko; compatible; GPTBot/1.3; +https://openai.com/gptbot)"
74.7.243.248 - - [10/May/2026:18:49:46 +0200] "GET /wp-content/?C=S;O=D HTTP/1.1" 200 511 "https://www.top-sport.hr.ithome.hr/wp-content/?C=S;O=A" "Mozilla/5.0 AppleWebKit/537.36 (KHTML, like Gecko; compatible; GPTBot/1.3; +https://openai.com/gptbot)"
74.7.243.248 - - [10/May/2026:18:49:46 +0200] "GET /wp-content/?C=M;O=D HTTP/1.1" 200 507 "https://www.top-sport.hr.ithome.hr/wp-content/?C=M;O=A" "Mozilla/5.0 AppleWebKit/537.36 (KHTML, like Gecko; compatible; GPTBot/1.3; +https://openai.com/gptbot)"
74.7.243.248 - - [10/May/2026:18:49:47 +0200] "GET /wp-includes/class-wp-block-supports.php HTTP/1.1" 200 0 "https://www.top-sport.hr.ithome.hr/wp-includes/" "Mozilla/5.0 AppleWebKit/537.36 (KHTML, like Gecko; compatible; GPTBot/1.3; +https://openai.com/gptbot)"
74.7.243.248 - - [10/May/2026:18:49:48 +0200] "GET /wp-includes/class-wp-http-response.php HTTP/1.1" 200 0 "https://www.top-sport.hr.ithome.hr/wp-includes/" "Mozilla/5.0 AppleWebKit/537.36 (KHTML, like Gecko; compatible; GPTBot/1.3; +https://openai.com/gptbot)"
74.7.243.248 - - [10/May/2026:18:49:48 +0200] "GET /wp-includes/class-wp-xmlrpc-server.php HTTP/1.1" 200 219 "https://www.top-sport.hr.ithome.hr/wp-includes/" "Mozilla/5.0 AppleWebKit/537.36 (KHTML, like Gecko; compatible; GPTBot/1.3; +https://openai.com/gptbot)"
74.7.243.248 - - [10/May/2026:18:49:49 +0200] "GET /wp-includes/class-wp-http-requests-hooks.php HTTP/1.1" 200 227 "https://www.top-sport.hr.ithome.hr/wp-includes/" "Mozilla/5.0 AppleWebKit/537.36 (KHTML, like Gecko; compatible; GPTBot/1.3; +https://openai.com/gptbot)"
74.7.243.248 - - [10/May/2026:18:49:50 +0200] "GET /wp-includes/class-wp-customize-nav-menus.php HTTP/1.1" 200 0 "https://www.top-sport.hr.ithome.hr/wp-includes/" "Mozilla/5.0 AppleWebKit/537.36 (KHTML, like Gecko; compatible; GPTBot/1.3; +https://openai.com/gptbot)"
74.7.243.248 - - [10/May/2026:18:49:50 +0200] "GET /wp-includes/spl-autoload-compat.php HTTP/1.1" 200 221 "https://www.top-sport.hr.ithome.hr/wp-includes/" "Mozilla/5.0 AppleWebKit/537.36 (KHTML, like Gecko; compatible; GPTBot/1.3; +https://openai.com/gptbot)"
74.7.243.248 - - [10/May/2026:18:49:51 +0200] "GET /wp-includes/class-wp-embed.php HTTP/1.1" 200 0 "https://www.top-sport.hr.ithome.hr/wp-includes/" "Mozilla/5.0 AppleWebKit/537.36 (KHTML, like Gecko; compatible; GPTBot/1.3; +https://openai.com/gptbot)"
74.7.243.248 - - [10/May/2026:18:49:51 +0200] "GET /wp-includes/block-template-utils.php HTTP/1.1" 200 0 "https://www.top-sport.hr.ithome.hr/wp-includes/" "Mozilla/5.0 AppleWebKit/537.36 (KHTML, like Gecko; compatible; GPTBot/1.3; +https://openai.com/gptbot)"
74.7.243.248 - - [10/May/2026:18:49:52 +0200] "GET /wp-includes/class-wp-metadata-lazyloader.php HTTP/1.1" 200 0 "https://www.top-sport.hr.ithome.hr/wp-includes/" "Mozilla/5.0 AppleWebKit/537.36 (KHTML, like Gecko; compatible; GPTBot/1.3; +https://openai.com/gptbot)"
74.7.243.248 - - [10/May/2026:18:49:53 +0200] "GET /wp-includes/class-wp-navigation-fallback.php HTTP/1.1" 200 0 "https://www.top-sport.hr.ithome.hr/wp-includes/" "Mozilla/5.0 AppleWebKit/537.36 (KHTML, like Gecko; compatible; GPTBot/1.3; +https://openai.com/gptbot)"
74.7.243.248 - - [10/May/2026:18:49:53 +0200] "GET /wp-includes/pluggable-deprecated.php HTTP/1.1" 200 0 "https://www.top-sport.hr.ithome.hr/wp-includes/" "Mozilla/5.0 AppleWebKit/537.36 (KHTML, like Gecko; compatible; GPTBot/1.3; +https://openai.com/gptbot)"
74.7.243.248 - - [10/May/2026:18:49:54 +0200] "GET /wp-admin/custom-background.php HTTP/1.1" 200 33 "https://www.top-sport.hr.ithome.hr/wp-admin/" "Mozilla/5.0 AppleWebKit/537.36 (KHTML, like Gecko; compatible; GPTBot/1.3; +https://openai.com/gptbot)"
74.7.243.248 - - [10/May/2026:18:49:55 +0200] "GET /wp-admin/js/ HTTP/1.1" 200 1417 "https://www.top-sport.hr.ithome.hr/wp-admin/" "Mozilla/5.0 AppleWebKit/537.36 (KHTML, like Gecko; compatible; GPTBot/1.3; +https://openai.com/gptbot)"
74.7.243.248 - - [10/May/2026:18:49:55 +0200] "GET /wp-admin/options-permalink.php HTTP/1.1" 200 307 "https://www.top-sport.hr.ithome.hr/wp-admin/" "Mozilla/5.0 AppleWebKit/537.36 (KHTML, like Gecko; compatible; GPTBot/1.3; +https://openai.com/gptbot)"
182.43.184.15 - - [10/May/2026:18:49:56 +0200] "GET /wp-login.php HTTP/1.1" 404 47 "-" "Apache-HttpClient/4.5.2 (Java/1.8.0_161)"
74.7.243.248 - - [10/May/2026:18:49:56 +0200] "GET /wp-admin/themes.php HTTP/1.1" 200 299 "https://www.top-sport.hr.ithome.hr/wp-admin/" "Mozilla/5.0 AppleWebKit/537.36 (KHTML, like Gecko; compatible; GPTBot/1.3; +https://openai.com/gptbot)"
74.7.243.248 - - [10/May/2026:18:49:56 +0200] "GET /wp-admin/upload.php HTTP/1.1" 200 299 "https://www.top-sport.hr.ithome.hr/wp-admin/" "Mozilla/5.0 AppleWebKit/537.36 (KHTML, like Gecko; compatible; GPTBot/1.3; +https://openai.com/gptbot)"
74.7.243.248 - - [10/May/2026:18:49:57 +0200] "GET /wp-admin/import.php HTTP/1.1" 200 299 "https://www.top-sport.hr.ithome.hr/wp-admin/" "Mozilla/5.0 AppleWebKit/537.36 (KHTML, like Gecko; compatible; GPTBot/1.3; +https://openai.com/gptbot)"
74.7.243.248 - - [10/May/2026:18:49:58 +0200] "GET /wp-admin/export-personal-data.php HTTP/1.1" 200 309 "https://www.top-sport.hr.ithome.hr/wp-admin/" "Mozilla/5.0 AppleWebKit/537.36 (KHTML, like Gecko; compatible; GPTBot/1.3; +https://openai.com/gptbot)"
74.7.243.248 - - [10/May/2026:18:49:58 +0200] "GET /wp-includes/class-wp-customize-widgets.php HTTP/1.1" 200 0 "https://www.top-sport.hr.ithome.hr/wp-includes/" "Mozilla/5.0 AppleWebKit/537.36 (KHTML, like Gecko; compatible; GPTBot/1.3; +https://openai.com/gptbot)"
74.7.243.248 - - [10/May/2026:18:49:59 +0200] "GET /wp-includes/class-wp-customize-manager.php HTTP/1.1" 200 0 "https://www.top-sport.hr.ithome.hr/wp-includes/" "Mozilla/5.0 AppleWebKit/537.36 (KHTML, like Gecko; compatible; GPTBot/1.3; +https://openai.com/gptbot)"
74.7.243.248 - - [10/May/2026:18:50:00 +0200] "GET /wp-includes/class-wp-customize-setting.php HTTP/1.1" 200 33 "https://www.top-sport.hr.ithome.hr/wp-includes/" "Mozilla/5.0 AppleWebKit/537.36 (KHTML, like Gecko; compatible; GPTBot/1.3; +https://openai.com/gptbot)"
74.7.243.248 - - [10/May/2026:18:50:00 +0200] "GET /wp-includes/class-wp-customize-section.php HTTP/1.1" 200 225 "https://www.top-sport.hr.ithome.hr/wp-includes/" "Mozilla/5.0 AppleWebKit/537.36 (KHTML, like Gecko; compatible; GPTBot/1.3; +https://openai.com/gptbot)"
74.7.243.248 - - [10/May/2026:18:50:01 +0200] "GET /wp-includes/class-walker-page-dropdown.php HTTP/1.1" 200 217 "https://www.top-sport.hr.ithome.hr/wp-includes/" "Mozilla/5.0 AppleWebKit/537.36 (KHTML, like Gecko; compatible; GPTBot/1.3; +https://openai.com/gptbot)"
216.73.217.125 - - [10/May/2026:18:50:01 +0200] "GET /wp-content/themes/Divi/core/i18n/?C=D&O=A HTTP/1.1" 200 362 "-" "Mozilla/5.0 AppleWebKit/537.36 (KHTML, like Gecko; compatible; ClaudeBot/1.0; +claudebot@anthropic.com)"
74.7.243.248 - - [10/May/2026:18:50:02 +0200] "GET /wp-admin/js/inline-edit-post.min.js HTTP/1.1" 200 3331 "https://www.top-sport.hr.ithome.hr/wp-admin/js/" "Mozilla/5.0 AppleWebKit/537.36 (KHTML, like Gecko; compatible; GPTBot/1.3; +https://openai.com/gptbot)"
194.36.45.211 - - [10/May/2026:18:50:02 +0200] "GET /wcmipconnector/readfiles/ HTTP/1.1" 404 355 "-" "curl/7.61.1"
74.7.243.248 - - [10/May/2026:18:50:02 +0200] "GET /wp-admin/js/post.js HTTP/1.1" 200 11894 "https://www.top-sport.hr.ithome.hr/wp-admin/js/" "Mozilla/5.0 AppleWebKit/537.36 (KHTML, like Gecko; compatible; GPTBot/1.3; +https://openai.com/gptbot)"
74.7.243.248 - - [10/May/2026:18:50:03 +0200] "GET /wp-admin/js/set-post-thumbnail.js HTTP/1.1" 200 499 "https://www.top-sport.hr.ithome.hr/wp-admin/js/" "Mozilla/5.0 AppleWebKit/537.36 (KHTML, like Gecko; compatible; GPTBot/1.3; +https://openai.com/gptbot)"
74.7.243.248 - - [10/May/2026:18:50:03 +0200] "GET /wp-admin/js/customize-nav-menus.min.js HTTP/1.1" 200 12197 "https://www.top-sport.hr.ithome.hr/wp-admin/js/" "Mozilla/5.0 AppleWebKit/537.36 (KHTML, like Gecko; compatible; GPTBot/1.3; +https://openai.com/gptbot)"
74.7.243.248 - - [10/May/2026:18:50:04 +0200] "GET /wp-admin/js/theme-plugin-editor.min.js HTTP/1.1" 200 3701 "https://www.top-sport.hr.ithome.hr/wp-admin/js/" "Mozilla/5.0 AppleWebKit/537.36 (KHTML, like Gecko; compatible; GPTBot/1.3; +https://openai.com/gptbot)"
74.7.243.248 - - [10/May/2026:18:50:05 +0200] "GET /wp-admin/js/accordion.min.js HTTP/1.1" 200 374 "https://www.top-sport.hr.ithome.hr/wp-admin/js/" "Mozilla/5.0 AppleWebKit/537.36 (KHTML, like Gecko; compatible; GPTBot/1.3; +https://openai.com/gptbot)"
74.7.243.248 - - [10/May/2026:18:50:05 +0200] "GET /wp-admin/js/revisions.min.js HTTP/1.1" 200 4975 "https://www.top-sport.hr.ithome.hr/wp-admin/js/" "Mozilla/5.0 AppleWebKit/537.36 (KHTML, like Gecko; compatible; GPTBot/1.3; +https://openai.com/gptbot)"
74.7.243.248 - - [10/May/2026:18:50:06 +0200] "GET /wp-admin/js/privacy-tools.js HTTP/1.1" 200 2801 "https://www.top-sport.hr.ithome.hr/wp-admin/js/" "Mozilla/5.0 AppleWebKit/537.36 (KHTML, like Gecko; compatible; GPTBot/1.3; +https://openai.com/gptbot)"
74.7.243.248 - - [10/May/2026:18:50:07 +0200] "GET /wp-admin/js/dashboard.min.js HTTP/1.1" 200 3108 "https://www.top-sport.hr.ithome.hr/wp-admin/js/" "Mozilla/5.0 AppleWebKit/537.36 (KHTML, like Gecko; compatible; GPTBot/1.3; +https://openai.com/gptbot)"
74.7.243.248 - - [10/May/2026:18:50:07 +0200] "GET /wp-admin/js/custom-background.min.js HTTP/1.1" 200 553 "https://www.top-sport.hr.ithome.hr/wp-admin/js/" "Mozilla/5.0 AppleWebKit/537.36 (KHTML, like Gecko; compatible; GPTBot/1.3; +https://openai.com/gptbot)"
74.7.243.248 - - [10/May/2026:18:50:08 +0200] "GET /wp-admin/js/customize-widgets.min.js HTTP/1.1" 200 8113 "https://www.top-sport.hr.ithome.hr/wp-admin/js/" "Mozilla/5.0 AppleWebKit/537.36 (KHTML, like Gecko; compatible; GPTBot/1.3; +https://openai.com/gptbot)"
66.249.69.103 - - [10/May/2026:18:50:08 +0200] "GET /faction/collection/ekpamqd52adnlnu.shtml HTTP/1.1" 404 277 "-" "Mozilla/5.0 (Linux; Android 6.0.1; Nexus 5X Build/MMB29P) AppleWebKit/537.36 (KHTML, like Gecko) Chrome/147.0.7727.137 Mobile Safari/537.36 (compatible; Googlebot/2.1; +http://www.google.com/bot.html)"
74.7.243.248 - - [10/May/2026:18:50:08 +0200] "GET /wp-admin/js/language-chooser.min.js HTTP/1.1" 200 285 "https://www.top-sport.hr.ithome.hr/wp-admin/js/" "Mozilla/5.0 AppleWebKit/537.36 (KHTML, like Gecko; compatible; GPTBot/1.3; +https://openai.com/gptbot)"
74.7.243.248 - - [10/May/2026:18:50:09 +0200] "GET /wp-admin/js/auth-app.min.js HTTP/1.1" 200 981 "https://www.top-sport.hr.ithome.hr/wp-admin/js/" "Mozilla/5.0 AppleWebKit/537.36 (KHTML, like Gecko; compatible; GPTBot/1.3; +https://openai.com/gptbot)"
74.7.243.248 - - [10/May/2026:18:50:10 +0200] "GET /wp-admin/js/password-strength-meter.js HTTP/1.1" 200 1519 "https://www.top-sport.hr.ithome.hr/wp-admin/js/" "Mozilla/5.0 AppleWebKit/537.36 (KHTML, like Gecko; compatible; GPTBot/1.3; +https://openai.com/gptbot)"
74.7.243.248 - - [10/May/2026:18:50:10 +0200] "GET /wp-admin/media-upload.php HTTP/1.1" 200 305 "https://www.top-sport.hr.ithome.hr/wp-admin/" "Mozilla/5.0 AppleWebKit/537.36 (KHTML, like Gecko; compatible; GPTBot/1.3; +https://openai.com/gptbot)"
74.7.243.248 - - [10/May/2026:18:50:11 +0200] "GET /wp-admin/link-manager.php HTTP/1.1" 200 305 "https://www.top-sport.hr.ithome.hr/wp-admin/" "Mozilla/5.0 AppleWebKit/537.36 (KHTML, like Gecko; compatible; GPTBot/1.3; +https://openai.com/gptbot)"
74.7.243.248 - - [10/May/2026:18:50:12 +0200] "GET /wp-admin/theme-editor.php HTTP/1.1" 200 305 "https://www.top-sport.hr.ithome.hr/wp-admin/" "Mozilla/5.0 AppleWebKit/537.36 (KHTML, like Gecko; compatible; GPTBot/1.3; +https://openai.com/gptbot)"
74.7.243.248 - - [10/May/2026:18:50:12 +0200] "GET /wp-admin/options-head.php HTTP/1.1" 200 33 "https://www.top-sport.hr.ithome.hr/wp-admin/" "Mozilla/5.0 AppleWebKit/537.36 (KHTML, like Gecko; compatible; GPTBot/1.3; +https://openai.com/gptbot)"
74.7.243.248 - - [10/May/2026:18:50:13 +0200] "GET /wp-admin/customize.php HTTP/1.1" 200 303 "https://www.top-sport.hr.ithome.hr/wp-admin/" "Mozilla/5.0 AppleWebKit/537.36 (KHTML, like Gecko; compatible; GPTBot/1.3; +https://openai.com/gptbot)"
74.7.243.248 - - [10/May/2026:18:50:14 +0200] "GET /images/toggige-arrow.jpg HTTP/1.1" 200 29842 "https://www.top-sport.hr.ithome.hr/images/" "Mozilla/5.0 AppleWebKit/537.36 (KHTML, like Gecko; compatible; GPTBot/1.3; +https://openai.com/gptbot)"
74.7.243.248 - - [10/May/2026:18:50:14 +0200] "GET /wp-admin/js/site-health.min.js HTTP/1.1" 200 2215 "https://www.top-sport.hr.ithome.hr/wp-admin/js/" "Mozilla/5.0 AppleWebKit/537.36 (KHTML, like Gecko; compatible; GPTBot/1.3; +https://openai.com/gptbot)"
74.7.243.248 - - [10/May/2026:18:50:15 +0200] "GET /wp-admin/js/svg-painter.min.js HTTP/1.1" 200 787 "https://www.top-sport.hr.ithome.hr/wp-admin/js/" "Mozilla/5.0 AppleWebKit/537.36 (KHTML, like Gecko; compatible; GPTBot/1.3; +https://openai.com/gptbot)"
74.7.243.248 - - [10/May/2026:18:50:16 +0200] "GET /wp-admin/js/code-editor.min.js HTTP/1.1" 200 1312 "https://www.top-sport.hr.ithome.hr/wp-admin/js/" "Mozilla/5.0 AppleWebKit/537.36 (KHTML, like Gecko; compatible; GPTBot/1.3; +https://openai.com/gptbot)"
74.7.243.248 - - [10/May/2026:18:50:16 +0200] "GET /wp-admin/js/?C=M;O=A HTTP/1.1" 200 1433 "https://www.top-sport.hr.ithome.hr/wp-admin/js/" "Mozilla/5.0 AppleWebKit/537.36 (KHTML, like Gecko; compatible; GPTBot/1.3; +https://openai.com/gptbot)"
74.7.243.248 - - [10/May/2026:18:50:17 +0200] "GET /wp-admin/js/?C=S;O=A HTTP/1.1" 200 1454 "https://www.top-sport.hr.ithome.hr/wp-admin/js/" "Mozilla/5.0 AppleWebKit/537.36 (KHTML, like Gecko; compatible; GPTBot/1.3; +https://openai.com/gptbot)"
74.7.243.248 - - [10/May/2026:18:50:18 +0200] "GET /wp-admin/js/?C=N;O=D HTTP/1.1" 200 1418 "https://www.top-sport.hr.ithome.hr/wp-admin/js/" "Mozilla/5.0 AppleWebKit/537.36 (KHTML, like Gecko; compatible; GPTBot/1.3; +https://openai.com/gptbot)"
74.7.243.248 - - [10/May/2026:18:50:18 +0200] "GET /wp-admin/js/?C=D;O=A HTTP/1.1" 200 1417 "https://www.top-sport.hr.ithome.hr/wp-admin/js/" "Mozilla/5.0 AppleWebKit/537.36 (KHTML, like Gecko; compatible; GPTBot/1.3; +https://openai.com/gptbot)"
74.7.243.248 - - [10/May/2026:18:50:19 +0200] "GET /wp-includes/class-wp-recovery-mode.php HTTP/1.1" 200 0 "https://www.top-sport.hr.ithome.hr/wp-includes/" "Mozilla/5.0 AppleWebKit/537.36 (KHTML, like Gecko; compatible; GPTBot/1.3; +https://openai.com/gptbot)"
74.7.243.248 - - [10/May/2026:18:50:19 +0200] "GET /wp-includes/class-wp-http-encoding.php HTTP/1.1" 200 0 "https://www.top-sport.hr.ithome.hr/wp-includes/" "Mozilla/5.0 AppleWebKit/537.36 (KHTML, like Gecko; compatible; GPTBot/1.3; +https://openai.com/gptbot)"
74.7.243.248 - - [10/May/2026:18:50:20 +0200] "GET /wp-includes/block-template.php HTTP/1.1" 200 0 "https://www.top-sport.hr.ithome.hr/wp-includes/" "Mozilla/5.0 AppleWebKit/537.36 (KHTML, like Gecko; compatible; GPTBot/1.3; +https://openai.com/gptbot)"
74.7.243.248 - - [10/May/2026:18:50:21 +0200] "GET /wp-includes/script-modules.php HTTP/1.1" 200 0 "https://www.top-sport.hr.ithome.hr/wp-includes/" "Mozilla/5.0 AppleWebKit/537.36 (KHTML, like Gecko; compatible; GPTBot/1.3; +https://openai.com/gptbot)"
74.7.243.248 - - [10/May/2026:18:50:21 +0200] "GET /wp-includes/block-bindings.php HTTP/1.1" 200 0 "https://www.top-sport.hr.ithome.hr/wp-includes/" "Mozilla/5.0 AppleWebKit/537.36 (KHTML, like Gecko; compatible; GPTBot/1.3; +https://openai.com/gptbot)"
74.7.243.248 - - [10/May/2026:18:50:22 +0200] "GET /wp-includes/block-patterns.php HTTP/1.1" 200 216 "https://www.top-sport.hr.ithome.hr/wp-includes/" "Mozilla/5.0 AppleWebKit/537.36 (KHTML, like Gecko; compatible; GPTBot/1.3; +https://openai.com/gptbot)"
74.7.243.248 - - [10/May/2026:18:50:23 +0200] "GET /wp-content/upgrade/ HTTP/1.1" 200 352 "https://www.top-sport.hr.ithome.hr/wp-content/" "Mozilla/5.0 AppleWebKit/537.36 (KHTML, like Gecko; compatible; GPTBot/1.3; +https://openai.com/gptbot)"
74.7.243.248 - - [10/May/2026:18:50:23 +0200] "GET /wp-admin/js/?C=N;O=A HTTP/1.1" 200 1417 "https://www.top-sport.hr.ithome.hr/wp-admin/js/?C=M;O=A" "Mozilla/5.0 AppleWebKit/537.36 (KHTML, like Gecko; compatible; GPTBot/1.3; +https://openai.com/gptbot)"
74.7.243.248 - - [10/May/2026:18:50:24 +0200] "GET /wp-admin/js/?C=S;O=D HTTP/1.1" 200 1444 "https://www.top-sport.hr.ithome.hr/wp-admin/js/?C=S;O=A" "Mozilla/5.0 AppleWebKit/537.36 (KHTML, like Gecko; compatible; GPTBot/1.3; +https://openai.com/gptbot)"
182.43.184.15 - - [10/May/2026:18:50:24 +0200] "GET /?author=1 HTTP/1.1" 200 418 "-" "Apache-HttpClient/4.5.2 (Java/1.8.0_161)"
67.73.243.12 - - [10/May/2026:18:50:24 +0200] "GET /wp-json/wp/v2/users HTTP/1.1" 404 277 "-" "Mozilla/5.0 (Windows NT 10.0; Win64; x64; rv:91.0) Gecko/20100101 Firefox/91.0"
182.43.184.15 - - [10/May/2026:18:50:24 +0200] "GET /?author=2 HTTP/1.1" 200 418 "-" "Apache-HttpClient/4.5.2 (Java/1.8.0_161)"
74.7.243.248 - - [10/May/2026:18:50:25 +0200] "GET /wp-admin/js/?C=M;O=D HTTP/1.1" 200 1414 "https://www.top-sport.hr.ithome.hr/wp-admin/js/?C=M;O=A" "Mozilla/5.0 AppleWebKit/537.36 (KHTML, like Gecko; compatible; GPTBot/1.3; +https://openai.com/gptbot)"
182.43.184.15 - - [10/May/2026:18:50:25 +0200] "GET /?author=3 HTTP/1.1" 200 418 "-" "Apache-HttpClient/4.5.2 (Java/1.8.0_161)"
67.73.243.12 - - [10/May/2026:18:50:25 +0200] "GET /?author=1 HTTP/1.1" 200 418 "-" "Mozilla/5.0 (Windows NT 10.0; Win64; x64; rv:43.0) Gecko/20100101 Firefox/43.0"
182.43.184.15 - - [10/May/2026:18:50:25 +0200] "GET /?author=4 HTTP/1.1" 200 418 "-" "Apache-HttpClient/4.5.2 (Java/1.8.0_161)"
74.7.243.248 - - [10/May/2026:18:50:25 +0200] "GET /wp-admin/js/?C=D;O=D HTTP/1.1" 200 1418 "https://www.top-sport.hr.ithome.hr/wp-admin/js/?C=D;O=A" "Mozilla/5.0 AppleWebKit/537.36 (KHTML, like Gecko; compatible; GPTBot/1.3; +https://openai.com/gptbot)"
182.43.184.15 - - [10/May/2026:18:50:25 +0200] "GET /?author=5 HTTP/1.1" 200 418 "-" "Apache-HttpClient/4.5.2 (Java/1.8.0_161)"
67.73.243.12 - - [10/May/2026:18:50:25 +0200] "GET /?author=2 HTTP/1.1" 200 418 "-" "Mozilla/5.0 (Windows NT 10.0; Win64; x64; rv:94.0) Gecko/20100101 Firefox/94.0"
182.43.184.15 - - [10/May/2026:18:50:26 +0200] "GET /?author=6 HTTP/1.1" 200 418 "-" "Apache-HttpClient/4.5.2 (Java/1.8.0_161)"
74.7.243.248 - - [10/May/2026:18:50:26 +0200] "GET /wp-content/plugins/ HTTP/1.1" 200 451 "https://www.top-sport.hr.ithome.hr/wp-content/" "Mozilla/5.0 AppleWebKit/537.36 (KHTML, like Gecko; compatible; GPTBot/1.3; +https://openai.com/gptbot)"
67.73.243.12 - - [10/May/2026:18:50:26 +0200] "GET /?author=3 HTTP/1.1" 200 418 "-" "Mozilla/5.0 (Windows NT 10.0; Win64; x64; rv:50.0) Gecko/20100101 Firefox/50.0"
182.43.184.15 - - [10/May/2026:18:50:26 +0200] "GET /?author=7 HTTP/1.1" 200 418 "-" "Apache-HttpClient/4.5.2 (Java/1.8.0_161)"
74.7.243.248 - - [10/May/2026:18:50:27 +0200] "GET /wp-includes/theme-previews.php HTTP/1.1" 200 0 "https://www.top-sport.hr.ithome.hr/wp-includes/" "Mozilla/5.0 AppleWebKit/537.36 (KHTML, like Gecko; compatible; GPTBot/1.3; +https://openai.com/gptbot)"
182.43.184.15 - - [10/May/2026:18:50:27 +0200] "GET /?author=8 HTTP/1.1" 200 418 "-" "Apache-HttpClient/4.5.2 (Java/1.8.0_161)"
67.73.243.12 - - [10/May/2026:18:50:27 +0200] "GET /?author=4 HTTP/1.1" 200 418 "-" "Mozilla/5.0 (Windows NT 10.0; Win64; x64; rv:95.0) Gecko/20100101 Firefox/95.0"
182.43.184.15 - - [10/May/2026:18:50:27 +0200] "GET /?author=9 HTTP/1.1" 200 418 "-" "Apache-HttpClient/4.5.2 (Java/1.8.0_161)"
74.7.243.248 - - [10/May/2026:18:50:27 +0200] "GET /wp-includes/class-requests.php HTTP/1.1" 200 227 "https://www.top-sport.hr.ithome.hr/wp-includes/" "Mozilla/5.0 AppleWebKit/537.36 (KHTML, like Gecko; compatible; GPTBot/1.3; +https://openai.com/gptbot)"
182.43.184.15 - - [10/May/2026:18:50:27 +0200] "GET /?author=10 HTTP/1.1" 200 418 "-" "Apache-HttpClient/4.5.2 (Java/1.8.0_161)"
67.73.243.12 - - [10/May/2026:18:50:28 +0200] "GET /?author=5 HTTP/1.1" 200 418 "-" "Mozilla/5.0 (Windows NT 10.0; Win64; x64; rv:56.0) Gecko/20100101 Firefox/56.0"
74.7.243.248 - - [10/May/2026:18:50:28 +0200] "GET /wp-includes/media-template.php HTTP/1.1" 200 0 "https://www.top-sport.hr.ithome.hr/wp-includes/" "Mozilla/5.0 AppleWebKit/537.36 (KHTML, like Gecko; compatible; GPTBot/1.3; +https://openai.com/gptbot)"
182.43.184.15 - - [10/May/2026:18:50:28 +0200] "GET /?author=11 HTTP/1.1" 200 418 "-" "Apache-HttpClient/4.5.2 (Java/1.8.0_161)"
67.73.243.12 - - [10/May/2026:18:50:28 +0200] "GET /?author=6 HTTP/1.1" 200 418 "-" "Mozilla/5.0 (Windows NT 10.0; Win64; x64; rv:80.0) Gecko/20100101 Firefox/80.0"
74.7.243.248 - - [10/May/2026:18:50:29 +0200] "GET /wp-admin/plugin-install.php HTTP/1.1" 200 308 "https://www.top-sport.hr.ithome.hr/wp-admin/" "Mozilla/5.0 AppleWebKit/537.36 (KHTML, like Gecko; compatible; GPTBot/1.3; +https://openai.com/gptbot)"
182.43.184.15 - - [10/May/2026:18:50:29 +0200] "GET /?author=12 HTTP/1.1" 200 418 "-" "Apache-HttpClient/4.5.2 (Java/1.8.0_161)"
74.7.243.248 - - [10/May/2026:18:50:29 +0200] "GET /wp-admin/install-helper.php HTTP/1.1" 200 306 "https://www.top-sport.hr.ithome.hr/wp-admin/" "Mozilla/5.0 AppleWebKit/537.36 (KHTML, like Gecko; compatible; GPTBot/1.3; +https://openai.com/gptbot)"
182.43.184.15 - - [10/May/2026:18:50:30 +0200] "GET /?author=13 HTTP/1.1" 200 418 "-" "Apache-HttpClient/4.5.2 (Java/1.8.0_161)"
74.7.243.248 - - [10/May/2026:18:50:30 +0200] "GET /wp-includes/class-wp-textdomain-registry.php HTTP/1.1" 200 0 "https://www.top-sport.hr.ithome.hr/wp-includes/" "Mozilla/5.0 AppleWebKit/537.36 (KHTML, like Gecko; compatible; GPTBot/1.3; +https://openai.com/gptbot)"
74.7.243.248 - - [10/May/2026:18:50:30 +0200] "GET /wp-admin/js/updates.js HTTP/1.1" 200 20848 "https://www.top-sport.hr.ithome.hr/wp-admin/js/" "Mozilla/5.0 AppleWebKit/537.36 (KHTML, like Gecko; compatible; GPTBot/1.3; +https://openai.com/gptbot)"
74.7.243.248 - - [10/May/2026:18:50:31 +0200] "GET /wp-admin/js/widgets.js HTTP/1.1" 200 6375 "https://www.top-sport.hr.ithome.hr/wp-admin/js/" "Mozilla/5.0 AppleWebKit/537.36 (KHTML, like Gecko; compatible; GPTBot/1.3; +https://openai.com/gptbot)"
182.43.184.15 - - [10/May/2026:18:50:32 +0200] "GET /?author=14 HTTP/1.1" 200 418 "-" "Apache-HttpClient/4.5.2 (Java/1.8.0_161)"
74.7.243.248 - - [10/May/2026:18:50:32 +0200] "GET /wp-admin/js/postbox.js HTTP/1.1" 200 5078 "https://www.top-sport.hr.ithome.hr/wp-admin/js/" "Mozilla/5.0 AppleWebKit/537.36 (KHTML, like Gecko; compatible; GPTBot/1.3; +https://openai.com/gptbot)"
182.43.184.15 - - [10/May/2026:18:50:32 +0200] "GET /?author=15 HTTP/1.1" 200 418 "-" "Apache-HttpClient/4.5.2 (Java/1.8.0_161)"
74.7.243.248 - - [10/May/2026:18:50:32 +0200] "GET /wp-includes/class-wp-theme-json-schema.php HTTP/1.1" 200 0 "https://www.top-sport.hr.ithome.hr/wp-includes/" "Mozilla/5.0 AppleWebKit/537.36 (KHTML, like Gecko; compatible; GPTBot/1.3; +https://openai.com/gptbot)"
182.43.184.15 - - [10/May/2026:18:50:33 +0200] "GET /?author=16 HTTP/1.1" 200 418 "-" "Apache-HttpClient/4.5.2 (Java/1.8.0_161)"
74.7.243.248 - - [10/May/2026:18:50:33 +0200] "GET /wp-admin/js/site-icon.min.js HTTP/1.1" 200 968 "https://www.top-sport.hr.ithome.hr/wp-admin/js/" "Mozilla/5.0 AppleWebKit/537.36 (KHTML, like Gecko; compatible; GPTBot/1.3; +https://openai.com/gptbot)"
182.43.184.15 - - [10/May/2026:18:50:33 +0200] "GET /?author=17 HTTP/1.1" 200 418 "-" "Apache-HttpClient/4.5.2 (Java/1.8.0_161)"
74.7.243.248 - - [10/May/2026:18:50:34 +0200] "GET /wp-admin/setup-config.php HTTP/1.1" 200 0 "https://www.top-sport.hr.ithome.hr/wp-admin/" "Mozilla/5.0 AppleWebKit/537.36 (KHTML, like Gecko; compatible; GPTBot/1.3; +https://openai.com/gptbot)"
182.43.184.15 - - [10/May/2026:18:50:34 +0200] "GET /?author=18 HTTP/1.1" 200 418 "-" "Apache-HttpClient/4.5.2 (Java/1.8.0_161)"
74.7.243.248 - - [10/May/2026:18:50:34 +0200] "GET /wp-admin/widgets-form.php HTTP/1.1" 200 33 "https://www.top-sport.hr.ithome.hr/wp-admin/" "Mozilla/5.0 AppleWebKit/537.36 (KHTML, like Gecko; compatible; GPTBot/1.3; +https://openai.com/gptbot)"
182.43.184.15 - - [10/May/2026:18:50:34 +0200] "GET /?author=19 HTTP/1.1" 200 418 "-" "Apache-HttpClient/4.5.2 (Java/1.8.0_161)"
74.7.243.248 - - [10/May/2026:18:50:35 +0200] "GET /wp-includes/admin-bar.php HTTP/1.1" 200 0 "https://www.top-sport.hr.ithome.hr/wp-includes/" "Mozilla/5.0 AppleWebKit/537.36 (KHTML, like Gecko; compatible; GPTBot/1.3; +https://openai.com/gptbot)"
182.43.184.15 - - [10/May/2026:18:50:35 +0200] "GET /?author=20 HTTP/1.1" 200 418 "-" "Apache-HttpClient/4.5.2 (Java/1.8.0_161)"
74.7.243.248 - - [10/May/2026:18:50:36 +0200] "GET /wp-includes/class-wp-recovery-mode-key-service.php HTTP/1.1" 200 0 "https://www.top-sport.hr.ithome.hr/wp-includes/" "Mozilla/5.0 AppleWebKit/537.36 (KHTML, like Gecko; compatible; GPTBot/1.3; +https://openai.com/gptbot)"
74.7.243.248 - - [10/May/2026:18:50:36 +0200] "GET /wp-includes/class-wp-dependency.php HTTP/1.1" 200 0 "https://www.top-sport.hr.ithome.hr/wp-includes/" "Mozilla/5.0 AppleWebKit/537.36 (KHTML, like Gecko; compatible; GPTBot/1.3; +https://openai.com/gptbot)"
74.7.243.248 - - [10/May/2026:18:50:37 +0200] "GET /wp-includes/class-wp-roles.php HTTP/1.1" 200 0 "https://www.top-sport.hr.ithome.hr/wp-includes/" "Mozilla/5.0 AppleWebKit/537.36 (KHTML, like Gecko; compatible; GPTBot/1.3; +https://openai.com/gptbot)"
74.7.243.248 - - [10/May/2026:18:50:37 +0200] "GET /wp-includes/class-wp-query.php HTTP/1.1" 200 0 "https://www.top-sport.hr.ithome.hr/wp-includes/" "Mozilla/5.0 AppleWebKit/537.36 (KHTML, like Gecko; compatible; GPTBot/1.3; +https://openai.com/gptbot)"
74.7.243.248 - - [10/May/2026:18:50:38 +0200] "GET /wp-includes/class-wp-theme.php HTTP/1.1" 200 0 "https://www.top-sport.hr.ithome.hr/wp-includes/" "Mozilla/5.0 AppleWebKit/537.36 (KHTML, like Gecko; compatible; GPTBot/1.3; +https://openai.com/gptbot)"
74.7.243.248 - - [10/May/2026:18:50:39 +0200] "GET /wp-includes/class-wp-block.php HTTP/1.1" 200 0 "https://www.top-sport.hr.ithome.hr/wp-includes/" "Mozilla/5.0 AppleWebKit/537.36 (KHTML, like Gecko; compatible; GPTBot/1.3; +https://openai.com/gptbot)"
74.7.243.248 - - [10/May/2026:18:50:39 +0200] "GET /wp-admin/js/media.min.js HTTP/1.1" 200 1089 "https://www.top-sport.hr.ithome.hr/wp-admin/js/" "Mozilla/5.0 AppleWebKit/537.36 (KHTML, like Gecko; compatible; GPTBot/1.3; +https://openai.com/gptbot)"
74.7.243.248 - - [10/May/2026:18:50:40 +0200] "GET /wp-content/mu-plugins/ HTTP/1.1" 200 355 "https://www.top-sport.hr.ithome.hr/wp-content/" "Mozilla/5.0 AppleWebKit/537.36 (KHTML, like Gecko; compatible; GPTBot/1.3; +https://openai.com/gptbot)"
74.7.243.248 - - [10/May/2026:18:50:41 +0200] "GET /wp-admin/js/password-toggle.js HTTP/1.1" 200 561 "https://www.top-sport.hr.ithome.hr/wp-admin/js/" "Mozilla/5.0 AppleWebKit/537.36 (KHTML, like Gecko; compatible; GPTBot/1.3; +https://openai.com/gptbot)"
216.73.217.125 - - [10/May/2026:18:50:41 +0200] "GET /wp-content/themes/Divi/core/i18n/?C=M&O=A HTTP/1.1" 200 362 "-" "Mozilla/5.0 AppleWebKit/537.36 (KHTML, like Gecko; compatible; ClaudeBot/1.0; +claudebot@anthropic.com)"
74.7.243.248 - - [10/May/2026:18:50:41 +0200] "GET /wp-includes/class-wp-http-cookie.php HTTP/1.1" 200 0 "https://www.top-sport.hr.ithome.hr/wp-includes/" "Mozilla/5.0 AppleWebKit/537.36 (KHTML, like Gecko; compatible; GPTBot/1.3; +https://openai.com/gptbot)"
74.7.243.248 - - [10/May/2026:18:50:42 +0200] "GET /wp-includes/functions.wp-scripts.php HTTP/1.1" 200 0 "https://www.top-sport.hr.ithome.hr/wp-includes/" "Mozilla/5.0 AppleWebKit/537.36 (KHTML, like Gecko; compatible; GPTBot/1.3; +https://openai.com/gptbot)"
74.7.243.248 - - [10/May/2026:18:50:42 +0200] "GET /wp-admin/js/xfn.min.js HTTP/1.1" 200 298 "https://www.top-sport.hr.ithome.hr/wp-admin/js/" "Mozilla/5.0 AppleWebKit/537.36 (KHTML, like Gecko; compatible; GPTBot/1.3; +https://openai.com/gptbot)"
74.7.243.248 - - [10/May/2026:18:50:43 +0200] "GET /wp-admin/js/theme.min.js HTTP/1.1" 200 7420 "https://www.top-sport.hr.ithome.hr/wp-admin/js/" "Mozilla/5.0 AppleWebKit/537.36 (KHTML, like Gecko; compatible; GPTBot/1.3; +https://openai.com/gptbot)"
74.7.243.248 - - [10/May/2026:18:50:44 +0200] "GET /wp-admin/js/common.min.js HTTP/1.1" 200 7830 "https://www.top-sport.hr.ithome.hr/wp-admin/js/" "Mozilla/5.0 AppleWebKit/537.36 (KHTML, like Gecko; compatible; GPTBot/1.3; +https://openai.com/gptbot)"
74.7.243.248 - - [10/May/2026:18:50:44 +0200] "GET /wp-admin/network/ HTTP/1.1" 200 320 "https://www.top-sport.hr.ithome.hr/wp-admin/" "Mozilla/5.0 AppleWebKit/537.36 (KHTML, like Gecko; compatible; GPTBot/1.3; +https://openai.com/gptbot)"
74.7.243.248 - - [10/May/2026:18:50:45 +0200] "GET /wp-includes/class-wp-theme-json-resolver.php HTTP/1.1" 200 0 "https://www.top-sport.hr.ithome.hr/wp-includes/" "Mozilla/5.0 AppleWebKit/537.36 (KHTML, like Gecko; compatible; GPTBot/1.3; +https://openai.com/gptbot)"
74.7.243.248 - - [10/May/2026:18:50:46 +0200] "GET /wp-admin/js/accordion.js HTTP/1.1" 200 1078 "https://www.top-sport.hr.ithome.hr/wp-admin/js/" "Mozilla/5.0 AppleWebKit/537.36 (KHTML, like Gecko; compatible; GPTBot/1.3; +https://openai.com/gptbot)"
74.7.243.248 - - [10/May/2026:18:50:46 +0200] "GET /wp-admin/js/dashboard.js HTTP/1.1" 200 8608 "https://www.top-sport.hr.ithome.hr/wp-admin/js/" "Mozilla/5.0 AppleWebKit/537.36 (KHTML, like Gecko; compatible; GPTBot/1.3; +https://openai.com/gptbot)"
74.7.243.248 - - [10/May/2026:18:50:47 +0200] "GET /wp-admin/user/ HTTP/1.1" 200 317 "https://www.top-sport.hr.ithome.hr/wp-admin/" "Mozilla/5.0 AppleWebKit/537.36 (KHTML, like Gecko; compatible; GPTBot/1.3; +https://openai.com/gptbot)"
74.7.243.248 - - [10/May/2026:18:50:48 +0200] "GET /wp-admin/js/editor.min.js HTTP/1.1" 200 4749 "https://www.top-sport.hr.ithome.hr/wp-admin/js/" "Mozilla/5.0 AppleWebKit/537.36 (KHTML, like Gecko; compatible; GPTBot/1.3; +https://openai.com/gptbot)"
74.7.243.248 - - [10/May/2026:18:50:48 +0200] "GET /wp-admin/js/inline-edit-tax.js HTTP/1.1" 200 2531 "https://www.top-sport.hr.ithome.hr/wp-admin/js/" "Mozilla/5.0 AppleWebKit/537.36 (KHTML, like Gecko; compatible; GPTBot/1.3; +https://openai.com/gptbot)"
74.7.243.248 - - [10/May/2026:18:50:49 +0200] "GET /wp-includes/class-walker-comment.php HTTP/1.1" 200 213 "https://www.top-sport.hr.ithome.hr/wp-includes/" "Mozilla/5.0 AppleWebKit/537.36 (KHTML, like Gecko; compatible; GPTBot/1.3; +https://openai.com/gptbot)"
74.7.243.248 - - [10/May/2026:18:50:49 +0200] "GET /wp-includes/functions.wp-styles.php HTTP/1.1" 200 0 "https://www.top-sport.hr.ithome.hr/wp-includes/" "Mozilla/5.0 AppleWebKit/537.36 (KHTML, like Gecko; compatible; GPTBot/1.3; +https://openai.com/gptbot)"
74.7.243.248 - - [10/May/2026:18:50:50 +0200] "GET /wp-includes/images/ HTTP/1.1" 200 584 "https://www.top-sport.hr.ithome.hr/wp-includes/" "Mozilla/5.0 AppleWebKit/537.36 (KHTML, like Gecko; compatible; GPTBot/1.3; +https://openai.com/gptbot)"
74.7.243.248 - - [10/May/2026:18:50:51 +0200] "GET /wp-admin/images/ HTTP/1.1" 200 1058 "https://www.top-sport.hr.ithome.hr/wp-admin/" "Mozilla/5.0 AppleWebKit/537.36 (KHTML, like Gecko; compatible; GPTBot/1.3; +https://openai.com/gptbot)"
74.7.243.248 - - [10/May/2026:18:50:51 +0200] "GET /wp-includes/class-wp-block-type-registry.php HTTP/1.1" 200 0 "https://www.top-sport.hr.ithome.hr/wp-includes/" "Mozilla/5.0 AppleWebKit/537.36 (KHTML, like Gecko; compatible; GPTBot/1.3; +https://openai.com/gptbot)"
74.7.243.248 - - [10/May/2026:18:50:52 +0200] "GET /wp-admin/js/widgets/ HTTP/1.1" 200 471 "https://www.top-sport.hr.ithome.hr/wp-admin/js/" "Mozilla/5.0 AppleWebKit/537.36 (KHTML, like Gecko; compatible; GPTBot/1.3; +https://openai.com/gptbot)"
74.7.243.248 - - [10/May/2026:18:50:53 +0200] "GET /wp-includes/class-wp-date-query.php HTTP/1.1" 200 0 "https://www.top-sport.hr.ithome.hr/wp-includes/" "Mozilla/5.0 AppleWebKit/537.36 (KHTML, like Gecko; compatible; GPTBot/1.3; +https://openai.com/gptbot)"
74.7.243.248 - - [10/May/2026:18:50:53 +0200] "GET /wp-includes/class-wp-http-proxy.php HTTP/1.1" 200 0 "https://www.top-sport.hr.ithome.hr/wp-includes/" "Mozilla/5.0 AppleWebKit/537.36 (KHTML, like Gecko; compatible; GPTBot/1.3; +https://openai.com/gptbot)"
74.7.243.248 - - [10/May/2026:18:50:54 +0200] "GET /wp-includes/class-wp-site-query.php HTTP/1.1" 200 0 "https://www.top-sport.hr.ithome.hr/wp-includes/" "Mozilla/5.0 AppleWebKit/537.36 (KHTML, like Gecko; compatible; GPTBot/1.3; +https://openai.com/gptbot)"
74.7.243.248 - - [10/May/2026:18:50:54 +0200] "GET /wp-includes/class-wp-meta-query.php HTTP/1.1" 200 0 "https://www.top-sport.hr.ithome.hr/wp-includes/" "Mozilla/5.0 AppleWebKit/537.36 (KHTML, like Gecko; compatible; GPTBot/1.3; +https://openai.com/gptbot)"
74.7.243.248 - - [10/May/2026:18:50:55 +0200] "GET /wp-includes/class-wp-term-query.php HTTP/1.1" 200 0 "https://www.top-sport.hr.ithome.hr/wp-includes/" "Mozilla/5.0 AppleWebKit/537.36 (KHTML, like Gecko; compatible; GPTBot/1.3; +https://openai.com/gptbot)"
74.7.243.248 - - [10/May/2026:18:50:56 +0200] "GET /wp-admin/js/color-picker.js HTTP/1.1" 200 2765 "https://www.top-sport.hr.ithome.hr/wp-admin/js/" "Mozilla/5.0 AppleWebKit/537.36 (KHTML, like Gecko; compatible; GPTBot/1.3; +https://openai.com/gptbot)"
74.7.243.248 - - [10/May/2026:18:50:56 +0200] "GET /wp-admin/js/link.js HTTP/1.1" 200 1587 "https://www.top-sport.hr.ithome.hr/wp-admin/js/" "Mozilla/5.0 AppleWebKit/537.36 (KHTML, like Gecko; compatible; GPTBot/1.3; +https://openai.com/gptbot)"
74.7.243.248 - - [10/May/2026:18:50:57 +0200] "GET /wp-includes/images/?C=D;O=A HTTP/1.1" 200 584 "https://www.top-sport.hr.ithome.hr/wp-includes/images/" "Mozilla/5.0 AppleWebKit/537.36 (KHTML, like Gecko; compatible; GPTBot/1.3; +https://openai.com/gptbot)"
74.7.243.248 - - [10/May/2026:18:50:58 +0200] "GET /wp-admin/images/media-button-image.gif HTTP/1.1" 200 200 "https://www.top-sport.hr.ithome.hr/wp-admin/images/" "Mozilla/5.0 AppleWebKit/537.36 (KHTML, like Gecko; compatible; GPTBot/1.3; +https://openai.com/gptbot)"
74.7.243.248 - - [10/May/2026:18:50:58 +0200] "GET /wp-admin/images/post-formats-vs.png HTTP/1.1" 200 2450 "https://www.top-sport.hr.ithome.hr/wp-admin/images/" "Mozilla/5.0 AppleWebKit/537.36 (KHTML, like Gecko; compatible; GPTBot/1.3; +https://openai.com/gptbot)"
74.7.243.248 - - [10/May/2026:18:50:59 +0200] "GET /wp-admin/images/post-formats.png HTTP/1.1" 200 2157 "https://www.top-sport.hr.ithome.hr/wp-admin/images/" "Mozilla/5.0 AppleWebKit/537.36 (KHTML, like Gecko; compatible; GPTBot/1.3; +https://openai.com/gptbot)"
74.7.243.248 - - [10/May/2026:18:51:00 +0200] "GET /wp-admin/images/media-button-music.gif HTTP/1.1" 200 206 "https://www.top-sport.hr.ithome.hr/wp-admin/images/" "Mozilla/5.0 AppleWebKit/537.36 (KHTML, like Gecko; compatible; GPTBot/1.3; +https://openai.com/gptbot)"
74.7.243.248 - - [10/May/2026:18:51:00 +0200] "GET /wp-admin/images/media-button-other.gif HTTP/1.1" 200 248 "https://www.top-sport.hr.ithome.hr/wp-admin/images/" "Mozilla/5.0 AppleWebKit/537.36 (KHTML, like Gecko; compatible; GPTBot/1.3; +https://openai.com/gptbot)"
74.7.243.248 - - [10/May/2026:18:51:01 +0200] "GET /wp-admin/images/contribute-no-code.svg HTTP/1.1" 200 1059 "https://www.top-sport.hr.ithome.hr/wp-admin/images/" "Mozilla/5.0 AppleWebKit/537.36 (KHTML, like Gecko; compatible; GPTBot/1.3; +https://openai.com/gptbot)"
194.36.45.211 - - [10/May/2026:18:51:01 +0200] "GET /wcmipconnector/readfiles/ HTTP/1.1" 404 355 "-" "curl/7.61.1"
74.7.243.248 - - [10/May/2026:18:51:01 +0200] "GET /wp-admin/images/about-release-logo.svg HTTP/1.1" 200 1465 "https://www.top-sport.hr.ithome.hr/wp-admin/images/" "Mozilla/5.0 AppleWebKit/537.36 (KHTML, like Gecko; compatible; GPTBot/1.3; +https://openai.com/gptbot)"
74.7.243.248 - - [10/May/2026:18:51:02 +0200] "GET /wp-admin/images/wpspin_light-2x.gif HTTP/1.1" 200 8875 "https://www.top-sport.hr.ithome.hr/wp-admin/images/" "Mozilla/5.0 AppleWebKit/537.36 (KHTML, like Gecko; compatible; GPTBot/1.3; +https://openai.com/gptbot)"
74.7.243.248 - - [10/May/2026:18:51:03 +0200] "GET /wp-admin/js/widgets/media-image-widget.js HTTP/1.1" 200 1841 "https://www.top-sport.hr.ithome.hr/wp-admin/js/widgets/" "Mozilla/5.0 AppleWebKit/537.36 (KHTML, like Gecko; compatible; GPTBot/1.3; +https://openai.com/gptbot)"
