74.7.243.248 - - [10/May/2026:18:59:01 +0200] "GET /wp-content/et-cache/100528/?C=D;O=A HTTP/1.1" 404 0 "https://www.top-sport.hr.ithome.hr/wp-content/et-cache/100528/" "Mozilla/5.0 AppleWebKit/537.36 (KHTML, like Gecko; compatible; GPTBot/1.3; +https://openai.com/gptbot)"
194.36.45.211 - - [10/May/2026:18:59:01 +0200] "GET /wcmipconnector/readfiles/ HTTP/1.1" 200 0 "-" "curl/7.61.1"
74.7.243.248 - - [10/May/2026:18:59:02 +0200] "GET /wp-content/et-cache/100387/?C=S;O=A HTTP/1.1" 404 0 "https://www.top-sport.hr.ithome.hr/wp-content/et-cache/100387/" "Mozilla/5.0 AppleWebKit/537.36 (KHTML, like Gecko; compatible; GPTBot/1.3; +https://openai.com/gptbot)"
74.7.243.248 - - [10/May/2026:18:59:03 +0200] "GET /wp-content/et-cache/100249/?C=N;O=A HTTP/1.1" 404 0 "https://www.top-sport.hr.ithome.hr/wp-content/et-cache/100249/?C=D;O=A" "Mozilla/5.0 AppleWebKit/537.36 (KHTML, like Gecko; compatible; GPTBot/1.3; +https://openai.com/gptbot)"
74.7.243.248 - - [10/May/2026:18:59:04 +0200] "GET /wp-content/et-cache/100586/?C=M;O=A HTTP/1.1" 404 0 "https://www.top-sport.hr.ithome.hr/wp-content/et-cache/100586/" "Mozilla/5.0 AppleWebKit/537.36 (KHTML, like Gecko; compatible; GPTBot/1.3; +https://openai.com/gptbot)"
74.7.243.248 - - [10/May/2026:18:59:04 +0200] "GET /wp-content/et-cache/100493/?C=N;O=D HTTP/1.1" 404 0 "https://www.top-sport.hr.ithome.hr/wp-content/et-cache/100493/" "Mozilla/5.0 AppleWebKit/537.36 (KHTML, like Gecko; compatible; GPTBot/1.3; +https://openai.com/gptbot)"
74.7.243.248 - - [10/May/2026:18:59:05 +0200] "GET /wp-content/et-cache/100568/?C=D;O=A HTTP/1.1" 404 0 "https://www.top-sport.hr.ithome.hr/wp-content/et-cache/100568/" "Mozilla/5.0 AppleWebKit/537.36 (KHTML, like Gecko; compatible; GPTBot/1.3; +https://openai.com/gptbot)"
74.7.243.248 - - [10/May/2026:18:59:06 +0200] "GET /wp-content/et-cache/100375/?C=M;O=A HTTP/1.1" 404 0 "https://www.top-sport.hr.ithome.hr/wp-content/et-cache/100375/" "Mozilla/5.0 AppleWebKit/537.36 (KHTML, like Gecko; compatible; GPTBot/1.3; +https://openai.com/gptbot)"
74.7.243.248 - - [10/May/2026:18:59:07 +0200] "GET /wp-content/et-cache/100387/?C=N;O=A HTTP/1.1" 404 0 "https://www.top-sport.hr.ithome.hr/wp-content/et-cache/100387/?C=M;O=A" "Mozilla/5.0 AppleWebKit/537.36 (KHTML, like Gecko; compatible; GPTBot/1.3; +https://openai.com/gptbot)"
74.7.243.248 - - [10/May/2026:18:59:08 +0200] "GET /wp-content/et-cache/100258/?C=D;O=A HTTP/1.1" 404 0 "https://www.top-sport.hr.ithome.hr/wp-content/et-cache/100258/" "Mozilla/5.0 AppleWebKit/537.36 (KHTML, like Gecko; compatible; GPTBot/1.3; +https://openai.com/gptbot)"
103.166.24.225 - - [10/May/2026:18:59:08 +0200] "POST /wp-includes/hp2.php HTTP/1.1" 200 3657 "https://www.top-sport.hr/wp-includes/hp2.php" "Mozilla/5.0 (Windows NT 10.0; Win64; x64) AppleWebKit/537.36 (KHTML, like Gecko) Chrome/144.0.0.0 Safari/537.36"
74.7.243.248 - - [10/May/2026:18:59:09 +0200] "GET /wp-content/et-cache/100235/?C=M;O=A HTTP/1.1" 404 0 "https://www.top-sport.hr.ithome.hr/wp-content/et-cache/100235/" "Mozilla/5.0 AppleWebKit/537.36 (KHTML, like Gecko; compatible; GPTBot/1.3; +https://openai.com/gptbot)"
74.7.243.248 - - [10/May/2026:18:59:10 +0200] "GET /wp-content/et-cache/100479/?C=N;O=D HTTP/1.1" 404 0 "https://www.top-sport.hr.ithome.hr/wp-content/et-cache/100479/" "Mozilla/5.0 AppleWebKit/537.36 (KHTML, like Gecko; compatible; GPTBot/1.3; +https://openai.com/gptbot)"
74.7.243.248 - - [10/May/2026:18:59:10 +0200] "GET /wp-content/et-cache/100539/?C=D;O=A HTTP/1.1" 404 0 "https://www.top-sport.hr.ithome.hr/wp-content/et-cache/100539/" "Mozilla/5.0 AppleWebKit/537.36 (KHTML, like Gecko; compatible; GPTBot/1.3; +https://openai.com/gptbot)"
74.7.243.248 - - [10/May/2026:18:59:11 +0200] "GET /wp-content/et-cache/100652/?C=N;O=A HTTP/1.1" 404 0 "https://www.top-sport.hr.ithome.hr/wp-content/et-cache/100652/?C=M;O=A" "Mozilla/5.0 AppleWebKit/537.36 (KHTML, like Gecko; compatible; GPTBot/1.3; +https://openai.com/gptbot)"
74.7.243.248 - - [10/May/2026:18:59:12 +0200] "GET /wp-content/et-cache/100526/?C=N;O=A HTTP/1.1" 404 0 "https://www.top-sport.hr.ithome.hr/wp-content/et-cache/100526/?C=M;O=A" "Mozilla/5.0 AppleWebKit/537.36 (KHTML, like Gecko; compatible; GPTBot/1.3; +https://openai.com/gptbot)"
74.7.243.248 - - [10/May/2026:18:59:13 +0200] "GET /wp-content/et-cache/100365/?C=D;O=A HTTP/1.1" 404 0 "https://www.top-sport.hr.ithome.hr/wp-content/et-cache/100365/" "Mozilla/5.0 AppleWebKit/537.36 (KHTML, like Gecko; compatible; GPTBot/1.3; +https://openai.com/gptbot)"
74.7.243.248 - - [10/May/2026:18:59:14 +0200] "GET /wp-content/et-cache/100467/?C=M;O=A HTTP/1.1" 404 0 "https://www.top-sport.hr.ithome.hr/wp-content/et-cache/100467/" "Mozilla/5.0 AppleWebKit/537.36 (KHTML, like Gecko; compatible; GPTBot/1.3; +https://openai.com/gptbot)"
103.166.24.225 - - [10/May/2026:18:59:14 +0200] "POST /wp-includes/hp2.php HTTP/1.1" 200 3700 "https://www.top-sport.hr/wp-includes/hp2.php" "Mozilla/5.0 (Windows NT 10.0; Win64; x64) AppleWebKit/537.36 (KHTML, like Gecko) Chrome/144.0.0.0 Safari/537.36"
74.7.243.248 - - [10/May/2026:18:59:15 +0200] "GET /wp-content/et-cache/100432/?C=S;O=A HTTP/1.1" 404 0 "https://www.top-sport.hr.ithome.hr/wp-content/et-cache/100432/" "Mozilla/5.0 AppleWebKit/537.36 (KHTML, like Gecko; compatible; GPTBot/1.3; +https://openai.com/gptbot)"
74.7.243.248 - - [10/May/2026:18:59:15 +0200] "GET /wp-content/et-cache/100564/?C=S;O=A HTTP/1.1" 404 0 "https://www.top-sport.hr.ithome.hr/wp-content/et-cache/100564/" "Mozilla/5.0 AppleWebKit/537.36 (KHTML, like Gecko; compatible; GPTBot/1.3; +https://openai.com/gptbot)"
74.7.243.248 - - [10/May/2026:18:59:16 +0200] "GET /wp-content/et-cache/100652/?C=M;O=D HTTP/1.1" 404 0 "https://www.top-sport.hr.ithome.hr/wp-content/et-cache/100652/?C=M;O=A" "Mozilla/5.0 AppleWebKit/537.36 (KHTML, like Gecko; compatible; GPTBot/1.3; +https://openai.com/gptbot)"
74.7.243.248 - - [10/May/2026:18:59:17 +0200] "GET /wp-content/et-cache/100457/?C=N;O=A HTTP/1.1" 404 0 "https://www.top-sport.hr.ithome.hr/wp-content/et-cache/100457/?C=S;O=A" "Mozilla/5.0 AppleWebKit/537.36 (KHTML, like Gecko; compatible; GPTBot/1.3; +https://openai.com/gptbot)"
74.7.243.248 - - [10/May/2026:18:59:18 +0200] "GET /wp-content/et-cache/100379/?C=M;O=D HTTP/1.1" 404 0 "https://www.top-sport.hr.ithome.hr/wp-content/et-cache/100379/?C=M;O=A" "Mozilla/5.0 AppleWebKit/537.36 (KHTML, like Gecko; compatible; GPTBot/1.3; +https://openai.com/gptbot)"
74.7.243.248 - - [10/May/2026:18:59:19 +0200] "GET /wp-content/et-cache/100546/?C=M;O=A HTTP/1.1" 404 0 "https://www.top-sport.hr.ithome.hr/wp-content/et-cache/100546/" "Mozilla/5.0 AppleWebKit/537.36 (KHTML, like Gecko; compatible; GPTBot/1.3; +https://openai.com/gptbot)"
74.7.243.248 - - [10/May/2026:18:59:19 +0200] "GET /wp-content/et-cache/100432/?C=D;O=A HTTP/1.1" 404 0 "https://www.top-sport.hr.ithome.hr/wp-content/et-cache/100432/" "Mozilla/5.0 AppleWebKit/537.36 (KHTML, like Gecko; compatible; GPTBot/1.3; +https://openai.com/gptbot)"
74.7.243.248 - - [10/May/2026:18:59:20 +0200] "GET /wp-content/et-cache/100526/?C=N;O=D HTTP/1.1" 404 0 "https://www.top-sport.hr.ithome.hr/wp-content/et-cache/100526/" "Mozilla/5.0 AppleWebKit/537.36 (KHTML, like Gecko; compatible; GPTBot/1.3; +https://openai.com/gptbot)"
74.7.243.248 - - [10/May/2026:18:59:21 +0200] "GET /wp-content/et-cache/100432/?C=N;O=D HTTP/1.1" 404 0 "https://www.top-sport.hr.ithome.hr/wp-content/et-cache/100432/" "Mozilla/5.0 AppleWebKit/537.36 (KHTML, like Gecko; compatible; GPTBot/1.3; +https://openai.com/gptbot)"
74.7.243.248 - - [10/May/2026:18:59:22 +0200] "GET /wp-content/et-cache/100524/?C=M;O=A HTTP/1.1" 404 0 "https://www.top-sport.hr.ithome.hr/wp-content/et-cache/100524/" "Mozilla/5.0 AppleWebKit/537.36 (KHTML, like Gecko; compatible; GPTBot/1.3; +https://openai.com/gptbot)"
74.7.243.248 - - [10/May/2026:18:59:23 +0200] "GET /wp-content/et-cache/100493/?C=S;O=A HTTP/1.1" 404 0 "https://www.top-sport.hr.ithome.hr/wp-content/et-cache/100493/" "Mozilla/5.0 AppleWebKit/537.36 (KHTML, like Gecko; compatible; GPTBot/1.3; +https://openai.com/gptbot)"
74.7.243.248 - - [10/May/2026:18:59:24 +0200] "GET /wp-content/et-cache/100479/?C=M;O=A HTTP/1.1" 404 0 "https://www.top-sport.hr.ithome.hr/wp-content/et-cache/100479/" "Mozilla/5.0 AppleWebKit/537.36 (KHTML, like Gecko; compatible; GPTBot/1.3; +https://openai.com/gptbot)"
74.7.243.248 - - [10/May/2026:18:59:24 +0200] "GET /wp-content/et-cache/100457/?C=D;O=A HTTP/1.1" 404 0 "https://www.top-sport.hr.ithome.hr/wp-content/et-cache/100457/" "Mozilla/5.0 AppleWebKit/537.36 (KHTML, like Gecko; compatible; GPTBot/1.3; +https://openai.com/gptbot)"
74.7.243.248 - - [10/May/2026:18:59:25 +0200] "GET /wp-content/et-cache/100249/?C=M;O=A HTTP/1.1" 404 0 "https://www.top-sport.hr.ithome.hr/wp-content/et-cache/100249/" "Mozilla/5.0 AppleWebKit/537.36 (KHTML, like Gecko; compatible; GPTBot/1.3; +https://openai.com/gptbot)"
74.7.243.248 - - [10/May/2026:18:59:26 +0200] "GET /wp-content/et-cache/100426/?C=N;O=A HTTP/1.1" 404 0 "https://www.top-sport.hr.ithome.hr/wp-content/et-cache/100426/?C=M;O=A" "Mozilla/5.0 AppleWebKit/537.36 (KHTML, like Gecko; compatible; GPTBot/1.3; +https://openai.com/gptbot)"
74.7.243.248 - - [10/May/2026:18:59:27 +0200] "GET /wp-content/et-cache/100387/?C=D;O=A HTTP/1.1" 404 0 "https://www.top-sport.hr.ithome.hr/wp-content/et-cache/100387/" "Mozilla/5.0 AppleWebKit/537.36 (KHTML, like Gecko; compatible; GPTBot/1.3; +https://openai.com/gptbot)"
74.7.243.248 - - [10/May/2026:18:59:28 +0200] "GET /wp-content/et-cache/100462/?C=S;O=A HTTP/1.1" 404 0 "https://www.top-sport.hr.ithome.hr/wp-content/et-cache/100462/" "Mozilla/5.0 AppleWebKit/537.36 (KHTML, like Gecko; compatible; GPTBot/1.3; +https://openai.com/gptbot)"
74.7.243.248 - - [10/May/2026:18:59:29 +0200] "GET /wp-content/et-cache/100652/?C=S;O=A HTTP/1.1" 404 0 "https://www.top-sport.hr.ithome.hr/wp-content/et-cache/100652/" "Mozilla/5.0 AppleWebKit/537.36 (KHTML, like Gecko; compatible; GPTBot/1.3; +https://openai.com/gptbot)"
74.7.243.248 - - [10/May/2026:18:59:30 +0200] "GET /wp-content/et-cache/100437/?C=N;O=D HTTP/1.1" 404 0 "https://www.top-sport.hr.ithome.hr/wp-content/et-cache/100437/" "Mozilla/5.0 AppleWebKit/537.36 (KHTML, like Gecko; compatible; GPTBot/1.3; +https://openai.com/gptbot)"
103.166.24.225 - - [10/May/2026:18:59:30 +0200] "POST /wp-includes/hp2.php HTTP/1.1" 200 3745 "https://www.top-sport.hr/wp-includes/hp2.php" "Mozilla/5.0 (Windows NT 10.0; Win64; x64) AppleWebKit/537.36 (KHTML, like Gecko) Chrome/144.0.0.0 Safari/537.36"
74.7.243.248 - - [10/May/2026:18:59:31 +0200] "GET /wp-content/et-cache/100534/?C=N;O=A HTTP/1.1" 404 0 "https://www.top-sport.hr.ithome.hr/wp-content/et-cache/100534/?C=N;O=D" "Mozilla/5.0 AppleWebKit/537.36 (KHTML, like Gecko; compatible; GPTBot/1.3; +https://openai.com/gptbot)"
74.7.243.248 - - [10/May/2026:18:59:31 +0200] "GET /wp-content/et-cache/100546/?C=N;O=D HTTP/1.1" 404 0 "https://www.top-sport.hr.ithome.hr/wp-content/et-cache/100546/" "Mozilla/5.0 AppleWebKit/537.36 (KHTML, like Gecko; compatible; GPTBot/1.3; +https://openai.com/gptbot)"
74.7.243.248 - - [10/May/2026:18:59:32 +0200] "GET /wp-content/et-cache/100598/?C=M;O=A HTTP/1.1" 404 0 "https://www.top-sport.hr.ithome.hr/wp-content/et-cache/100598/" "Mozilla/5.0 AppleWebKit/537.36 (KHTML, like Gecko; compatible; GPTBot/1.3; +https://openai.com/gptbot)"
74.7.243.248 - - [10/May/2026:18:59:33 +0200] "GET /wp-content/et-cache/100536/?C=S;O=D HTTP/1.1" 404 0 "https://www.top-sport.hr.ithome.hr/wp-content/et-cache/100536/?C=S;O=A" "Mozilla/5.0 AppleWebKit/537.36 (KHTML, like Gecko; compatible; GPTBot/1.3; +https://openai.com/gptbot)"
74.7.243.248 - - [10/May/2026:18:59:34 +0200] "GET /wp-content/et-cache/100564/?C=M;O=A HTTP/1.1" 404 0 "https://www.top-sport.hr.ithome.hr/wp-content/et-cache/100564/" "Mozilla/5.0 AppleWebKit/537.36 (KHTML, like Gecko; compatible; GPTBot/1.3; +https://openai.com/gptbot)"
74.7.243.248 - - [10/May/2026:18:59:34 +0200] "GET /wp-content/et-cache/100326/?C=S;O=A HTTP/1.1" 404 0 "https://www.top-sport.hr.ithome.hr/wp-content/et-cache/100326/" "Mozilla/5.0 AppleWebKit/537.36 (KHTML, like Gecko; compatible; GPTBot/1.3; +https://openai.com/gptbot)"
74.7.243.248 - - [10/May/2026:18:59:35 +0200] "GET /wp-content/et-cache/100275/?C=S;O=A HTTP/1.1" 404 0 "https://www.top-sport.hr.ithome.hr/wp-content/et-cache/100275/" "Mozilla/5.0 AppleWebKit/537.36 (KHTML, like Gecko; compatible; GPTBot/1.3; +https://openai.com/gptbot)"
74.7.243.248 - - [10/May/2026:18:59:36 +0200] "GET /wp-content/et-cache/100375/?C=N;O=D HTTP/1.1" 404 0 "https://www.top-sport.hr.ithome.hr/wp-content/et-cache/100375/" "Mozilla/5.0 AppleWebKit/537.36 (KHTML, like Gecko; compatible; GPTBot/1.3; +https://openai.com/gptbot)"
103.166.24.225 - - [10/May/2026:18:59:37 +0200] "POST /wp-includes/hp2.php HTTP/1.1" 200 3788 "https://www.top-sport.hr/wp-includes/hp2.php" "Mozilla/5.0 (Windows NT 10.0; Win64; x64) AppleWebKit/537.36 (KHTML, like Gecko) Chrome/144.0.0.0 Safari/537.36"
74.7.243.248 - - [10/May/2026:18:59:37 +0200] "GET /wp-content/et-cache/100564/?C=N;O=D HTTP/1.1" 404 0 "https://www.top-sport.hr.ithome.hr/wp-content/et-cache/100564/" "Mozilla/5.0 AppleWebKit/537.36 (KHTML, like Gecko; compatible; GPTBot/1.3; +https://openai.com/gptbot)"
66.249.69.101 - - [10/May/2026:18:59:37 +0200] "GET /echelon/merchandise/foqpzfebfl64usn.shtml HTTP/1.1" 200 35205 "-" "Mozilla/5.0 (Linux; Android 6.0.1; Nexus 5X Build/MMB29P) AppleWebKit/537.36 (KHTML, like Gecko) Chrome/147.0.7727.137 Mobile Safari/537.36 (compatible; Googlebot/2.1; +http://www.google.com/bot.html)"
74.7.243.248 - - [10/May/2026:18:59:38 +0200] "GET /wp-content/et-cache/100549/?C=M;O=A HTTP/1.1" 404 0 "https://www.top-sport.hr.ithome.hr/wp-content/et-cache/100549/" "Mozilla/5.0 AppleWebKit/537.36 (KHTML, like Gecko; compatible; GPTBot/1.3; +https://openai.com/gptbot)"
74.7.243.248 - - [10/May/2026:18:59:38 +0200] "GET /wp-content/et-cache/100275/?C=M;O=A HTTP/1.1" 404 0 "https://www.top-sport.hr.ithome.hr/wp-content/et-cache/100275/" "Mozilla/5.0 AppleWebKit/537.36 (KHTML, like Gecko; compatible; GPTBot/1.3; +https://openai.com/gptbot)"
74.7.243.248 - - [10/May/2026:18:59:39 +0200] "GET /wp-content/et-cache/100524/?C=S;O=D HTTP/1.1" 404 0 "https://www.top-sport.hr.ithome.hr/wp-content/et-cache/100524/?C=S;O=A" "Mozilla/5.0 AppleWebKit/537.36 (KHTML, like Gecko; compatible; GPTBot/1.3; +https://openai.com/gptbot)"
74.7.243.248 - - [10/May/2026:18:59:40 +0200] "GET /wp-content/et-cache/100526/?C=S;O=A HTTP/1.1" 404 0 "https://www.top-sport.hr.ithome.hr/wp-content/et-cache/100526/" "Mozilla/5.0 AppleWebKit/537.36 (KHTML, like Gecko; compatible; GPTBot/1.3; +https://openai.com/gptbot)"
74.7.243.248 - - [10/May/2026:18:59:41 +0200] "GET /wp-content/et-cache/100497/?C=S;O=A HTTP/1.1" 404 0 "https://www.top-sport.hr.ithome.hr/wp-content/et-cache/100497/" "Mozilla/5.0 AppleWebKit/537.36 (KHTML, like Gecko; compatible; GPTBot/1.3; +https://openai.com/gptbot)"
74.7.243.248 - - [10/May/2026:18:59:42 +0200] "GET /wp-content/et-cache/100345/?C=D;O=A HTTP/1.1" 404 0 "https://www.top-sport.hr.ithome.hr/wp-content/et-cache/100345/" "Mozilla/5.0 AppleWebKit/537.36 (KHTML, like Gecko; compatible; GPTBot/1.3; +https://openai.com/gptbot)"
103.166.24.225 - - [10/May/2026:18:59:42 +0200] "POST /wp-includes/hp2.php HTTP/1.1" 200 3837 "https://www.top-sport.hr/wp-includes/hp2.php" "Mozilla/5.0 (Windows NT 10.0; Win64; x64) AppleWebKit/537.36 (KHTML, like Gecko) Chrome/144.0.0.0 Safari/537.36"
74.7.243.248 - - [10/May/2026:18:59:43 +0200] "GET /wp-content/et-cache/100365/?C=N;O=A HTTP/1.1" 404 0 "https://www.top-sport.hr.ithome.hr/wp-content/et-cache/100365/?C=S;O=A" "Mozilla/5.0 AppleWebKit/537.36 (KHTML, like Gecko; compatible; GPTBot/1.3; +https://openai.com/gptbot)"
45.227.253.15 - - [10/May/2026:18:59:43 +0200] "GET /?of=1 HTTP/1.1" 200 8682 "-" "Mozilla/5.0 (Macintosh; Intel Mac OS X 10.15; rv:103.0) Gecko/20100101 Firefox/101.0"
74.7.243.248 - - [10/May/2026:18:59:43 +0200] "GET /wp-content/et-cache/100493/?C=M;O=A HTTP/1.1" 404 0 "https://www.top-sport.hr.ithome.hr/wp-content/et-cache/100493/" "Mozilla/5.0 AppleWebKit/537.36 (KHTML, like Gecko; compatible; GPTBot/1.3; +https://openai.com/gptbot)"
74.7.243.248 - - [10/May/2026:18:59:44 +0200] "GET /wp-content/et-cache/100652/?C=D;O=A HTTP/1.1" 404 0 "https://www.top-sport.hr.ithome.hr/wp-content/et-cache/100652/" "Mozilla/5.0 AppleWebKit/537.36 (KHTML, like Gecko; compatible; GPTBot/1.3; +https://openai.com/gptbot)"
74.7.243.248 - - [10/May/2026:18:59:45 +0200] "GET /wp-content/et-cache/100426/?C=M;O=D HTTP/1.1" 404 0 "https://www.top-sport.hr.ithome.hr/wp-content/et-cache/100426/?C=M;O=A" "Mozilla/5.0 AppleWebKit/537.36 (KHTML, like Gecko; compatible; GPTBot/1.3; +https://openai.com/gptbot)"
74.7.243.248 - - [10/May/2026:18:59:46 +0200] "GET /wp-content/et-cache/100326/?C=M;O=A HTTP/1.1" 404 0 "https://www.top-sport.hr.ithome.hr/wp-content/et-cache/100326/" "Mozilla/5.0 AppleWebKit/537.36 (KHTML, like Gecko; compatible; GPTBot/1.3; +https://openai.com/gptbot)"
74.7.243.248 - - [10/May/2026:18:59:46 +0200] "GET /wp-content/et-cache/100594/?C=N;O=D HTTP/1.1" 404 0 "https://www.top-sport.hr.ithome.hr/wp-content/et-cache/100594/" "Mozilla/5.0 AppleWebKit/537.36 (KHTML, like Gecko; compatible; GPTBot/1.3; +https://openai.com/gptbot)"
74.7.243.248 - - [10/May/2026:18:59:47 +0200] "GET /wp-content/et-cache/100437/?C=M;O=A HTTP/1.1" 404 0 "https://www.top-sport.hr.ithome.hr/wp-content/et-cache/100437/" "Mozilla/5.0 AppleWebKit/537.36 (KHTML, like Gecko; compatible; GPTBot/1.3; +https://openai.com/gptbot)"
74.7.243.248 - - [10/May/2026:18:59:48 +0200] "GET /wp-content/et-cache/100479/?C=S;O=A HTTP/1.1" 404 0 "https://www.top-sport.hr.ithome.hr/wp-content/et-cache/100479/" "Mozilla/5.0 AppleWebKit/537.36 (KHTML, like Gecko; compatible; GPTBot/1.3; +https://openai.com/gptbot)"
103.166.24.225 - - [10/May/2026:18:59:48 +0200] "POST /wp-includes/hp2.php HTTP/1.1" 200 3887 "https://www.top-sport.hr/wp-includes/hp2.php" "Mozilla/5.0 (Windows NT 10.0; Win64; x64) AppleWebKit/537.36 (KHTML, like Gecko) Chrome/144.0.0.0 Safari/537.36"
74.7.243.248 - - [10/May/2026:18:59:49 +0200] "GET /wp-content/et-cache/100564/?C=D;O=A HTTP/1.1" 404 0 "https://www.top-sport.hr.ithome.hr/wp-content/et-cache/100564/" "Mozilla/5.0 AppleWebKit/537.36 (KHTML, like Gecko; compatible; GPTBot/1.3; +https://openai.com/gptbot)"
74.7.243.248 - - [10/May/2026:18:59:49 +0200] "GET /wp-content/et-cache/100475/?C=N;O=A HTTP/1.1" 404 0 "https://www.top-sport.hr.ithome.hr/wp-content/et-cache/100475/?C=D;O=A" "Mozilla/5.0 AppleWebKit/537.36 (KHTML, like Gecko; compatible; GPTBot/1.3; +https://openai.com/gptbot)"
74.7.243.248 - - [10/May/2026:18:59:50 +0200] "GET /wp-content/et-cache/100555/?C=N;O=D HTTP/1.1" 404 0 "https://www.top-sport.hr.ithome.hr/wp-content/et-cache/100555/" "Mozilla/5.0 AppleWebKit/537.36 (KHTML, like Gecko; compatible; GPTBot/1.3; +https://openai.com/gptbot)"
74.7.243.248 - - [10/May/2026:18:59:51 +0200] "GET /wp-content/et-cache/100555/?C=S;O=A HTTP/1.1" 404 0 "https://www.top-sport.hr.ithome.hr/wp-content/et-cache/100555/" "Mozilla/5.0 AppleWebKit/537.36 (KHTML, like Gecko; compatible; GPTBot/1.3; +https://openai.com/gptbot)"
74.7.243.248 - - [10/May/2026:18:59:52 +0200] "GET /wp-content/et-cache/100555/?C=M;O=A HTTP/1.1" 404 0 "https://www.top-sport.hr.ithome.hr/wp-content/et-cache/100555/" "Mozilla/5.0 AppleWebKit/537.36 (KHTML, like Gecko; compatible; GPTBot/1.3; +https://openai.com/gptbot)"
74.7.243.248 - - [10/May/2026:18:59:53 +0200] "GET /wp-content/et-cache/100555/?C=D;O=A HTTP/1.1" 404 0 "https://www.top-sport.hr.ithome.hr/wp-content/et-cache/100555/" "Mozilla/5.0 AppleWebKit/537.36 (KHTML, like Gecko; compatible; GPTBot/1.3; +https://openai.com/gptbot)"
74.7.243.248 - - [10/May/2026:18:59:53 +0200] "GET /wp-content/et-cache/100400/?C=N;O=D HTTP/1.1" 404 0 "https://www.top-sport.hr.ithome.hr/wp-content/et-cache/100400/" "Mozilla/5.0 AppleWebKit/537.36 (KHTML, like Gecko; compatible; GPTBot/1.3; +https://openai.com/gptbot)"
74.7.243.248 - - [10/May/2026:18:59:54 +0200] "GET /wp-content/et-cache/100301/?C=M;O=A HTTP/1.1" 404 0 "https://www.top-sport.hr.ithome.hr/wp-content/et-cache/100301/" "Mozilla/5.0 AppleWebKit/537.36 (KHTML, like Gecko; compatible; GPTBot/1.3; +https://openai.com/gptbot)"
103.166.24.225 - - [10/May/2026:18:59:55 +0200] "POST /wp-includes/hp2.php HTTP/1.1" 200 3940 "https://www.top-sport.hr/wp-includes/hp2.php" "Mozilla/5.0 (Windows NT 10.0; Win64; x64) AppleWebKit/537.36 (KHTML, like Gecko) Chrome/144.0.0.0 Safari/537.36"
74.7.243.248 - - [10/May/2026:18:59:55 +0200] "GET /wp-content/et-cache/100400/?C=M;O=A HTTP/1.1" 404 0 "https://www.top-sport.hr.ithome.hr/wp-content/et-cache/100400/" "Mozilla/5.0 AppleWebKit/537.36 (KHTML, like Gecko; compatible; GPTBot/1.3; +https://openai.com/gptbot)"
74.7.243.248 - - [10/May/2026:18:59:56 +0200] "GET /wp-content/et-cache/100551/?C=D;O=A HTTP/1.1" 404 0 "https://www.top-sport.hr.ithome.hr/wp-content/et-cache/100551/" "Mozilla/5.0 AppleWebKit/537.36 (KHTML, like Gecko; compatible; GPTBot/1.3; +https://openai.com/gptbot)"
74.7.243.248 - - [10/May/2026:18:59:56 +0200] "GET /wp-content/et-cache/100301/?C=N;O=D HTTP/1.1" 404 0 "https://www.top-sport.hr.ithome.hr/wp-content/et-cache/100301/" "Mozilla/5.0 AppleWebKit/537.36 (KHTML, like Gecko; compatible; GPTBot/1.3; +https://openai.com/gptbot)"
74.7.243.248 - - [10/May/2026:18:59:57 +0200] "GET /wp-content/et-cache/100510/?C=D;O=A HTTP/1.1" 404 0 "https://www.top-sport.hr.ithome.hr/wp-content/et-cache/100510/" "Mozilla/5.0 AppleWebKit/537.36 (KHTML, like Gecko; compatible; GPTBot/1.3; +https://openai.com/gptbot)"
74.7.243.248 - - [10/May/2026:18:59:57 +0200] "GET /wp-content/et-cache/100603/?C=S;O=A HTTP/1.1" 404 0 "https://www.top-sport.hr.ithome.hr/wp-content/et-cache/100603/" "Mozilla/5.0 AppleWebKit/537.36 (KHTML, like Gecko; compatible; GPTBot/1.3; +https://openai.com/gptbot)"
74.7.243.248 - - [10/May/2026:18:59:58 +0200] "GET /wp-content/et-cache/100520/?C=N;O=A HTTP/1.1" 404 0 "https://www.top-sport.hr.ithome.hr/wp-content/et-cache/100520/?C=S;O=A" "Mozilla/5.0 AppleWebKit/537.36 (KHTML, like Gecko; compatible; GPTBot/1.3; +https://openai.com/gptbot)"
74.7.243.248 - - [10/May/2026:18:59:59 +0200] "GET /wp-content/et-cache/100410/?C=N;O=D HTTP/1.1" 404 0 "https://www.top-sport.hr.ithome.hr/wp-content/et-cache/100410/" "Mozilla/5.0 AppleWebKit/537.36 (KHTML, like Gecko; compatible; GPTBot/1.3; +https://openai.com/gptbot)"
74.7.243.248 - - [10/May/2026:19:00:00 +0200] "GET /wp-content/et-cache/100208/?C=D;O=A HTTP/1.1" 404 0 "https://www.top-sport.hr.ithome.hr/wp-content/et-cache/100208/" "Mozilla/5.0 AppleWebKit/537.36 (KHTML, like Gecko; compatible; GPTBot/1.3; +https://openai.com/gptbot)"
74.7.243.248 - - [10/May/2026:19:00:01 +0200] "GET /wp-content/et-cache/100603/?C=N;O=D HTTP/1.1" 404 0 "https://www.top-sport.hr.ithome.hr/wp-content/et-cache/100603/" "Mozilla/5.0 AppleWebKit/537.36 (KHTML, like Gecko; compatible; GPTBot/1.3; +https://openai.com/gptbot)"
74.7.243.248 - - [10/May/2026:19:00:02 +0200] "GET /wp-content/et-cache/100414/?C=S;O=A HTTP/1.1" 404 0 "https://www.top-sport.hr.ithome.hr/wp-content/et-cache/100414/" "Mozilla/5.0 AppleWebKit/537.36 (KHTML, like Gecko; compatible; GPTBot/1.3; +https://openai.com/gptbot)"
194.36.45.211 - - [10/May/2026:19:00:02 +0200] "GET /wcmipconnector/readfiles/ HTTP/1.1" 500 0 "-" "curl/7.61.1"
103.166.24.225 - - [10/May/2026:19:00:02 +0200] "POST /wp-includes/hp2.php HTTP/1.1" 200 3990 "https://www.top-sport.hr/wp-includes/hp2.php" "Mozilla/5.0 (Windows NT 10.0; Win64; x64) AppleWebKit/537.36 (KHTML, like Gecko) Chrome/144.0.0.0 Safari/537.36"
74.7.243.248 - - [10/May/2026:19:00:03 +0200] "GET /wp-content/et-cache/100208/?C=S;O=A HTTP/1.1" 404 0 "https://www.top-sport.hr.ithome.hr/wp-content/et-cache/100208/" "Mozilla/5.0 AppleWebKit/537.36 (KHTML, like Gecko; compatible; GPTBot/1.3; +https://openai.com/gptbot)"
74.7.243.248 - - [10/May/2026:19:00:03 +0200] "GET /wp-content/et-cache/100370/?C=D;O=A HTTP/1.1" 404 0 "https://www.top-sport.hr.ithome.hr/wp-content/et-cache/100370/" "Mozilla/5.0 AppleWebKit/537.36 (KHTML, like Gecko; compatible; GPTBot/1.3; +https://openai.com/gptbot)"
74.7.243.248 - - [10/May/2026:19:00:04 +0200] "GET /wp-content/et-cache/100510/?C=S;O=A HTTP/1.1" 404 0 "https://www.top-sport.hr.ithome.hr/wp-content/et-cache/100510/" "Mozilla/5.0 AppleWebKit/537.36 (KHTML, like Gecko; compatible; GPTBot/1.3; +https://openai.com/gptbot)"
74.7.243.248 - - [10/May/2026:19:00:05 +0200] "GET /wp-content/et-cache/100405/?C=M;O=A HTTP/1.1" 404 0 "https://www.top-sport.hr.ithome.hr/wp-content/et-cache/100405/" "Mozilla/5.0 AppleWebKit/537.36 (KHTML, like Gecko; compatible; GPTBot/1.3; +https://openai.com/gptbot)"
74.7.243.248 - - [10/May/2026:19:00:06 +0200] "GET /wp-content/et-cache/100405/?C=N;O=D HTTP/1.1" 404 0 "https://www.top-sport.hr.ithome.hr/wp-content/et-cache/100405/" "Mozilla/5.0 AppleWebKit/537.36 (KHTML, like Gecko; compatible; GPTBot/1.3; +https://openai.com/gptbot)"
74.7.243.248 - - [10/May/2026:19:00:07 +0200] "GET /wp-content/et-cache/100211/?C=D;O=A HTTP/1.1" 404 0 "https://www.top-sport.hr.ithome.hr/wp-content/et-cache/100211/" "Mozilla/5.0 AppleWebKit/537.36 (KHTML, like Gecko; compatible; GPTBot/1.3; +https://openai.com/gptbot)"
74.7.243.248 - - [10/May/2026:19:00:07 +0200] "GET /wp-content/et-cache/100340/?C=S;O=A HTTP/1.1" 404 0 "https://www.top-sport.hr.ithome.hr/wp-content/et-cache/100340/" "Mozilla/5.0 AppleWebKit/537.36 (KHTML, like Gecko; compatible; GPTBot/1.3; +https://openai.com/gptbot)"
103.166.24.225 - - [10/May/2026:19:00:08 +0200] "POST /wp-includes/hp2.php HTTP/1.1" 200 4042 "https://www.top-sport.hr/wp-includes/hp2.php" "Mozilla/5.0 (Windows NT 10.0; Win64; x64) AppleWebKit/537.36 (KHTML, like Gecko) Chrome/144.0.0.0 Safari/537.36"
74.7.243.248 - - [10/May/2026:19:00:08 +0200] "GET /wp-content/et-cache/100501/?C=M;O=A HTTP/1.1" 404 0 "https://www.top-sport.hr.ithome.hr/wp-content/et-cache/100501/" "Mozilla/5.0 AppleWebKit/537.36 (KHTML, like Gecko; compatible; GPTBot/1.3; +https://openai.com/gptbot)"
74.7.243.248 - - [10/May/2026:19:00:09 +0200] "GET /wp-content/et-cache/100360/?C=D;O=A HTTP/1.1" 404 0 "https://www.top-sport.hr.ithome.hr/wp-content/et-cache/100360/" "Mozilla/5.0 AppleWebKit/537.36 (KHTML, like Gecko; compatible; GPTBot/1.3; +https://openai.com/gptbot)"
74.7.243.248 - - [10/May/2026:19:00:10 +0200] "GET /wp-content/et-cache/100208/?C=N;O=D HTTP/1.1" 404 0 "https://www.top-sport.hr.ithome.hr/wp-content/et-cache/100208/" "Mozilla/5.0 AppleWebKit/537.36 (KHTML, like Gecko; compatible; GPTBot/1.3; +https://openai.com/gptbot)"
74.7.243.248 - - [10/May/2026:19:00:11 +0200] "GET /wp-content/et-cache/100340/?C=M;O=A HTTP/1.1" 404 0 "https://www.top-sport.hr.ithome.hr/wp-content/et-cache/100340/" "Mozilla/5.0 AppleWebKit/537.36 (KHTML, like Gecko; compatible; GPTBot/1.3; +https://openai.com/gptbot)"
74.7.243.248 - - [10/May/2026:19:00:11 +0200] "GET /wp-content/et-cache/100414/?C=M;O=A HTTP/1.1" 404 0 "https://www.top-sport.hr.ithome.hr/wp-content/et-cache/100414/" "Mozilla/5.0 AppleWebKit/537.36 (KHTML, like Gecko; compatible; GPTBot/1.3; +https://openai.com/gptbot)"
74.7.243.248 - - [10/May/2026:19:00:12 +0200] "GET /wp-content/et-cache/100270/?C=M;O=A HTTP/1.1" 404 0 "https://www.top-sport.hr.ithome.hr/wp-content/et-cache/100270/" "Mozilla/5.0 AppleWebKit/537.36 (KHTML, like Gecko; compatible; GPTBot/1.3; +https://openai.com/gptbot)"
103.166.24.225 - - [10/May/2026:19:00:13 +0200] "GET / HTTP/1.1" 500 0 "-" "Mozilla/5.0 (Windows NT 10.0; Win64; x64) AppleWebKit/537.36 (KHTML, like Gecko) Chrome/144.0.0.0 Safari/537.36"
74.7.243.248 - - [10/May/2026:19:00:13 +0200] "GET /wp-content/et-cache/100204/?C=D;O=A HTTP/1.1" 404 0 "https://www.top-sport.hr.ithome.hr/wp-content/et-cache/100204/" "Mozilla/5.0 AppleWebKit/537.36 (KHTML, like Gecko; compatible; GPTBot/1.3; +https://openai.com/gptbot)"
74.7.243.248 - - [10/May/2026:19:00:14 +0200] "GET /wp-content/et-cache/100603/?C=D;O=A HTTP/1.1" 404 0 "https://www.top-sport.hr.ithome.hr/wp-content/et-cache/100603/" "Mozilla/5.0 AppleWebKit/537.36 (KHTML, like Gecko; compatible; GPTBot/1.3; +https://openai.com/gptbot)"
74.7.243.248 - - [10/May/2026:19:00:14 +0200] "GET /wp-content/et-cache/100505/?C=S;O=A HTTP/1.1" 404 0 "https://www.top-sport.hr.ithome.hr/wp-content/et-cache/100505/" "Mozilla/5.0 AppleWebKit/537.36 (KHTML, like Gecko; compatible; GPTBot/1.3; +https://openai.com/gptbot)"
74.7.243.248 - - [10/May/2026:19:00:15 +0200] "GET /wp-content/et-cache/100304/?C=S;O=A HTTP/1.1" 404 0 "https://www.top-sport.hr.ithome.hr/wp-content/et-cache/100304/" "Mozilla/5.0 AppleWebKit/537.36 (KHTML, like Gecko; compatible; GPTBot/1.3; +https://openai.com/gptbot)"
74.7.243.248 - - [10/May/2026:19:00:16 +0200] "GET /wp-content/et-cache/100405/?C=S;O=A HTTP/1.1" 404 0 "https://www.top-sport.hr.ithome.hr/wp-content/et-cache/100405/" "Mozilla/5.0 AppleWebKit/537.36 (KHTML, like Gecko; compatible; GPTBot/1.3; +https://openai.com/gptbot)"
74.7.243.248 - - [10/May/2026:19:00:17 +0200] "GET /wp-content/et-cache/100501/?C=D;O=A HTTP/1.1" 404 0 "https://www.top-sport.hr.ithome.hr/wp-content/et-cache/100501/" "Mozilla/5.0 AppleWebKit/537.36 (KHTML, like Gecko; compatible; GPTBot/1.3; +https://openai.com/gptbot)"
74.7.243.248 - - [10/May/2026:19:00:18 +0200] "GET /wp-content/et-cache/100331/?C=M;O=A HTTP/1.1" 404 0 "https://www.top-sport.hr.ithome.hr/wp-content/et-cache/100331/" "Mozilla/5.0 AppleWebKit/537.36 (KHTML, like Gecko; compatible; GPTBot/1.3; +https://openai.com/gptbot)"
74.7.243.248 - - [10/May/2026:19:00:18 +0200] "GET /wp-content/et-cache/100501/?C=N;O=A HTTP/1.1" 404 0 "https://www.top-sport.hr.ithome.hr/wp-content/et-cache/100501/?C=N;O=D" "Mozilla/5.0 AppleWebKit/537.36 (KHTML, like Gecko; compatible; GPTBot/1.3; +https://openai.com/gptbot)"
74.7.243.248 - - [10/May/2026:19:00:19 +0200] "GET /wp-content/et-cache/100530/?C=N;O=D HTTP/1.1" 404 0 "https://www.top-sport.hr.ithome.hr/wp-content/et-cache/100530/" "Mozilla/5.0 AppleWebKit/537.36 (KHTML, like Gecko; compatible; GPTBot/1.3; +https://openai.com/gptbot)"
74.7.243.248 - - [10/May/2026:19:00:20 +0200] "GET /wp-content/et-cache/100551/?C=M;O=A HTTP/1.1" 404 0 "https://www.top-sport.hr.ithome.hr/wp-content/et-cache/100551/" "Mozilla/5.0 AppleWebKit/537.36 (KHTML, like Gecko; compatible; GPTBot/1.3; +https://openai.com/gptbot)"
74.7.243.248 - - [10/May/2026:19:00:21 +0200] "GET /wp-content/et-cache/100560/?C=N;O=D HTTP/1.1" 404 0 "https://www.top-sport.hr.ithome.hr/wp-content/et-cache/100560/" "Mozilla/5.0 AppleWebKit/537.36 (KHTML, like Gecko; compatible; GPTBot/1.3; +https://openai.com/gptbot)"
74.7.243.248 - - [10/May/2026:19:00:22 +0200] "GET /wp-content/et-cache/100590/?C=N;O=D HTTP/1.1" 404 0 "https://www.top-sport.hr.ithome.hr/wp-content/et-cache/100590/" "Mozilla/5.0 AppleWebKit/537.36 (KHTML, like Gecko; compatible; GPTBot/1.3; +https://openai.com/gptbot)"
74.7.243.248 - - [10/May/2026:19:00:23 +0200] "GET /wp-content/et-cache/100410/?C=M;O=A HTTP/1.1" 404 0 "https://www.top-sport.hr.ithome.hr/wp-content/et-cache/100410/" "Mozilla/5.0 AppleWebKit/537.36 (KHTML, like Gecko; compatible; GPTBot/1.3; +https://openai.com/gptbot)"
74.7.243.248 - - [10/May/2026:19:00:24 +0200] "GET /wp-content/et-cache/100301/?C=S;O=A HTTP/1.1" 404 0 "https://www.top-sport.hr.ithome.hr/wp-content/et-cache/100301/" "Mozilla/5.0 AppleWebKit/537.36 (KHTML, like Gecko; compatible; GPTBot/1.3; +https://openai.com/gptbot)"
74.7.243.248 - - [10/May/2026:19:00:25 +0200] "GET /wp-content/et-cache/100370/?C=M;O=A HTTP/1.1" 404 0 "https://www.top-sport.hr.ithome.hr/wp-content/et-cache/100370/" "Mozilla/5.0 AppleWebKit/537.36 (KHTML, like Gecko; compatible; GPTBot/1.3; +https://openai.com/gptbot)"
74.7.243.248 - - [10/May/2026:19:00:26 +0200] "GET /wp-content/et-cache/100520/?C=S;O=D HTTP/1.1" 404 0 "https://www.top-sport.hr.ithome.hr/wp-content/et-cache/100520/?C=S;O=A" "Mozilla/5.0 AppleWebKit/537.36 (KHTML, like Gecko; compatible; GPTBot/1.3; +https://openai.com/gptbot)"
74.7.243.248 - - [10/May/2026:19:00:27 +0200] "GET /wp-content/et-cache/100360/?C=S;O=A HTTP/1.1" 404 0 "https://www.top-sport.hr.ithome.hr/wp-content/et-cache/100360/" "Mozilla/5.0 AppleWebKit/537.36 (KHTML, like Gecko; compatible; GPTBot/1.3; +https://openai.com/gptbot)"
74.7.243.248 - - [10/May/2026:19:00:27 +0200] "GET /wp-content/et-cache/100530/?C=M;O=A HTTP/1.1" 404 0 "https://www.top-sport.hr.ithome.hr/wp-content/et-cache/100530/" "Mozilla/5.0 AppleWebKit/537.36 (KHTML, like Gecko; compatible; GPTBot/1.3; +https://openai.com/gptbot)"
74.7.243.248 - - [10/May/2026:19:00:28 +0200] "GET /wp-content/et-cache/100211/?C=M;O=A HTTP/1.1" 404 0 "https://www.top-sport.hr.ithome.hr/wp-content/et-cache/100211/" "Mozilla/5.0 AppleWebKit/537.36 (KHTML, like Gecko; compatible; GPTBot/1.3; +https://openai.com/gptbot)"
74.7.243.248 - - [10/May/2026:19:00:29 +0200] "GET /wp-content/et-cache/100301/?C=D;O=A HTTP/1.1" 404 0 "https://www.top-sport.hr.ithome.hr/wp-content/et-cache/100301/" "Mozilla/5.0 AppleWebKit/537.36 (KHTML, like Gecko; compatible; GPTBot/1.3; +https://openai.com/gptbot)"
103.166.24.225 - - [10/May/2026:19:00:29 +0200] "POST /wp-includes/hp2.php HTTP/1.1" 200 3994 "https://www.top-sport.hr/wp-includes/hp2.php" "Mozilla/5.0 (Windows NT 10.0; Win64; x64) AppleWebKit/537.36 (KHTML, like Gecko) Chrome/144.0.0.0 Safari/537.36"
74.7.243.248 - - [10/May/2026:19:00:30 +0200] "GET /wp-content/et-cache/100308/?C=D;O=A HTTP/1.1" 404 0 "https://www.top-sport.hr.ithome.hr/wp-content/et-cache/100308/" "Mozilla/5.0 AppleWebKit/537.36 (KHTML, like Gecko; compatible; GPTBot/1.3; +https://openai.com/gptbot)"
103.166.24.225 - - [10/May/2026:19:00:31 +0200] "POST /wp-includes/hp2.php HTTP/1.1" 200 3010 "https://www.top-sport.hr/wp-includes/hp2.php" "Mozilla/5.0 (Windows NT 10.0; Win64; x64) AppleWebKit/537.36 (KHTML, like Gecko) Chrome/144.0.0.0 Safari/537.36"
74.7.243.248 - - [10/May/2026:19:00:31 +0200] "GET /wp-content/et-cache/100204/?C=M;O=A HTTP/1.1" 404 0 "https://www.top-sport.hr.ithome.hr/wp-content/et-cache/100204/" "Mozilla/5.0 AppleWebKit/537.36 (KHTML, like Gecko; compatible; GPTBot/1.3; +https://openai.com/gptbot)"
74.7.243.248 - - [10/May/2026:19:00:31 +0200] "GET /wp-content/et-cache/100608/?C=N;O=D HTTP/1.1" 404 0 "https://www.top-sport.hr.ithome.hr/wp-content/et-cache/100608/" "Mozilla/5.0 AppleWebKit/537.36 (KHTML, like Gecko; compatible; GPTBot/1.3; +https://openai.com/gptbot)"
74.7.243.248 - - [10/May/2026:19:00:32 +0200] "GET /wp-content/et-cache/100211/?C=S;O=A HTTP/1.1" 404 0 "https://www.top-sport.hr.ithome.hr/wp-content/et-cache/100211/" "Mozilla/5.0 AppleWebKit/537.36 (KHTML, like Gecko; compatible; GPTBot/1.3; +https://openai.com/gptbot)"
74.7.243.248 - - [10/May/2026:19:00:33 +0200] "GET /wp-content/et-cache/100551/?C=S;O=A HTTP/1.1" 404 0 "https://www.top-sport.hr.ithome.hr/wp-content/et-cache/100551/" "Mozilla/5.0 AppleWebKit/537.36 (KHTML, like Gecko; compatible; GPTBot/1.3; +https://openai.com/gptbot)"
74.7.243.248 - - [10/May/2026:19:00:34 +0200] "GET /wp-content/et-cache/100308/?C=N;O=D HTTP/1.1" 404 0 "https://www.top-sport.hr.ithome.hr/wp-content/et-cache/100308/" "Mozilla/5.0 AppleWebKit/537.36 (KHTML, like Gecko; compatible; GPTBot/1.3; +https://openai.com/gptbot)"
103.166.24.225 - - [10/May/2026:19:00:34 +0200] "POST /wp-includes/hp2.php HTTP/1.1" 200 2977 "https://www.top-sport.hr/wp-includes/hp2.php" "Mozilla/5.0 (Windows NT 10.0; Win64; x64) AppleWebKit/537.36 (KHTML, like Gecko) Chrome/144.0.0.0 Safari/537.36"
74.7.243.248 - - [10/May/2026:19:00:35 +0200] "GET /wp-content/et-cache/100510/?C=M;O=A HTTP/1.1" 404 0 "https://www.top-sport.hr.ithome.hr/wp-content/et-cache/100510/" "Mozilla/5.0 AppleWebKit/537.36 (KHTML, like Gecko; compatible; GPTBot/1.3; +https://openai.com/gptbot)"
74.7.243.248 - - [10/May/2026:19:00:36 +0200] "GET /wp-content/et-cache/100331/?C=S;O=A HTTP/1.1" 404 0 "https://www.top-sport.hr.ithome.hr/wp-content/et-cache/100331/" "Mozilla/5.0 AppleWebKit/537.36 (KHTML, like Gecko; compatible; GPTBot/1.3; +https://openai.com/gptbot)"
103.166.24.225 - - [10/May/2026:19:00:37 +0200] "POST /wp-includes/hp2.php HTTP/1.1" 200 3100 "https://www.top-sport.hr/wp-includes/hp2.php" "Mozilla/5.0 (Windows NT 10.0; Win64; x64) AppleWebKit/537.36 (KHTML, like Gecko) Chrome/144.0.0.0 Safari/537.36"
74.7.243.248 - - [10/May/2026:19:00:37 +0200] "GET /wp-content/et-cache/100530/?C=S;O=A HTTP/1.1" 404 0 "https://www.top-sport.hr.ithome.hr/wp-content/et-cache/100530/" "Mozilla/5.0 AppleWebKit/537.36 (KHTML, like Gecko; compatible; GPTBot/1.3; +https://openai.com/gptbot)"
74.7.243.248 - - [10/May/2026:19:00:38 +0200] "GET /wp-content/et-cache/100560/?C=M;O=A HTTP/1.1" 404 0 "https://www.top-sport.hr.ithome.hr/wp-content/et-cache/100560/" "Mozilla/5.0 AppleWebKit/537.36 (KHTML, like Gecko; compatible; GPTBot/1.3; +https://openai.com/gptbot)"
74.7.243.248 - - [10/May/2026:19:00:39 +0200] "GET /wp-content/et-cache/100505/?C=D;O=A HTTP/1.1" 404 0 "https://www.top-sport.hr.ithome.hr/wp-content/et-cache/100505/" "Mozilla/5.0 AppleWebKit/537.36 (KHTML, like Gecko; compatible; GPTBot/1.3; +https://openai.com/gptbot)"
74.7.243.248 - - [10/May/2026:19:00:39 +0200] "GET /wp-content/et-cache/100304/?C=M;O=A HTTP/1.1" 404 0 "https://www.top-sport.hr.ithome.hr/wp-content/et-cache/100304/" "Mozilla/5.0 AppleWebKit/537.36 (KHTML, like Gecko; compatible; GPTBot/1.3; +https://openai.com/gptbot)"
74.7.243.248 - - [10/May/2026:19:00:40 +0200] "GET /wp-content/et-cache/100414/?C=N;O=D HTTP/1.1" 404 0 "https://www.top-sport.hr.ithome.hr/wp-content/et-cache/100414/" "Mozilla/5.0 AppleWebKit/537.36 (KHTML, like Gecko; compatible; GPTBot/1.3; +https://openai.com/gptbot)"
74.7.243.248 - - [10/May/2026:19:00:41 +0200] "GET /wp-content/et-cache/100520/?C=D;O=A HTTP/1.1" 404 0 "https://www.top-sport.hr.ithome.hr/wp-content/et-cache/100520/" "Mozilla/5.0 AppleWebKit/537.36 (KHTML, like Gecko; compatible; GPTBot/1.3; +https://openai.com/gptbot)"
74.7.243.248 - - [10/May/2026:19:00:42 +0200] "GET /wp-content/et-cache/100340/?C=D;O=A HTTP/1.1" 404 0 "https://www.top-sport.hr.ithome.hr/wp-content/et-cache/100340/" "Mozilla/5.0 AppleWebKit/537.36 (KHTML, like Gecko; compatible; GPTBot/1.3; +https://openai.com/gptbot)"
74.7.243.248 - - [10/May/2026:19:00:42 +0200] "GET /wp-content/et-cache/100510/?C=N;O=D HTTP/1.1" 404 0 "https://www.top-sport.hr.ithome.hr/wp-content/et-cache/100510/" "Mozilla/5.0 AppleWebKit/537.36 (KHTML, like Gecko; compatible; GPTBot/1.3; +https://openai.com/gptbot)"
74.7.243.248 - - [10/May/2026:19:00:43 +0200] "GET /wp-content/et-cache/100560/?C=D;O=A HTTP/1.1" 404 0 "https://www.top-sport.hr.ithome.hr/wp-content/et-cache/100560/" "Mozilla/5.0 AppleWebKit/537.36 (KHTML, like Gecko; compatible; GPTBot/1.3; +https://openai.com/gptbot)"
74.7.243.248 - - [10/May/2026:19:00:44 +0200] "GET /wp-content/et-cache/100304/?C=D;O=A HTTP/1.1" 404 0 "https://www.top-sport.hr.ithome.hr/wp-content/et-cache/100304/" "Mozilla/5.0 AppleWebKit/537.36 (KHTML, like Gecko; compatible; GPTBot/1.3; +https://openai.com/gptbot)"
74.7.243.248 - - [10/May/2026:19:00:45 +0200] "GET /wp-content/et-cache/100331/?C=D;O=A HTTP/1.1" 404 0 "https://www.top-sport.hr.ithome.hr/wp-content/et-cache/100331/" "Mozilla/5.0 AppleWebKit/537.36 (KHTML, like Gecko; compatible; GPTBot/1.3; +https://openai.com/gptbot)"
74.7.243.248 - - [10/May/2026:19:00:46 +0200] "GET /wp-content/et-cache/100360/?C=M;O=A HTTP/1.1" 404 0 "https://www.top-sport.hr.ithome.hr/wp-content/et-cache/100360/" "Mozilla/5.0 AppleWebKit/537.36 (KHTML, like Gecko; compatible; GPTBot/1.3; +https://openai.com/gptbot)"
17.241.227.92 - - [10/May/2026:19:00:46 +0200] "GET /p/kinder-sportschuhe-champion-low-cut-wave-bijela/ HTTP/1.1" 404 0 "-" "Mozilla/5.0 (Macintosh; Intel Mac OS X 10_15_7) AppleWebKit/605.1.15 (KHTML, like Gecko) Version/17.4 Safari/605.1.15 (Applebot/0.1; +http://www.apple.com/go/applebot)"
74.7.243.248 - - [10/May/2026:19:00:47 +0200] "GET /wp-content/et-cache/100590/?C=D;O=A HTTP/1.1" 404 0 "https://www.top-sport.hr.ithome.hr/wp-content/et-cache/100590/" "Mozilla/5.0 AppleWebKit/537.36 (KHTML, like Gecko; compatible; GPTBot/1.3; +https://openai.com/gptbot)"
74.7.243.248 - - [10/May/2026:19:00:47 +0200] "GET /wp-content/et-cache/100308/?C=S;O=A HTTP/1.1" 404 0 "https://www.top-sport.hr.ithome.hr/wp-content/et-cache/100308/" "Mozilla/5.0 AppleWebKit/537.36 (KHTML, like Gecko; compatible; GPTBot/1.3; +https://openai.com/gptbot)"
74.7.243.248 - - [10/May/2026:19:00:48 +0200] "GET /wp-content/et-cache/100520/?C=N;O=D HTTP/1.1" 404 0 "https://www.top-sport.hr.ithome.hr/wp-content/et-cache/100520/" "Mozilla/5.0 AppleWebKit/537.36 (KHTML, like Gecko; compatible; GPTBot/1.3; +https://openai.com/gptbot)"
74.7.243.248 - - [10/May/2026:19:00:49 +0200] "GET /wp-content/et-cache/100590/?C=S;O=A HTTP/1.1" 404 0 "https://www.top-sport.hr.ithome.hr/wp-content/et-cache/100590/" "Mozilla/5.0 AppleWebKit/537.36 (KHTML, like Gecko; compatible; GPTBot/1.3; +https://openai.com/gptbot)"
74.7.243.248 - - [10/May/2026:19:00:50 +0200] "GET /wp-content/et-cache/100331/?C=N;O=D HTTP/1.1" 404 0 "https://www.top-sport.hr.ithome.hr/wp-content/et-cache/100331/" "Mozilla/5.0 AppleWebKit/537.36 (KHTML, like Gecko; compatible; GPTBot/1.3; +https://openai.com/gptbot)"
74.7.243.248 - - [10/May/2026:19:00:51 +0200] "GET /wp-content/et-cache/100501/?C=S;O=A HTTP/1.1" 404 0 "https://www.top-sport.hr.ithome.hr/wp-content/et-cache/100501/" "Mozilla/5.0 AppleWebKit/537.36 (KHTML, like Gecko; compatible; GPTBot/1.3; +https://openai.com/gptbot)"
74.7.243.248 - - [10/May/2026:19:00:52 +0200] "GET /wp-content/et-cache/100608/?C=S;O=A HTTP/1.1" 404 0 "https://www.top-sport.hr.ithome.hr/wp-content/et-cache/100608/" "Mozilla/5.0 AppleWebKit/537.36 (KHTML, like Gecko; compatible; GPTBot/1.3; +https://openai.com/gptbot)"
74.7.243.248 - - [10/May/2026:19:00:53 +0200] "GET /wp-content/et-cache/100603/?C=M;O=A HTTP/1.1" 404 0 "https://www.top-sport.hr.ithome.hr/wp-content/et-cache/100603/" "Mozilla/5.0 AppleWebKit/537.36 (KHTML, like Gecko; compatible; GPTBot/1.3; +https://openai.com/gptbot)"
74.7.243.248 - - [10/May/2026:19:00:53 +0200] "GET /wp-content/et-cache/100414/?C=D;O=A HTTP/1.1" 404 0 "https://www.top-sport.hr.ithome.hr/wp-content/et-cache/100414/" "Mozilla/5.0 AppleWebKit/537.36 (KHTML, like Gecko; compatible; GPTBot/1.3; +https://openai.com/gptbot)"
74.7.243.248 - - [10/May/2026:19:00:54 +0200] "GET /wp-content/et-cache/100208/?C=M;O=A HTTP/1.1" 404 0 "https://www.top-sport.hr.ithome.hr/wp-content/et-cache/100208/" "Mozilla/5.0 AppleWebKit/537.36 (KHTML, like Gecko; compatible; GPTBot/1.3; +https://openai.com/gptbot)"
103.166.24.225 - - [10/May/2026:19:00:55 +0200] "POST /wp-includes/hp2.php HTTP/1.1" 200 3948 "https://www.top-sport.hr/wp-includes/hp2.php" "Mozilla/5.0 (Windows NT 10.0; Win64; x64) AppleWebKit/537.36 (KHTML, like Gecko) Chrome/144.0.0.0 Safari/537.36"
74.7.243.248 - - [10/May/2026:19:00:55 +0200] "GET /wp-content/et-cache/100608/?C=D;O=A HTTP/1.1" 404 0 "https://www.top-sport.hr.ithome.hr/wp-content/et-cache/100608/" "Mozilla/5.0 AppleWebKit/537.36 (KHTML, like Gecko; compatible; GPTBot/1.3; +https://openai.com/gptbot)"
74.7.243.248 - - [10/May/2026:19:00:56 +0200] "GET /wp-content/et-cache/100608/?C=M;O=A HTTP/1.1" 404 0 "https://www.top-sport.hr.ithome.hr/wp-content/et-cache/100608/" "Mozilla/5.0 AppleWebKit/537.36 (KHTML, like Gecko; compatible; GPTBot/1.3; +https://openai.com/gptbot)"
74.7.243.248 - - [10/May/2026:19:00:57 +0200] "GET /wp-content/et-cache/100204/?C=S;O=A HTTP/1.1" 404 0 "https://www.top-sport.hr.ithome.hr/wp-content/et-cache/100204/" "Mozilla/5.0 AppleWebKit/537.36 (KHTML, like Gecko; compatible; GPTBot/1.3; +https://openai.com/gptbot)"
74.7.243.248 - - [10/May/2026:19:00:58 +0200] "GET /wp-content/et-cache/100270/?C=N;O=D HTTP/1.1" 404 0 "https://www.top-sport.hr.ithome.hr/wp-content/et-cache/100270/" "Mozilla/5.0 AppleWebKit/537.36 (KHTML, like Gecko; compatible; GPTBot/1.3; +https://openai.com/gptbot)"
74.7.243.248 - - [10/May/2026:19:00:59 +0200] "GET /wp-content/et-cache/100505/?C=M;O=A HTTP/1.1" 404 0 "https://www.top-sport.hr.ithome.hr/wp-content/et-cache/100505/" "Mozilla/5.0 AppleWebKit/537.36 (KHTML, like Gecko; compatible; GPTBot/1.3; +https://openai.com/gptbot)"
74.7.243.248 - - [10/May/2026:19:01:00 +0200] "GET /wp-content/et-cache/100370/?C=N;O=D HTTP/1.1" 404 0 "https://www.top-sport.hr.ithome.hr/wp-content/et-cache/100370/" "Mozilla/5.0 AppleWebKit/537.36 (KHTML, like Gecko; compatible; GPTBot/1.3; +https://openai.com/gptbot)"
74.7.243.248 - - [10/May/2026:19:01:01 +0200] "GET /wp-content/et-cache/100520/?C=M;O=A HTTP/1.1" 404 0 "https://www.top-sport.hr.ithome.hr/wp-content/et-cache/100520/" "Mozilla/5.0 AppleWebKit/537.36 (KHTML, like Gecko; compatible; GPTBot/1.3; +https://openai.com/gptbot)"
194.36.45.211 - - [10/May/2026:19:01:02 +0200] "GET /wcmipconnector/readfiles/ HTTP/1.1" 500 0 "-" "curl/7.61.1"
74.7.243.248 - - [10/May/2026:19:01:03 +0200] "GET /wp-content/et-cache/100530/?C=D;O=A HTTP/1.1" 404 0 "https://www.top-sport.hr.ithome.hr/wp-content/et-cache/100530/" "Mozilla/5.0 AppleWebKit/537.36 (KHTML, like Gecko; compatible; GPTBot/1.3; +https://openai.com/gptbot)"
74.7.243.248 - - [10/May/2026:19:01:03 +0200] "GET /wp-content/et-cache/100308/?C=M;O=A HTTP/1.1" 404 0 "https://www.top-sport.hr.ithome.hr/wp-content/et-cache/100308/" "Mozilla/5.0 AppleWebKit/537.36 (KHTML, like Gecko; compatible; GPTBot/1.3; +https://openai.com/gptbot)"
74.7.243.248 - - [10/May/2026:19:01:05 +0200] "GET /wp-content/et-cache/100410/?C=S;O=A HTTP/1.1" 404 0 "https://www.top-sport.hr.ithome.hr/wp-content/et-cache/100410/" "Mozilla/5.0 AppleWebKit/537.36 (KHTML, like Gecko; compatible; GPTBot/1.3; +https://openai.com/gptbot)"
74.7.243.248 - - [10/May/2026:19:01:05 +0200] "GET /wp-content/et-cache/100370/?C=S;O=A HTTP/1.1" 404 0 "https://www.top-sport.hr.ithome.hr/wp-content/et-cache/100370/" "Mozilla/5.0 AppleWebKit/537.36 (KHTML, like Gecko; compatible; GPTBot/1.3; +https://openai.com/gptbot)"
74.7.243.248 - - [10/May/2026:19:01:06 +0200] "GET /wp-content/et-cache/100551/?C=N;O=D HTTP/1.1" 404 0 "https://www.top-sport.hr.ithome.hr/wp-content/et-cache/100551/" "Mozilla/5.0 AppleWebKit/537.36 (KHTML, like Gecko; compatible; GPTBot/1.3; +https://openai.com/gptbot)"
74.7.243.248 - - [10/May/2026:19:01:07 +0200] "GET /wp-content/et-cache/100270/?C=S;O=A HTTP/1.1" 404 0 "https://www.top-sport.hr.ithome.hr/wp-content/et-cache/100270/" "Mozilla/5.0 AppleWebKit/537.36 (KHTML, like Gecko; compatible; GPTBot/1.3; +https://openai.com/gptbot)"
74.7.243.248 - - [10/May/2026:19:01:08 +0200] "GET /wp-content/et-cache/100360/?C=N;O=D HTTP/1.1" 404 0 "https://www.top-sport.hr.ithome.hr/wp-content/et-cache/100360/" "Mozilla/5.0 AppleWebKit/537.36 (KHTML, like Gecko; compatible; GPTBot/1.3; +https://openai.com/gptbot)"
74.7.243.248 - - [10/May/2026:19:01:08 +0200] "GET /wp-content/et-cache/100204/?C=N;O=D HTTP/1.1" 404 0 "https://www.top-sport.hr.ithome.hr/wp-content/et-cache/100204/" "Mozilla/5.0 AppleWebKit/537.36 (KHTML, like Gecko; compatible; GPTBot/1.3; +https://openai.com/gptbot)"
74.7.243.248 - - [10/May/2026:19:01:09 +0200] "GET /wp-content/et-cache/100410/?C=D;O=A HTTP/1.1" 404 0 "https://www.top-sport.hr.ithome.hr/wp-content/et-cache/100410/" "Mozilla/5.0 AppleWebKit/537.36 (KHTML, like Gecko; compatible; GPTBot/1.3; +https://openai.com/gptbot)"