216.73.217.125 - - [10/May/2026:17:55:43 +0200] "GET /wp-includes/blocks/accordion-item/?C=D&O=D HTTP/1.1" 200 360 "-" "Mozilla/5.0 AppleWebKit/537.36 (KHTML, like Gecko; compatible; ClaudeBot/1.0; +claudebot@anthropic.com)"
216.73.217.125 - - [10/May/2026:17:55:43 +0200] "GET /wp-content/uploads/2024/12/11/?C=M&O=D HTTP/1.1" 200 358 "-" "Mozilla/5.0 AppleWebKit/537.36 (KHTML, like Gecko; compatible; ClaudeBot/1.0; +claudebot@anthropic.com)"
216.73.217.125 - - [10/May/2026:17:55:55 +0200] "GET /wp-content/themes/Divi/core/build/?C=N&O=A HTTP/1.1" 200 362 "-" "Mozilla/5.0 AppleWebKit/537.36 (KHTML, like Gecko; compatible; ClaudeBot/1.0; +claudebot@anthropic.com)"
216.73.217.125 - - [10/May/2026:17:55:56 +0200] "GET /wp-includes/blocks/accordion-item/?C=S&O=D HTTP/1.1" 200 360 "-" "Mozilla/5.0 AppleWebKit/537.36 (KHTML, like Gecko; compatible; ClaudeBot/1.0; +claudebot@anthropic.com)"
216.73.217.125 - - [10/May/2026:17:56:00 +0200] "GET /wp-content/uploads/2024/12/11/?C=N&O=A HTTP/1.1" 200 360 "-" "Mozilla/5.0 AppleWebKit/537.36 (KHTML, like Gecko; compatible; ClaudeBot/1.0; +claudebot@anthropic.com)"
216.73.217.125 - - [10/May/2026:17:56:01 +0200] "GET /wp-includes/blocks/accordion-item/?C=N&O=A HTTP/1.1" 200 363 "-" "Mozilla/5.0 AppleWebKit/537.36 (KHTML, like Gecko; compatible; ClaudeBot/1.0; +claudebot@anthropic.com)"
194.36.45.211 - - [10/May/2026:17:56:01 +0200] "GET /wcmipconnector/readfiles/ HTTP/1.1" 404 355 "-" "curl/7.61.1"
66.249.69.101 - - [10/May/2026:17:56:31 +0200] "GET /nomenclature/creation/ep7s48vmksv5m5c.shtml HTTP/1.1" 404 277 "-" "Mozilla/5.0 (Linux; Android 6.0.1; Nexus 5X Build/MMB29P) AppleWebKit/537.36 (KHTML, like Gecko) Chrome/147.0.7727.137 Mobile Safari/537.36 (compatible; Googlebot/2.1; +http://www.google.com/bot.html)"
216.73.217.125 - - [10/May/2026:17:56:44 +0200] "GET /wp-content/plugins/instagram-feed/?C=D&O=D HTTP/1.1" 200 362 "-" "Mozilla/5.0 AppleWebKit/537.36 (KHTML, like Gecko; compatible; ClaudeBot/1.0; +claudebot@anthropic.com)"
216.73.217.125 - - [10/May/2026:17:56:44 +0200] "GET /wp-content/plugins/instagram-feed/?C=M&O=D HTTP/1.1" 200 362 "-" "Mozilla/5.0 AppleWebKit/537.36 (KHTML, like Gecko; compatible; ClaudeBot/1.0; +claudebot@anthropic.com)"
216.73.217.125 - - [10/May/2026:17:56:48 +0200] "GET /wp-content/themes/Divi/core/admin/?C=M&O=D HTTP/1.1" 200 359 "-" "Mozilla/5.0 AppleWebKit/537.36 (KHTML, like Gecko; compatible; ClaudeBot/1.0; +claudebot@anthropic.com)"
216.73.217.125 - - [10/May/2026:17:56:48 +0200] "GET /wp-content/plugins/instagram-feed/?C=S&O=D HTTP/1.1" 200 362 "-" "Mozilla/5.0 AppleWebKit/537.36 (KHTML, like Gecko; compatible; ClaudeBot/1.0; +claudebot@anthropic.com)"
216.73.217.125 - - [10/May/2026:17:56:52 +0200] "GET /wp-content/themes/Divi/core/admin/?C=S&O=D HTTP/1.1" 200 359 "-" "Mozilla/5.0 AppleWebKit/537.36 (KHTML, like Gecko; compatible; ClaudeBot/1.0; +claudebot@anthropic.com)"
216.73.217.125 - - [10/May/2026:17:56:52 +0200] "GET /wp-content/themes/Divi/core/admin/?C=D&O=D HTTP/1.1" 200 359 "-" "Mozilla/5.0 AppleWebKit/537.36 (KHTML, like Gecko; compatible; ClaudeBot/1.0; +claudebot@anthropic.com)"
194.36.45.211 - - [10/May/2026:17:57:01 +0200] "GET /wcmipconnector/readfiles/ HTTP/1.1" 404 355 "-" "curl/7.61.1"
216.73.217.125 - - [10/May/2026:17:57:03 +0200] "GET /wp-content/themes/Divi/core/admin/?C=N&O=A HTTP/1.1" 200 361 "-" "Mozilla/5.0 AppleWebKit/537.36 (KHTML, like Gecko; compatible; ClaudeBot/1.0; +claudebot@anthropic.com)"
216.73.217.125 - - [10/May/2026:17:57:03 +0200] "GET /wp-content/plugins/instagram-feed/?C=N&O=A HTTP/1.1" 200 364 "-" "Mozilla/5.0 AppleWebKit/537.36 (KHTML, like Gecko; compatible; ClaudeBot/1.0; +claudebot@anthropic.com)"
216.73.217.125 - - [10/May/2026:17:57:17 +0200] "GET /wp-content/themes/Divi/core/admin/?C=M&O=D HTTP/1.1" 200 359 "-" "Mozilla/5.0 AppleWebKit/537.36 (KHTML, like Gecko; compatible; ClaudeBot/1.0; +claudebot@anthropic.com)"
216.73.217.125 - - [10/May/2026:17:57:19 +0200] "GET /wp-content/themes/Divi/epanel/css/?C=S&O=D HTTP/1.1" 200 360 "-" "Mozilla/5.0 AppleWebKit/537.36 (KHTML, like Gecko; compatible; ClaudeBot/1.0; +claudebot@anthropic.com)"
216.73.217.125 - - [10/May/2026:17:57:40 +0200] "GET /wp-content/themes/Divi/core/admin/?C=D&O=D HTTP/1.1" 200 359 "-" "Mozilla/5.0 AppleWebKit/537.36 (KHTML, like Gecko; compatible; ClaudeBot/1.0; +claudebot@anthropic.com)"
216.73.217.125 - - [10/May/2026:17:57:43 +0200] "GET /wp-includes/blocks/page-list-item/?C=M&O=D HTTP/1.1" 200 397 "-" "Mozilla/5.0 AppleWebKit/537.36 (KHTML, like Gecko; compatible; ClaudeBot/1.0; +claudebot@anthropic.com)"
216.73.217.125 - - [10/May/2026:17:57:52 +0200] "GET /wp-content/themes/Divi/core/admin/?C=S&O=D HTTP/1.1" 200 359 "-" "Mozilla/5.0 AppleWebKit/537.36 (KHTML, like Gecko; compatible; ClaudeBot/1.0; +claudebot@anthropic.com)"
216.73.217.125 - - [10/May/2026:17:57:53 +0200] "GET /wp-includes/blocks/page-list-item/?C=D&O=D HTTP/1.1" 200 397 "-" "Mozilla/5.0 AppleWebKit/537.36 (KHTML, like Gecko; compatible; ClaudeBot/1.0; +claudebot@anthropic.com)"
194.36.45.211 - - [10/May/2026:17:58:01 +0200] "GET /wcmipconnector/readfiles/ HTTP/1.1" 404 355 "-" "curl/7.61.1"
216.73.217.125 - - [10/May/2026:17:58:14 +0200] "GET /wp-includes/blocks/page-list-item/?C=S&O=D HTTP/1.1" 200 397 "-" "Mozilla/5.0 AppleWebKit/537.36 (KHTML, like Gecko; compatible; ClaudeBot/1.0; +claudebot@anthropic.com)"
216.73.217.125 - - [10/May/2026:17:58:24 +0200] "GET /wp-includes/blocks/page-list-item/?C=N&O=A HTTP/1.1" 200 399 "-" "Mozilla/5.0 AppleWebKit/537.36 (KHTML, like Gecko; compatible; ClaudeBot/1.0; +claudebot@anthropic.com)"
129.121.76.191 - - [10/May/2026:17:58:32 +0200] "GET /wp-login.php HTTP/1.1" 404 47 "-" "Mozilla/5.0 (X11; Ubuntu; Linux x86_64) AppleWebKit/537.36 (KHTML, like Gecko) Chrome/133.0.0.0 Safari/537.36"
216.73.217.125 - - [10/May/2026:17:58:44 +0200] "GET /wp-content/themes/Divi/epanel/css/?C=M&O=D HTTP/1.1" 200 360 "-" "Mozilla/5.0 AppleWebKit/537.36 (KHTML, like Gecko; compatible; ClaudeBot/1.0; +claudebot@anthropic.com)"
216.73.217.125 - - [10/May/2026:17:58:59 +0200] "GET /wp-content/themes/Divi/epanel/css/?C=N&O=A HTTP/1.1" 200 362 "-" "Mozilla/5.0 AppleWebKit/537.36 (KHTML, like Gecko; compatible; ClaudeBot/1.0; +claudebot@anthropic.com)"
194.36.45.211 - - [10/May/2026:17:59:01 +0200] "GET /wcmipconnector/readfiles/ HTTP/1.1" 404 355 "-" "curl/7.61.1"
216.73.217.125 - - [10/May/2026:17:59:09 +0200] "GET /wp-content/themes/Divi/epanel/css/?C=D&O=D HTTP/1.1" 200 360 "-" "Mozilla/5.0 AppleWebKit/537.36 (KHTML, like Gecko; compatible; ClaudeBot/1.0; +claudebot@anthropic.com)"
216.73.217.125 - - [10/May/2026:17:59:09 +0200] "GET /wp-content/themes/Divi/ai-app/build/ HTTP/1.1" 200 364 "-" "Mozilla/5.0 AppleWebKit/537.36 (KHTML, like Gecko; compatible; ClaudeBot/1.0; +claudebot@anthropic.com)"
216.73.217.125 - - [10/May/2026:17:59:29 +0200] "GET /wp-includes/blocks/page-list-item/?C=M&O=D HTTP/1.1" 200 397 "-" "Mozilla/5.0 AppleWebKit/537.36 (KHTML, like Gecko; compatible; ClaudeBot/1.0; +claudebot@anthropic.com)"
216.73.217.125 - - [10/May/2026:17:59:29 +0200] "GET /wp-content/themes/Divi/epanel/css/?C=S&O=D HTTP/1.1" 200 360 "-" "Mozilla/5.0 AppleWebKit/537.36 (KHTML, like Gecko; compatible; ClaudeBot/1.0; +claudebot@anthropic.com)"
216.73.217.125 - - [10/May/2026:17:59:34 +0200] "GET /wp-includes/blocks/page-list-item/?C=S&O=D HTTP/1.1" 200 397 "-" "Mozilla/5.0 AppleWebKit/537.36 (KHTML, like Gecko; compatible; ClaudeBot/1.0; +claudebot@anthropic.com)"
216.73.217.125 - - [10/May/2026:17:59:34 +0200] "GET /wp-includes/blocks/page-list-item/?C=D&O=D HTTP/1.1" 200 397 "-" "Mozilla/5.0 AppleWebKit/537.36 (KHTML, like Gecko; compatible; ClaudeBot/1.0; +claudebot@anthropic.com)"
66.249.69.103 - - [10/May/2026:17:59:49 +0200] "GET /spectrum/property/esdqae1rqy1b3bi.shtml HTTP/1.1" 404 277 "-" "Mozilla/5.0 (Linux; Android 6.0.1; Nexus 5X Build/MMB29P) AppleWebKit/537.36 (KHTML, like Gecko) Chrome/147.0.7727.137 Mobile Safari/537.36 (compatible; Googlebot/2.1; +http://www.google.com/bot.html)"
194.36.45.211 - - [10/May/2026:18:00:01 +0200] "GET /wcmipconnector/readfiles/ HTTP/1.1" 404 355 "-" "curl/7.61.1"
216.73.217.125 - - [10/May/2026:18:00:04 +0200] "GET /wp-content/themes/Divi/epanel/js/?C=M&O=D HTTP/1.1" 200 360 "-" "Mozilla/5.0 AppleWebKit/537.36 (KHTML, like Gecko; compatible; ClaudeBot/1.0; +claudebot@anthropic.com)"
216.73.217.125 - - [10/May/2026:18:00:05 +0200] "GET /wp-content/themes/Divi/core/build/?C=M&O=D HTTP/1.1" 200 360 "-" "Mozilla/5.0 AppleWebKit/537.36 (KHTML, like Gecko; compatible; ClaudeBot/1.0; +claudebot@anthropic.com)"
216.73.217.125 - - [10/May/2026:18:00:09 +0200] "GET /wp-content/themes/Divi/core/build/?C=D&O=D HTTP/1.1" 200 360 "-" "Mozilla/5.0 AppleWebKit/537.36 (KHTML, like Gecko; compatible; ClaudeBot/1.0; +claudebot@anthropic.com)"
216.73.217.125 - - [10/May/2026:18:00:11 +0200] "GET /wp-content/themes/Divi/epanel/js/?C=D&O=D HTTP/1.1" 200 360 "-" "Mozilla/5.0 AppleWebKit/537.36 (KHTML, like Gecko; compatible; ClaudeBot/1.0; +claudebot@anthropic.com)"
216.73.217.125 - - [10/May/2026:18:00:32 +0200] "GET /wp-content/themes/Divi/core/build/?C=S&O=D HTTP/1.1" 200 360 "-" "Mozilla/5.0 AppleWebKit/537.36 (KHTML, like Gecko; compatible; ClaudeBot/1.0; +claudebot@anthropic.com)"
216.73.217.125 - - [10/May/2026:18:00:33 +0200] "GET /wp-includes/blocks/accordion-item/?C=M&O=D HTTP/1.1" 200 360 "-" "Mozilla/5.0 AppleWebKit/537.36 (KHTML, like Gecko; compatible; ClaudeBot/1.0; +claudebot@anthropic.com)"
216.73.217.125 - - [10/May/2026:18:00:33 +0200] "GET /wp-includes/blocks/page-list-item/?C=N&O=A HTTP/1.1" 200 399 "-" "Mozilla/5.0 AppleWebKit/537.36 (KHTML, like Gecko; compatible; ClaudeBot/1.0; +claudebot@anthropic.com)"
216.73.217.125 - - [10/May/2026:18:00:34 +0200] "GET /wp-content/themes/Divi/epanel/js/?C=S&O=D HTTP/1.1" 200 360 "-" "Mozilla/5.0 AppleWebKit/537.36 (KHTML, like Gecko; compatible; ClaudeBot/1.0; +claudebot@anthropic.com)"
216.73.217.125 - - [10/May/2026:18:00:53 +0200] "GET /wp-includes/blocks/accordion-item/?C=S&O=D HTTP/1.1" 200 360 "-" "Mozilla/5.0 AppleWebKit/537.36 (KHTML, like Gecko; compatible; ClaudeBot/1.0; +claudebot@anthropic.com)"
216.73.217.125 - - [10/May/2026:18:00:53 +0200] "GET /wp-includes/blocks/accordion-item/?C=D&O=D HTTP/1.1" 200 360 "-" "Mozilla/5.0 AppleWebKit/537.36 (KHTML, like Gecko; compatible; ClaudeBot/1.0; +claudebot@anthropic.com)"
194.36.45.211 - - [10/May/2026:18:01:01 +0200] "GET /wcmipconnector/readfiles/ HTTP/1.1" 404 355 "-" "curl/7.61.1"
216.73.217.125 - - [10/May/2026:18:01:14 +0200] "GET /wp-content/uploads/2024/12/11/?C=D&O=D HTTP/1.1" 200 358 "-" "Mozilla/5.0 AppleWebKit/537.36 (KHTML, like Gecko; compatible; ClaudeBot/1.0; +claudebot@anthropic.com)"
216.73.217.125 - - [10/May/2026:18:01:14 +0200] "GET /wp-content/uploads/2024/12/11/?C=M&O=D HTTP/1.1" 200 358 "-" "Mozilla/5.0 AppleWebKit/537.36 (KHTML, like Gecko; compatible; ClaudeBot/1.0; +claudebot@anthropic.com)"
216.73.217.125 - - [10/May/2026:18:01:18 +0200] "GET /wp-content/themes/Divi/core/build/?C=N&O=A HTTP/1.1" 200 362 "-" "Mozilla/5.0 AppleWebKit/537.36 (KHTML, like Gecko; compatible; ClaudeBot/1.0; +claudebot@anthropic.com)"
216.73.217.125 - - [10/May/2026:18:01:18 +0200] "GET /wp-content/uploads/2024/12/11/?C=S&O=D HTTP/1.1" 200 358 "-" "Mozilla/5.0 AppleWebKit/537.36 (KHTML, like Gecko; compatible; ClaudeBot/1.0; +claudebot@anthropic.com)"
216.73.217.125 - - [10/May/2026:18:01:43 +0200] "GET /wp-includes/blocks/accordion-item/?C=N&O=A HTTP/1.1" 200 363 "-" "Mozilla/5.0 AppleWebKit/537.36 (KHTML, like Gecko; compatible; ClaudeBot/1.0; +claudebot@anthropic.com)"
216.73.217.125 - - [10/May/2026:18:01:45 +0200] "GET /wp-content/themes/Divi/epanel/js/?C=N&O=A HTTP/1.1" 200 361 "-" "Mozilla/5.0 AppleWebKit/537.36 (KHTML, like Gecko; compatible; ClaudeBot/1.0; +claudebot@anthropic.com)"
66.249.69.101 - - [10/May/2026:18:01:47 +0200] "GET /spectrum/yield/fmq0zfebfw641sn.shtml HTTP/1.1" 404 277 "-" "Mozilla/5.0 (Linux; Android 6.0.1; Nexus 5X Build/MMB29P) AppleWebKit/537.36 (KHTML, like Gecko) Chrome/147.0.7727.137 Mobile Safari/537.36 (compatible; Googlebot/2.1; +http://www.google.com/bot.html)"
110.93.205.130 - - [10/May/2026:18:02:01 +0200] "GET /wp-login.php HTTP/1.1" 404 47 "-" "Mozilla/5.0 (Macintosh; Intel Mac OS X 10_15_7) AppleWebKit/537.36 (KHTML, like Gecko) Chrome/133.0.0.0 Safari/537.36 Edg/133.0.0.0"
194.36.45.211 - - [10/May/2026:18:02:01 +0200] "GET /wcmipconnector/readfiles/ HTTP/1.1" 404 355 "-" "curl/7.61.1"
216.73.217.125 - - [10/May/2026:18:02:04 +0200] "GET /wp-content/uploads/2024/12/11/?C=N&O=A HTTP/1.1" 200 360 "-" "Mozilla/5.0 AppleWebKit/537.36 (KHTML, like Gecko; compatible; ClaudeBot/1.0; +claudebot@anthropic.com)"
216.73.217.125 - - [10/May/2026:18:02:22 +0200] "GET /wp-content/themes/Divi/onboarding/i18n/?C=N&O=A HTTP/1.1" 200 367 "-" "Mozilla/5.0 AppleWebKit/537.36 (KHTML, like Gecko; compatible; ClaudeBot/1.0; +claudebot@anthropic.com)"
66.249.69.102 - - [10/May/2026:18:02:31 +0200] "GET /alpinizam-i-feratta/utjecaj-klimatskih-promjena-na-alpinizam/feed/ HTTP/1.1" 404 277 "-" "Mozilla/5.0 (Linux; Android 6.0.1; Nexus 5X Build/MMB29P) AppleWebKit/537.36 (KHTML, like Gecko) Chrome/147.0.7727.137 Mobile Safari/537.36 (compatible; GoogleOther)"
216.73.217.125 - - [10/May/2026:18:02:47 +0200] "GET /wp-content/themes/Divi/epanel/build/?C=M&O=D HTTP/1.1" 200 362 "-" "Mozilla/5.0 AppleWebKit/537.36 (KHTML, like Gecko; compatible; ClaudeBot/1.0; +claudebot@anthropic.com)"
194.36.45.211 - - [10/May/2026:18:03:02 +0200] "GET /wcmipconnector/readfiles/ HTTP/1.1" 404 355 "-" "curl/7.61.1"
66.249.69.103 - - [10/May/2026:18:03:17 +0200] "GET /aggregation/release/e2nwwcbrcwbxh9s.shtml HTTP/1.1" 404 277 "-" "Mozilla/5.0 (Linux; Android 6.0.1; Nexus 5X Build/MMB29P) AppleWebKit/537.36 (KHTML, like Gecko) Chrome/147.0.7727.137 Mobile Safari/537.36 (compatible; Googlebot/2.1; +http://www.google.com/bot.html)"
216.73.217.125 - - [10/May/2026:18:03:18 +0200] "GET /wp-content/themes/Divi/onboarding/i18n/?C=S&O=D HTTP/1.1" 200 365 "-" "Mozilla/5.0 AppleWebKit/537.36 (KHTML, like Gecko; compatible; ClaudeBot/1.0; +claudebot@anthropic.com)"
66.249.69.102 - - [10/May/2026:18:03:24 +0200] "GET /tier/particle/euob91c5plcaoyt.shtml HTTP/1.1" 404 277 "-" "Mozilla/5.0 (Linux; Android 6.0.1; Nexus 5X Build/MMB29P) AppleWebKit/537.36 (KHTML, like Gecko) Chrome/147.0.7727.137 Mobile Safari/537.36 (compatible; Googlebot/2.1; +http://www.google.com/bot.html)"
216.73.217.125 - - [10/May/2026:18:03:49 +0200] "GET /wp-content/themes/Divi/epanel/build/?C=S&O=D HTTP/1.1" 200 362 "-" "Mozilla/5.0 AppleWebKit/537.36 (KHTML, like Gecko; compatible; ClaudeBot/1.0; +claudebot@anthropic.com)"
216.73.217.125 - - [10/May/2026:18:03:50 +0200] "GET /wp-content/uploads/2024/12/11/?C=D&O=D HTTP/1.1" 200 358 "-" "Mozilla/5.0 AppleWebKit/537.36 (KHTML, like Gecko; compatible; ClaudeBot/1.0; +claudebot@anthropic.com)"
194.36.45.211 - - [10/May/2026:18:04:02 +0200] "GET /wcmipconnector/readfiles/ HTTP/1.1" 404 355 "-" "curl/7.61.1"
216.73.217.125 - - [10/May/2026:18:04:13 +0200] "GET /wp-content/themes/Divi/epanel/build/?C=D&O=D HTTP/1.1" 200 362 "-" "Mozilla/5.0 AppleWebKit/537.36 (KHTML, like Gecko; compatible; ClaudeBot/1.0; +claudebot@anthropic.com)"
216.73.217.125 - - [10/May/2026:18:04:13 +0200] "GET /wp-content/themes/Divi/onboarding/i18n/?C=D&O=D HTTP/1.1" 200 365 "-" "Mozilla/5.0 AppleWebKit/537.36 (KHTML, like Gecko; compatible; ClaudeBot/1.0; +claudebot@anthropic.com)"
216.73.217.125 - - [10/May/2026:18:04:31 +0200] "GET /wp-content/themes/Divi/onboarding/i18n/?C=M&O=D HTTP/1.1" 200 365 "-" "Mozilla/5.0 AppleWebKit/537.36 (KHTML, like Gecko; compatible; ClaudeBot/1.0; +claudebot@anthropic.com)"
216.73.217.125 - - [10/May/2026:18:04:33 +0200] "GET /wp-content/themes/Divi/epanel/build/?C=N&O=A HTTP/1.1" 200 364 "-" "Mozilla/5.0 AppleWebKit/537.36 (KHTML, like Gecko; compatible; ClaudeBot/1.0; +claudebot@anthropic.com)"
216.73.217.125 - - [10/May/2026:18:04:33 +0200] "GET /wp-content/uploads/2024/12/11/?C=S&O=D HTTP/1.1" 200 358 "-" "Mozilla/5.0 AppleWebKit/537.36 (KHTML, like Gecko; compatible; ClaudeBot/1.0; +claudebot@anthropic.com)"
194.36.45.211 - - [10/May/2026:18:05:01 +0200] "GET /wcmipconnector/readfiles/ HTTP/1.1" 404 355 "-" "curl/7.61.1"
194.36.45.211 - - [10/May/2026:18:06:01 +0200] "GET /wcmipconnector/readfiles/ HTTP/1.1" 404 355 "-" "curl/7.61.1"
57.141.4.19 - - [10/May/2026:18:06:31 +0200] "GET /wp-content/uploads/2018/05/superstar-top-preporuka3.jpg HTTP/1.1" 404 355 "-" "meta-externalagent/1.1 (+https://developers.facebook.com/docs/sharing/webmasters/crawler)"
194.36.45.211 - - [10/May/2026:18:07:01 +0200] "GET /wcmipconnector/readfiles/ HTTP/1.1" 404 355 "-" "curl/7.61.1"
216.73.217.125 - - [10/May/2026:18:07:05 +0200] "GET /wp-content/themes/Divi/css/tinymce-skin/?C=S&O=D HTTP/1.1" 200 366 "-" "Mozilla/5.0 AppleWebKit/537.36 (KHTML, like Gecko; compatible; ClaudeBot/1.0; +claudebot@anthropic.com)"
192.241.189.144 - - [10/May/2026:18:07:14 +0200] "GET /wp-content/themes/bbdev/img/footer_4f.png HTTP/1.1" 404 277 "https://www.top-sport.hr" "Mozilla/5.0 (Windows NT 10.0; Win64; x64) AppleWebKit/537.36 (KHTML, like Gecko) Chrome/147.0.0.0 Safari/537.36"
89.104.101.231 - - [10/May/2026:18:07:15 +0200] "GET /wp-content/themes/bbdev/img/footer_4f.png HTTP/1.1" 404 277 "https://www.top-sport.hr" "Mozilla/5.0 (Windows NT 10.0; Win64; x64) AppleWebKit/537.36 (KHTML, like Gecko) Chrome/147.0.0.0 Safari/537.36"
193.9.56.214 - - [10/May/2026:18:07:18 +0200] "GET /wp-content/themes/bbdev/img/footer_4f.png HTTP/1.1" 404 277 "https://www.top-sport.hr" "Mozilla/5.0 (Windows NT 10.0; Win64; x64) AppleWebKit/537.36 (KHTML, like Gecko) Chrome/147.0.0.0 Safari/537.36"
89.78.139.95 - - [10/May/2026:18:07:19 +0200] "GET /wp-content/themes/bbdev/img/footer_4f.png HTTP/1.1" 404 277 "https://www.top-sport.hr" "Mozilla/5.0 (Windows NT 10.0; Win64; x64) AppleWebKit/537.36 (KHTML, like Gecko) Chrome/147.0.0.0 Safari/537.36"
66.249.69.103 - - [10/May/2026:18:07:24 +0200] "GET /catalogue/info/fsak7bybn12o60j.shtml HTTP/1.1" 404 277 "-" "Mozilla/5.0 (Linux; Android 6.0.1; Nexus 5X Build/MMB29P) AppleWebKit/537.36 (KHTML, like Gecko) Chrome/147.0.7727.137 Mobile Safari/537.36 (compatible; Googlebot/2.1; +http://www.google.com/bot.html)"
66.249.69.102 - - [10/May/2026:18:07:39 +0200] "GET /quality/version/egm0jnavz7ak4kr.shtml HTTP/1.1" 404 277 "-" "Mozilla/5.0 (compatible; Googlebot/2.1; +http://www.google.com/bot.html)"
216.73.217.125 - - [10/May/2026:18:07:40 +0200] "GET /wp-content/themes/Divi/css/tinymce-skin/?C=D&O=D HTTP/1.1" 200 366 "-" "Mozilla/5.0 AppleWebKit/537.36 (KHTML, like Gecko; compatible; ClaudeBot/1.0; +claudebot@anthropic.com)"
216.73.217.125 - - [10/May/2026:18:07:40 +0200] "GET /wp-content/themes/Divi/css/tinymce-skin/?C=M&O=D HTTP/1.1" 200 366 "-" "Mozilla/5.0 AppleWebKit/537.36 (KHTML, like Gecko; compatible; ClaudeBot/1.0; +claudebot@anthropic.com)"
216.73.217.125 - - [10/May/2026:18:07:54 +0200] "GET /wp-content/themes/Divi/epanel/js/?C=S&O=D HTTP/1.1" 200 360 "-" "Mozilla/5.0 AppleWebKit/537.36 (KHTML, like Gecko; compatible; ClaudeBot/1.0; +claudebot@anthropic.com)"
194.36.45.211 - - [10/May/2026:18:08:01 +0200] "GET /wcmipconnector/readfiles/ HTTP/1.1" 404 355 "-" "curl/7.61.1"
216.73.217.125 - - [10/May/2026:18:08:07 +0200] "GET /wp-content/themes/Divi/epanel/js/?C=D&O=D HTTP/1.1" 200 360 "-" "Mozilla/5.0 AppleWebKit/537.36 (KHTML, like Gecko; compatible; ClaudeBot/1.0; +claudebot@anthropic.com)"
194.36.45.211 - - [10/May/2026:18:09:01 +0200] "GET /wcmipconnector/readfiles/ HTTP/1.1" 404 355 "-" "curl/7.61.1"
216.73.217.125 - - [10/May/2026:18:09:16 +0200] "GET /wp-content/themes/Divi/epanel/js/?C=M&O=D HTTP/1.1" 200 360 "-" "Mozilla/5.0 AppleWebKit/537.36 (KHTML, like Gecko; compatible; ClaudeBot/1.0; +claudebot@anthropic.com)"
216.73.217.125 - - [10/May/2026:18:09:25 +0200] "GET /wp-content/themes/Divi/epanel/js/?C=N&O=A HTTP/1.1" 200 361 "-" "Mozilla/5.0 AppleWebKit/537.36 (KHTML, like Gecko; compatible; ClaudeBot/1.0; +claudebot@anthropic.com)"
216.73.217.125 - - [10/May/2026:18:09:25 +0200] "GET /wp-content/themes/Divi/css/tinymce-skin/?C=N&O=A HTTP/1.1" 200 368 "-" "Mozilla/5.0 AppleWebKit/537.36 (KHTML, like Gecko; compatible; ClaudeBot/1.0; +claudebot@anthropic.com)"
194.36.45.211 - - [10/May/2026:18:10:01 +0200] "GET /wcmipconnector/readfiles/ HTTP/1.1" 404 355 "-" "curl/7.61.1"
66.249.69.103 - - [10/May/2026:18:10:24 +0200] "GET /continuum/derivative/frryc4fbszv575c.shtml HTTP/1.1" 404 277 "-" "Mozilla/5.0 (Linux; Android 6.0.1; Nexus 5X Build/MMB29P) AppleWebKit/537.36 (KHTML, like Gecko) Chrome/147.0.7727.137 Mobile Safari/537.36 (compatible; Googlebot/2.1; +http://www.google.com/bot.html)"
194.36.45.211 - - [10/May/2026:18:11:01 +0200] "GET /wcmipconnector/readfiles/ HTTP/1.1" 404 355 "-" "curl/7.61.1"
66.249.69.102 - - [10/May/2026:18:11:37 +0200] "GET /edition/option/e64715s8hps2729.shtml HTTP/1.1" 404 277 "-" "Mozilla/5.0 (Linux; Android 6.0.1; Nexus 5X Build/MMB29P) AppleWebKit/537.36 (KHTML, like Gecko) Chrome/147.0.7727.137 Mobile Safari/537.36 (compatible; GoogleOther)"
194.36.45.211 - - [10/May/2026:18:12:01 +0200] "GET /wcmipconnector/readfiles/ HTTP/1.1" 404 355 "-" "curl/7.61.1"
194.36.45.211 - - [10/May/2026:18:13:01 +0200] "GET /wcmipconnector/readfiles/ HTTP/1.1" 404 355 "-" "curl/7.61.1"
66.249.69.101 - - [10/May/2026:18:13:35 +0200] "GET /faction/design/ekr4c4fhsofdn1w.shtml HTTP/1.1" 404 277 "-" "Mozilla/5.0 (Linux; Android 6.0.1; Nexus 5X Build/MMB29P) AppleWebKit/537.36 (KHTML, like Gecko) Chrome/147.0.7727.137 Mobile Safari/537.36 (compatible; Googlebot/2.1; +http://www.google.com/bot.html)"
66.249.69.101 - - [10/May/2026:18:13:36 +0200] "GET /clique/possession/e9af7by6nvy8t8f.shtml HTTP/1.1" 404 277 "-" "Mozilla/5.0 (Linux; Android 6.0.1; Nexus 5X Build/MMB29P) AppleWebKit/537.36 (KHTML, like Gecko) Chrome/147.0.7727.137 Mobile Safari/537.36 (compatible; Googlebot/2.1; +http://www.google.com/bot.html)"
194.36.45.211 - - [10/May/2026:18:14:01 +0200] "GET /wcmipconnector/readfiles/ HTTP/1.1" 404 355 "-" "curl/7.61.1"
66.249.69.101 - - [10/May/2026:18:14:27 +0200] "GET /class/pattern/eprqc4fbsofdj1w.shtml HTTP/1.1" 404 277 "-" "Mozilla/5.0 (Linux; Android 6.0.1; Nexus 5X Build/MMB29P) AppleWebKit/537.36 (KHTML, like Gecko) Chrome/147.0.7727.137 Mobile Safari/537.36 (compatible; GoogleOther)"
198.145.52.135 - - [10/May/2026:18:14:55 +0200] "GET /wp-content/uploads/2023/12/4065415644863_S6476531_P31-100x100.jpg HTTP/1.1" 404 277 "-" "Mozilla/5.0 (compatible; crawler)"
194.36.45.211 - - [10/May/2026:18:15:02 +0200] "GET /wcmipconnector/readfiles/ HTTP/1.1" 404 355 "-" "curl/7.61.1"
194.36.45.211 - - [10/May/2026:18:16:01 +0200] "GET /wcmipconnector/readfiles/ HTTP/1.1" 404 355 "-" "curl/7.61.1"
115.146.125.52 - top-sport [10/May/2026:18:16:27 +0200] "GET /wp-json/wp/v2/users/me HTTP/1.1" 404 277 "-" "Mozilla/5.0 (Windows NT 10.0; WOW64) AppleWebKit/537.36 (KHTML, like Gecko) Chrome/133.0.0.0 Safari/537.36"
74.7.227.48 - - [10/May/2026:18:16:38 +0200] "GET /adidas/ HTTP/1.1" 404 277 "https://diners.hr" "Mozilla/5.0 AppleWebKit/537.36 (KHTML, like Gecko; compatible; GPTBot/1.3; +https://openai.com/gptbot)"
194.36.45.211 - - [10/May/2026:18:17:01 +0200] "GET /wcmipconnector/readfiles/ HTTP/1.1" 404 355 "-" "curl/7.61.1"
194.36.45.211 - - [10/May/2026:18:18:02 +0200] "GET /wcmipconnector/readfiles/ HTTP/1.1" 404 355 "-" "curl/7.61.1"
194.36.45.211 - - [10/May/2026:18:19:01 +0200] "GET /wcmipconnector/readfiles/ HTTP/1.1" 404 355 "-" "curl/7.61.1"
44.5.24.195 - - [10/May/2026:18:19:10 +0200] "GET /wp-login.php HTTP/1.1" 404 47 "-" "Mozilla/5.0 (Windows NT 10.0) AppleWebKit/537.36 (KHTML, like Gecko) Chrome/133.0.0.0 Safari/537.36"
52.167.144.157 - - [10/May/2026:18:19:48 +0200] "GET /category/207/019/ HTTP/1.1" 404 277 "-" "Mozilla/5.0 AppleWebKit/537.36 (KHTML, like Gecko; compatible; bingbot/2.0; +http://www.bing.com/bingbot.htm) Chrome/116.0.1938.76 Safari/537.36"
194.36.45.211 - - [10/May/2026:18:20:01 +0200] "GET /wcmipconnector/readfiles/ HTTP/1.1" 404 355 "-" "curl/7.61.1"
194.36.45.211 - - [10/May/2026:18:21:01 +0200] "GET /wcmipconnector/readfiles/ HTTP/1.1" 404 355 "-" "curl/7.61.1"
194.36.45.211 - - [10/May/2026:18:22:01 +0200] "GET /wcmipconnector/readfiles/ HTTP/1.1" 404 355 "-" "curl/7.61.1"
45.76.149.200 - - [10/May/2026:18:22:56 +0200] "GET /wp-login.php HTTP/1.1" 404 47 "-" "Mozilla/5.0 (X11; Linux x86_64; rv:133.0) Gecko/20100101 Firefox/133.0"
194.36.45.211 - - [10/May/2026:18:23:01 +0200] "GET /wcmipconnector/readfiles/ HTTP/1.1" 404 355 "-" "curl/7.61.1"
194.36.45.211 - - [10/May/2026:18:24:01 +0200] "GET /wcmipconnector/readfiles/ HTTP/1.1" 404 355 "-" "curl/7.61.1"
85.208.96.193 - - [10/May/2026:18:24:31 +0200] "GET /robots.txt HTTP/1.1" 404 277 "-" "Mozilla/5.0 (compatible; SemrushBot/7~bl; +http://www.semrush.com/bot.html)"
85.208.96.198 - - [10/May/2026:18:24:31 +0200] "GET /oznaka/teretana/ HTTP/1.1" 404 277 "-" "Mozilla/5.0 (compatible; SemrushBot/7~bl; +http://www.semrush.com/bot.html)"
66.249.69.103 - - [10/May/2026:18:24:49 +0200] "GET /family/yield/ecft0s3ygc31wpk.shtml HTTP/1.1" 404 277 "-" "Mozilla/5.0 (Linux; Android 6.0.1; Nexus 5X Build/MMB29P) AppleWebKit/537.36 (KHTML, like Gecko) Chrome/147.0.7727.137 Mobile Safari/537.36 (compatible; Googlebot/2.1; +http://www.google.com/bot.html)"
52.167.144.189 - - [10/May/2026:18:24:49 +0200] "GET /category/223/012/ HTTP/1.1" 404 277 "-" "Mozilla/5.0 AppleWebKit/537.36 (KHTML, like Gecko; compatible; bingbot/2.0; +http://www.bing.com/bingbot.htm) Chrome/116.0.1938.76 Safari/537.36"
194.36.45.211 - - [10/May/2026:18:25:02 +0200] "GET /wcmipconnector/readfiles/ HTTP/1.1" 404 355 "-" "curl/7.61.1"
46.203.65.140 - - [10/May/2026:18:25:25 +0200] "GET /wp-content/uploads/2023/05/4061624793460_S6494838_P90-100x100.jpg HTTP/1.1" 404 277 "-" "Mozilla/5.0 (compatible; crawler)"
66.249.69.103 - - [10/May/2026:18:25:43 +0200] "GET /strain/instrument/eynewcbwcwbx69s.shtml HTTP/1.1" 404 277 "-" "Mozilla/5.0 (Linux; Android 6.0.1; Nexus 5X Build/MMB29P) AppleWebKit/537.36 (KHTML, like Gecko) Chrome/147.0.7727.137 Mobile Safari/537.36 (compatible; GoogleOther)"
216.73.217.125 - - [10/May/2026:18:25:56 +0200] "GET /robots.txt HTTP/1.1" 404 277 "-" "Mozilla/5.0 AppleWebKit/537.36 (KHTML, like Gecko; compatible; ClaudeBot/1.0; +claudebot@anthropic.com)"
216.73.217.125 - - [10/May/2026:18:25:56 +0200] "GET /wp-content/themes/Divi/core/i18n/?C=M&O=A HTTP/1.1" 200 362 "-" "Mozilla/5.0 AppleWebKit/537.36 (KHTML, like Gecko; compatible; ClaudeBot/1.0; +claudebot@anthropic.com)"
216.73.217.125 - - [10/May/2026:18:25:56 +0200] "GET /wp-content/languages/themes/user/?C=M&O=D HTTP/1.1" 200 360 "-" "Mozilla/5.0 AppleWebKit/537.36 (KHTML, like Gecko; compatible; ClaudeBot/1.0; +claudebot@anthropic.com)"
194.36.45.211 - - [10/May/2026:18:26:01 +0200] "GET /wcmipconnector/readfiles/ HTTP/1.1" 404 355 "-" "curl/7.61.1"
216.73.217.125 - - [10/May/2026:18:26:24 +0200] "GET /wp-content/languages/themes/user/?C=N&O=A HTTP/1.1" 200 362 "-" "Mozilla/5.0 AppleWebKit/537.36 (KHTML, like Gecko; compatible; ClaudeBot/1.0; +claudebot@anthropic.com)"
216.73.217.125 - - [10/May/2026:18:26:36 +0200] "GET /wp-content/languages/themes/user/?C=S&O=D HTTP/1.1" 200 360 "-" "Mozilla/5.0 AppleWebKit/537.36 (KHTML, like Gecko; compatible; ClaudeBot/1.0; +claudebot@anthropic.com)"
216.73.217.125 - - [10/May/2026:18:26:36 +0200] "GET /wp-content/languages/themes/user/?C=D&O=D HTTP/1.1" 200 360 "-" "Mozilla/5.0 AppleWebKit/537.36 (KHTML, like Gecko; compatible; ClaudeBot/1.0; +claudebot@anthropic.com)"
72.167.150.128 - - [10/May/2026:18:26:44 +0200] "GET /wp-login.php HTTP/1.1" 404 47 "-" "Mozilla/5.0 (Macintosh; Intel Mac OS X 11_7_10) AppleWebKit/537.36 (KHTML, like Gecko) Chrome/133.0.0.0 Safari/537.36"
66.249.69.103 - - [10/May/2026:18:26:55 +0200] "GET /kingdom/assortment/fdryc4fbsrv5n5c.shtml HTTP/1.1" 404 277 "-" "Mozilla/5.0 (Linux; Android 6.0.1; Nexus 5X Build/MMB29P) AppleWebKit/537.36 (KHTML, like Gecko) Chrome/147.0.7727.137 Mobile Safari/537.36 (compatible; Googlebot/2.1; +http://www.google.com/bot.html)"
194.36.45.211 - - [10/May/2026:18:27:01 +0200] "GET /wcmipconnector/readfiles/ HTTP/1.1" 404 355 "-" "curl/7.61.1"
216.73.217.125 - - [10/May/2026:18:27:06 +0200] "GET /wp-content/themes/Divi/core/i18n/?C=S&O=A HTTP/1.1" 200 362 "-" "Mozilla/5.0 AppleWebKit/537.36 (KHTML, like Gecko; compatible; ClaudeBot/1.0; +claudebot@anthropic.com)"
194.36.45.211 - - [10/May/2026:18:28:01 +0200] "GET /wcmipconnector/readfiles/ HTTP/1.1" 404 355 "-" "curl/7.61.1"
216.73.217.125 - - [10/May/2026:18:28:51 +0200] "GET /wp-content/themes/Divi/core/i18n/?C=N&O=D HTTP/1.1" 200 360 "-" "Mozilla/5.0 AppleWebKit/537.36 (KHTML, like Gecko; compatible; ClaudeBot/1.0; +claudebot@anthropic.com)"
194.36.45.211 - - [10/May/2026:18:29:01 +0200] "GET /wcmipconnector/readfiles/ HTTP/1.1" 404 355 "-" "curl/7.61.1"
205.169.39.26 - - [10/May/2026:18:29:16 +0200] "GET /wp-content/uploads/2017/01/dodaci.jpg HTTP/1.1" 404 277 "https://thedealfirst.com/" "Mozilla/5.0 (Windows NT 10.0; Win64; x64) AppleWebKit/537.36 (KHTML, like Gecko) Chrome/117.0.5938.132 Safari/537.36"
34.123.170.104 - - [10/May/2026:18:29:17 +0200] "GET /wp-content/uploads/2017/01/dodaci.jpg HTTP/1.1" 404 277 "https://thedealfirst.com/" "Mozilla/5.0 (X11; Linux x86_64) AppleWebKit/537.36 (KHTML, like Gecko) Chrome/125.0.0.0 Safari/537.36"
69.48.154.67 - - [10/May/2026:18:30:00 +0200] "GET /wp-login.php HTTP/1.1" 404 47 "-" "Mozilla/5.0 (Macintosh; Intel Mac OS X 10_15_7) AppleWebKit/605.1.15 (KHTML, like Gecko) Version/18.3 Safari/605.1.15"
194.36.45.211 - - [10/May/2026:18:30:01 +0200] "GET /wcmipconnector/readfiles/ HTTP/1.1" 404 355 "-" "curl/7.61.1"
34.123.170.104 - - [10/May/2026:18:30:14 +0200] "GET /wp-content/uploads/2017/01/dodaci.jpg HTTP/1.1" 404 277 "https://thedealfirst.com/" "Mozilla/5.0 (X11; Linux x86_64) AppleWebKit/537.36 (KHTML, like Gecko) Chrome/125.0.0.0 Safari/537.36"
216.73.217.125 - - [10/May/2026:18:30:58 +0200] "GET /wp-content/themes/Divi/core/i18n/?C=D&O=A HTTP/1.1" 200 362 "-" "Mozilla/5.0 AppleWebKit/537.36 (KHTML, like Gecko; compatible; ClaudeBot/1.0; +claudebot@anthropic.com)"
194.36.45.211 - - [10/May/2026:18:31:01 +0200] "GET /wcmipconnector/readfiles/ HTTP/1.1" 404 355 "-" "curl/7.61.1"
216.73.217.125 - - [10/May/2026:18:31:51 +0200] "GET /wp-content/themes/Divi/core/components/cache/?C=N&O=A HTTP/1.1" 200 370 "-" "Mozilla/5.0 AppleWebKit/537.36 (KHTML, like Gecko; compatible; ClaudeBot/1.0; +claudebot@anthropic.com)"
194.36.45.211 - - [10/May/2026:18:32:01 +0200] "GET /wcmipconnector/readfiles/ HTTP/1.1" 404 355 "-" "curl/7.61.1"
66.249.69.103 - - [10/May/2026:18:32:01 +0200] "GET /wp-content/uploads/2024/07/pexels-orlovamaria-4969834-1.jpg HTTP/1.1" 404 277 "-" "Mozilla/5.0 (Linux; Android 6.0.1; Nexus 5X Build/MMB29P) AppleWebKit/537.36 (KHTML, like Gecko) Chrome/147.0.7727.137 Mobile Safari/537.36 (compatible; GoogleOther)"
194.36.45.211 - - [10/May/2026:18:33:01 +0200] "GET /wcmipconnector/readfiles/ HTTP/1.1" 404 355 "-" "curl/7.61.1"
74.7.175.133 - - [10/May/2026:18:33:29 +0200] "GET /robots.txt HTTP/1.1" 404 277 "-" "Mozilla/5.0 (Macintosh; Intel Mac OS X 10_15_7) AppleWebKit/537.36 (KHTML, like Gecko) Chrome/131.0.0.0 Safari/537.36; compatible; OAI-SearchBot/1.3; robots.txt; +https://openai.com/searchbot"
216.73.217.125 - - [10/May/2026:18:33:39 +0200] "GET /wp-content/themes/Divi/core/components/cache/?C=M&O=D HTTP/1.1" 200 368 "-" "Mozilla/5.0 AppleWebKit/537.36 (KHTML, like Gecko; compatible; ClaudeBot/1.0; +claudebot@anthropic.com)"
192.176.172.166 - - [10/May/2026:18:33:57 +0200] "GET /wp-login.php HTTP/1.1" 404 47 "-" "Mozilla/5.0 (X11; Linux x86_64) AppleWebKit/537.36 (KHTML, like Gecko) Chrome/133.0.0.0 Safari/537.36 Edg/133.0.0.0"
194.56.216.2 - - [10/May/2026:18:33:57 +0200] "GET /wp-json/wp/v2/users HTTP/1.1" 404 277 "-" "Mozilla/5.0 (Windows NT 10.0; Win64; x64; rv:58.0) Gecko/20100101 Firefox/58.0"
194.56.216.2 - - [10/May/2026:18:33:57 +0200] "GET /?author=1 HTTP/1.1" 200 418 "-" "Mozilla/5.0 (Windows NT 10.0; Win64; x64; rv:55.0) Gecko/20100101 Firefox/55.0"
194.56.216.2 - - [10/May/2026:18:33:58 +0200] "GET /?author=2 HTTP/1.1" 200 418 "-" "Mozilla/5.0 (Windows NT 10.0; Win64; x64; rv:86.0) Gecko/20100101 Firefox/86.0"
194.56.216.2 - - [10/May/2026:18:33:58 +0200] "GET /?author=3 HTTP/1.1" 200 418 "-" "Mozilla/5.0 (Windows NT 10.0; Win64; x64; rv:81.0) Gecko/20100101 Firefox/81.0"
194.56.216.2 - - [10/May/2026:18:33:59 +0200] "GET /?author=4 HTTP/1.1" 200 418 "-" "Mozilla/5.0 (Windows NT 10.0; Win64; x64; rv:62.0) Gecko/20100101 Firefox/62.0"
194.56.216.2 - - [10/May/2026:18:33:59 +0200] "GET /?author=5 HTTP/1.1" 200 418 "-" "Mozilla/5.0 (Windows NT 10.0; Win64; x64; rv:67.0) Gecko/20100101 Firefox/67.0"
194.56.216.2 - - [10/May/2026:18:33:59 +0200] "GET /?author=6 HTTP/1.1" 200 418 "-" "Mozilla/5.0 (Windows NT 10.0; Win64; x64; rv:54.0) Gecko/20100101 Firefox/54.0"
194.36.45.211 - - [10/May/2026:18:34:01 +0200] "GET /wcmipconnector/readfiles/ HTTP/1.1" 404 355 "-" "curl/7.61.1"
194.36.45.211 - - [10/May/2026:18:35:02 +0200] "GET /wcmipconnector/readfiles/ HTTP/1.1" 404 355 "-" "curl/7.61.1"
194.36.45.211 - - [10/May/2026:18:36:01 +0200] "GET /wcmipconnector/readfiles/ HTTP/1.1" 404 355 "-" "curl/7.61.1"
66.249.69.101 - - [10/May/2026:18:36:19 +0200] "GET /property/detail/fy18y2pbevtf3ra.shtml HTTP/1.1" 404 277 "-" "Mozilla/5.0 (Linux; Android 6.0.1; Nexus 5X Build/MMB29P) AppleWebKit/537.36 (KHTML, like Gecko) Chrome/147.0.7727.137 Mobile Safari/537.36 (compatible; Googlebot/2.1; +http://www.google.com/bot.html)"
216.73.217.125 - - [10/May/2026:18:36:48 +0200] "GET /wp-content/themes/Divi/core/components/cache/?C=S&O=D HTTP/1.1" 200 368 "-" "Mozilla/5.0 AppleWebKit/537.36 (KHTML, like Gecko; compatible; ClaudeBot/1.0; +claudebot@anthropic.com)"
194.36.45.211 - - [10/May/2026:18:37:01 +0200] "GET /wcmipconnector/readfiles/ HTTP/1.1" 404 355 "-" "curl/7.61.1"
216.73.217.125 - - [10/May/2026:18:37:12 +0200] "GET /wp-content/themes/Divi/core/components/cache/?C=D&O=D HTTP/1.1" 200 368 "-" "Mozilla/5.0 AppleWebKit/537.36 (KHTML, like Gecko; compatible; ClaudeBot/1.0; +claudebot@anthropic.com)"
167.71.132.111 - - [10/May/2026:18:37:27 +0200] "GET /wp-login.php HTTP/1.1" 404 47 "-" "Mozilla/5.0 (Macintosh; Intel Mac OS X 10_15_7) AppleWebKit/537.36 (KHTML, like Gecko) Chrome/133.0.0.0 Safari/537.36"
194.36.45.211 - - [10/May/2026:18:38:01 +0200] "GET /wcmipconnector/readfiles/ HTTP/1.1" 404 355 "-" "curl/7.61.1"
194.36.45.211 - - [10/May/2026:18:39:01 +0200] "GET /wcmipconnector/readfiles/ HTTP/1.1" 404 355 "-" "curl/7.61.1"
194.36.45.211 - - [10/May/2026:18:40:01 +0200] "GET /wcmipconnector/readfiles/ HTTP/1.1" 404 355 "-" "curl/7.61.1"
194.36.45.211 - - [10/May/2026:18:41:01 +0200] "GET /wcmipconnector/readfiles/ HTTP/1.1" 404 355 "-" "curl/7.61.1"
216.73.217.125 - - [10/May/2026:18:41:20 +0200] "GET /robots.txt HTTP/1.1" 404 277 "-" "Mozilla/5.0 AppleWebKit/537.36 (KHTML, like Gecko; compatible; ClaudeBot/1.0; +claudebot@anthropic.com)"
216.73.217.125 - - [10/May/2026:18:41:21 +0200] "GET /wp-content/themes/Divi/core/components/cache/?C=N&O=A HTTP/1.1" 200 370 "-" "Mozilla/5.0 AppleWebKit/537.36 (KHTML, like Gecko; compatible; ClaudeBot/1.0; +claudebot@anthropic.com)"
216.73.217.125 - - [10/May/2026:18:41:26 +0200] "GET /wp-content/themes/Divi/core/components/cache/?C=D&O=D HTTP/1.1" 200 368 "-" "Mozilla/5.0 AppleWebKit/537.36 (KHTML, like Gecko; compatible; ClaudeBot/1.0; +claudebot@anthropic.com)"
216.73.217.125 - - [10/May/2026:18:41:31 +0200] "GET /wp-content/languages/themes/user/?C=N&O=A HTTP/1.1" 200 362 "-" "Mozilla/5.0 AppleWebKit/537.36 (KHTML, like Gecko; compatible; ClaudeBot/1.0; +claudebot@anthropic.com)"
66.249.82.32 - - [10/May/2026:18:41:41 +0200] "GET /.well-known/traffic-advice HTTP/1.1" 404 277 "-" "Chrome Privacy Preserving Prefetch Proxy"
162.120.184.23 - - [10/May/2026:18:41:41 +0200] "GET /10468590465 HTTP/1.1" 404 277 "https://www.google.com/" "Mozilla/5.0 (Windows NT 10.0; Win64; x64) AppleWebKit/537.36 (KHTML, like Gecko) Chrome/147.0.0.0 Safari/537.36"
85.131.213.55 - - [10/May/2026:18:41:41 +0200] "GET /wp-login.php HTTP/1.1" 404 47 "-" "Mozilla/5.0 (X11; Linux x86_64) AppleWebKit/537.36 (KHTML, like Gecko) Chrome/133.0.0.0 Safari/537.36 Edg/133.0.0.0"
194.36.45.211 - - [10/May/2026:18:42:01 +0200] "GET /wcmipconnector/readfiles/ HTTP/1.1" 404 355 "-" "curl/7.61.1"
40.77.167.24 - - [10/May/2026:18:42:30 +0200] "GET /category/222/005/ HTTP/1.1" 404 277 "-" "Mozilla/5.0 AppleWebKit/537.36 (KHTML, like Gecko; compatible; bingbot/2.0; +http://www.bing.com/bingbot.htm) Chrome/116.0.1938.76 Safari/537.36"
216.73.217.125 - - [10/May/2026:18:42:45 +0200] "GET /wp-content/themes/Divi/core/components/cache/?C=S&O=D HTTP/1.1" 200 368 "-" "Mozilla/5.0 AppleWebKit/537.36 (KHTML, like Gecko; compatible; ClaudeBot/1.0; +claudebot@anthropic.com)"
216.73.217.125 - - [10/May/2026:18:42:45 +0200] "GET /wp-content/themes/Divi/core/components/cache/?C=M&O=D HTTP/1.1" 200 368 "-" "Mozilla/5.0 AppleWebKit/537.36 (KHTML, like Gecko; compatible; ClaudeBot/1.0; +claudebot@anthropic.com)"
194.36.45.211 - - [10/May/2026:18:43:01 +0200] "GET /wcmipconnector/readfiles/ HTTP/1.1" 404 355 "-" "curl/7.61.1"
194.36.45.211 - - [10/May/2026:18:44:01 +0200] "GET /wcmipconnector/readfiles/ HTTP/1.1" 404 355 "-" "curl/7.61.1"
103.143.207.18 - - [10/May/2026:18:44:37 +0200] "GET /wp-login.php HTTP/1.1" 404 47 "-" "Mozilla/5.0 (Macintosh; Intel Mac OS X 11_7_10) AppleWebKit/537.36 (KHTML, like Gecko) Chrome/133.0.0.0 Safari/537.36"
66.249.69.102 - - [10/May/2026:18:44:57 +0200] "GET /rank/attachment/fbern32b3vus2gb.shtml HTTP/1.1" 404 277 "-" "Mozilla/5.0 (Linux; Android 6.0.1; Nexus 5X Build/MMB29P) AppleWebKit/537.36 (KHTML, like Gecko) Chrome/147.0.7727.137 Mobile Safari/537.36 (compatible; Googlebot/2.1; +http://www.google.com/bot.html)"
194.36.45.211 - - [10/May/2026:18:45:02 +0200] "GET /wcmipconnector/readfiles/ HTTP/1.1" 404 355 "-" "curl/7.61.1"
194.36.45.211 - - [10/May/2026:18:46:01 +0200] "GET /wcmipconnector/readfiles/ HTTP/1.1" 404 355 "-" "curl/7.61.1"
216.73.217.125 - - [10/May/2026:18:46:04 +0200] "GET /wp-content/languages/themes/user/?C=D&O=D HTTP/1.1" 200 360 "-" "Mozilla/5.0 AppleWebKit/537.36 (KHTML, like Gecko; compatible; ClaudeBot/1.0; +claudebot@anthropic.com)"
66.249.69.102 - - [10/May/2026:18:46:08 +0200] "GET /type/instrument/fk35ogrb4a7hoho.shtml HTTP/1.1" 404 277 "-" "Mozilla/5.0 (Linux; Android 6.0.1; Nexus 5X Build/MMB29P) AppleWebKit/537.36 (KHTML, like Gecko) Chrome/147.0.7727.137 Mobile Safari/537.36 (compatible; Googlebot/2.1; +http://www.google.com/bot.html)"
80.77.122.119 - - [10/May/2026:18:46:16 +0200] "GET /robots.txt HTTP/1.1" 404 355 "-" "Java/17.0.9"
80.77.122.119 - - [10/May/2026:18:46:16 +0200] "GET / HTTP/1.1" 200 418 "-" "Neticle Crawler v1.0 ( https://neticle.com/bot/en/ )"
216.73.217.125 - - [10/May/2026:18:46:31 +0200] "GET /wp-content/themes/Divi/ai-app/build/?C=N&O=D HTTP/1.1" 200 363 "-" "Mozilla/5.0 AppleWebKit/537.36 (KHTML, like Gecko; compatible; ClaudeBot/1.0; +claudebot@anthropic.com)"
66.249.69.102 - - [10/May/2026:18:46:32 +0200] "GET /style/publication/em3eogrb40rp1d8.shtml HTTP/1.1" 404 277 "-" "Mozilla/5.0 (Linux; Android 6.0.1; Nexus 5X Build/MMB29P) AppleWebKit/537.36 (KHTML, like Gecko) Chrome/147.0.7727.137 Mobile Safari/537.36 (compatible; GoogleOther)"
216.73.217.125 - - [10/May/2026:18:46:38 +0200] "GET /wp-content/languages/themes/user/?C=S&O=D HTTP/1.1" 200 360 "-" "Mozilla/5.0 AppleWebKit/537.36 (KHTML, like Gecko; compatible; ClaudeBot/1.0; +claudebot@anthropic.com)"
194.36.45.211 - - [10/May/2026:18:47:01 +0200] "GET /wcmipconnector/readfiles/ HTTP/1.1" 404 355 "-" "curl/7.61.1"
216.73.217.125 - - [10/May/2026:18:47:15 +0200] "GET /wp-content/themes/Divi/ai-app/build/?C=M&O=A HTTP/1.1" 200 364 "-" "Mozilla/5.0 AppleWebKit/537.36 (KHTML, like Gecko; compatible; ClaudeBot/1.0; +claudebot@anthropic.com)"
216.73.217.125 - - [10/May/2026:18:47:26 +0200] "GET /wp-content/themes/Divi/ai-app/build/?C=D&O=A HTTP/1.1" 200 364 "-" "Mozilla/5.0 AppleWebKit/537.36 (KHTML, like Gecko; compatible; ClaudeBot/1.0; +claudebot@anthropic.com)"
216.73.217.125 - - [10/May/2026:18:47:26 +0200] "GET /wp-content/themes/Divi/ai-app/build/?C=M&O=A HTTP/1.1" 200 364 "-" "Mozilla/5.0 AppleWebKit/537.36 (KHTML, like Gecko; compatible; ClaudeBot/1.0; +claudebot@anthropic.com)"
216.73.217.125 - - [10/May/2026:18:47:27 +0200] "GET /wp-content/themes/Divi/ai-app/build/?C=S&O=A HTTP/1.1" 200 364 "-" "Mozilla/5.0 AppleWebKit/537.36 (KHTML, like Gecko; compatible; ClaudeBot/1.0; +claudebot@anthropic.com)"
216.73.217.125 - - [10/May/2026:18:47:27 +0200] "GET /wp-content/languages/themes/user/?C=M&O=D HTTP/1.1" 200 360 "-" "Mozilla/5.0 AppleWebKit/537.36 (KHTML, like Gecko; compatible; ClaudeBot/1.0; +claudebot@anthropic.com)"
66.249.69.102 - - [10/May/2026:18:47:56 +0200] "GET /stratum/effect/evgrdh45t14eqel.shtml HTTP/1.1" 404 277 "-" "Mozilla/5.0 (Linux; Android 6.0.1; Nexus 5X Build/MMB29P) AppleWebKit/537.36 (KHTML, like Gecko) Chrome/147.0.7727.137 Mobile Safari/537.36 (compatible; Googlebot/2.1; +http://www.google.com/bot.html)"
216.73.217.125 - - [10/May/2026:18:47:58 +0200] "GET /wp-content/themes/Divi/ai-app/build/?C=S&O=A HTTP/1.1" 200 364 "-" "Mozilla/5.0 AppleWebKit/537.36 (KHTML, like Gecko; compatible; ClaudeBot/1.0; +claudebot@anthropic.com)"
194.36.45.211 - - [10/May/2026:18:48:01 +0200] "GET /wcmipconnector/readfiles/ HTTP/1.1" 404 355 "-" "curl/7.61.1"
216.73.217.125 - - [10/May/2026:18:48:05 +0200] "GET /wp-content/themes/Divi/ai-app/build/?C=D&O=A HTTP/1.1" 200 364 "-" "Mozilla/5.0 AppleWebKit/537.36 (KHTML, like Gecko; compatible; ClaudeBot/1.0; +claudebot@anthropic.com)"
216.73.217.125 - - [10/May/2026:18:48:06 +0200] "GET /wp-content/themes/Divi/core/i18n/?C=N&O=D HTTP/1.1" 200 360 "-" "Mozilla/5.0 AppleWebKit/537.36 (KHTML, like Gecko; compatible; ClaudeBot/1.0; +claudebot@anthropic.com)"
74.7.243.248 - - [10/May/2026:18:48:41 +0200] "GET / HTTP/1.1" 200 418 "-" "Mozilla/5.0 AppleWebKit/537.36 (KHTML, like Gecko; compatible; GPTBot/1.3; +https://openai.com/gptbot)"
74.7.228.33 - - [10/May/2026:18:48:41 +0200] "GET /robots.txt HTTP/1.1" 404 277 "-" "Mozilla/5.0 (Macintosh; Intel Mac OS X 10_15_7) AppleWebKit/537.36 (KHTML, like Gecko) Chrome/131.0.0.0 Safari/537.36; compatible; OAI-SearchBot/1.3; robots.txt; +https://openai.com/searchbot"
74.7.243.248 - - [10/May/2026:18:48:44 +0200] "GET /?C=N;O=D HTTP/1.1" 200 416 "https://www.top-sport.hr.ithome.hr/" "Mozilla/5.0 AppleWebKit/537.36 (KHTML, like Gecko; compatible; GPTBot/1.3; +https://openai.com/gptbot)"
66.249.69.102 - - [10/May/2026:18:48:45 +0200] "GET /bunch/trait/f69numxbabdnjnu.shtml HTTP/1.1" 404 277 "-" "Mozilla/5.0 (Linux; Android 6.0.1; Nexus 5X Build/MMB29P) AppleWebKit/537.36 (KHTML, like Gecko) Chrome/147.0.7727.137 Mobile Safari/537.36 (compatible; Googlebot/2.1; +http://www.google.com/bot.html)"
74.7.243.248 - - [10/May/2026:18:48:46 +0200] "GET /wp-admin/ HTTP/1.1" 200 1247 "https://www.top-sport.hr.ithome.hr/" "Mozilla/5.0 AppleWebKit/537.36 (KHTML, like Gecko; compatible; GPTBot/1.3; +https://openai.com/gptbot)"
74.7.243.248 - - [10/May/2026:18:48:49 +0200] "GET /wp-content/ HTTP/1.1" 200 503 "https://www.top-sport.hr.ithome.hr/" "Mozilla/5.0 AppleWebKit/537.36 (KHTML, like Gecko; compatible; GPTBot/1.3; +https://openai.com/gptbot)"
74.7.243.248 - - [10/May/2026:18:48:51 +0200] "GET /?C=D;O=A HTTP/1.1" 200 418 "https://www.top-sport.hr.ithome.hr/" "Mozilla/5.0 AppleWebKit/537.36 (KHTML, like Gecko; compatible; GPTBot/1.3; +https://openai.com/gptbot)"
74.7.243.248 - - [10/May/2026:18:48:53 +0200] "GET /images/ HTTP/1.1" 200 459 "https://www.top-sport.hr.ithome.hr/" "Mozilla/5.0 AppleWebKit/537.36 (KHTML, like Gecko; compatible; GPTBot/1.3; +https://openai.com/gptbot)"
74.7.243.248 - - [10/May/2026:18:48:55 +0200] "GET /?C=S;O=A HTTP/1.1" 200 418 "https://www.top-sport.hr.ithome.hr/" "Mozilla/5.0 AppleWebKit/537.36 (KHTML, like Gecko; compatible; GPTBot/1.3; +https://openai.com/gptbot)"
147.135.37.185 - - [10/May/2026:18:48:56 +0200] "GET /wp-login.php HTTP/1.1" 404 47 "-" "Mozilla/5.0 (X11; Linux x86_64) AppleWebKit/537.36 (KHTML, like Gecko) Chrome/133.0.0.0 Safari/537.36 Edg/133.0.0.0"
74.7.243.248 - - [10/May/2026:18:48:57 +0200] "GET /?C=M;O=A HTTP/1.1" 200 419 "https://www.top-sport.hr.ithome.hr/" "Mozilla/5.0 AppleWebKit/537.36 (KHTML, like Gecko; compatible; GPTBot/1.3; +https://openai.com/gptbot)"
74.7.243.248 - - [10/May/2026:18:48:58 +0200] "GET /wp-includes/ HTTP/1.1" 200 2998 "https://www.top-sport.hr.ithome.hr/" "Mozilla/5.0 AppleWebKit/537.36 (KHTML, like Gecko; compatible; GPTBot/1.3; +https://openai.com/gptbot)"
74.7.243.248 - - [10/May/2026:18:49:00 +0200] "GET /?C=N;O=A HTTP/1.1" 200 418 "https://www.top-sport.hr.ithome.hr/?C=N;O=D" "Mozilla/5.0 AppleWebKit/537.36 (KHTML, like Gecko; compatible; GPTBot/1.3; +https://openai.com/gptbot)"
74.7.243.248 - - [10/May/2026:18:49:01 +0200] "GET /wp-admin/load-scripts.php HTTP/1.1" 200 0 "https://www.top-sport.hr.ithome.hr/wp-admin/" "Mozilla/5.0 AppleWebKit/537.36 (KHTML, like Gecko; compatible; GPTBot/1.3; +https://openai.com/gptbot)"
194.36.45.211 - - [10/May/2026:18:49:01 +0200] "GET /wcmipconnector/readfiles/ HTTP/1.1" 404 355 "-" "curl/7.61.1"
74.7.243.248 - - [10/May/2026:18:49:02 +0200] "GET /wp-admin/async-upload.php HTTP/1.1" 200 302 "https://www.top-sport.hr.ithome.hr/wp-admin/" "Mozilla/5.0 AppleWebKit/537.36 (KHTML, like Gecko; compatible; GPTBot/1.3; +https://openai.com/gptbot)"
74.7.243.248 - - [10/May/2026:18:49:03 +0200] "GET /wp-admin/export.php HTTP/1.1" 200 299 "https://www.top-sport.hr.ithome.hr/wp-admin/" "Mozilla/5.0 AppleWebKit/537.36 (KHTML, like Gecko; compatible; GPTBot/1.3; +https://openai.com/gptbot)"
74.7.243.248 - - [10/May/2026:18:49:04 +0200] "GET /wp-admin/admin-functions.php HTTP/1.1" 200 33 "https://www.top-sport.hr.ithome.hr/wp-admin/" "Mozilla/5.0 AppleWebKit/537.36 (KHTML, like Gecko; compatible; GPTBot/1.3; +https://openai.com/gptbot)"
74.7.243.248 - - [10/May/2026:18:49:05 +0200] "GET /wp-admin/privacy-policy-guide.php HTTP/1.1" 200 311 "https://www.top-sport.hr.ithome.hr/wp-admin/" "Mozilla/5.0 AppleWebKit/537.36 (KHTML, like Gecko; compatible; GPTBot/1.3; +https://openai.com/gptbot)"
74.7.243.248 - - [10/May/2026:18:49:05 +0200] "GET /?C=D;O=D HTTP/1.1" 200 416 "https://www.top-sport.hr.ithome.hr/?C=D;O=A" "Mozilla/5.0 AppleWebKit/537.36 (KHTML, like Gecko; compatible; GPTBot/1.3; +https://openai.com/gptbot)"
74.7.243.248 - - [10/May/2026:18:49:06 +0200] "GET /wp-admin/wp-blog-header.php HTTP/1.1" 200 0 "https://www.top-sport.hr.ithome.hr/wp-admin/" "Mozilla/5.0 AppleWebKit/537.36 (KHTML, like Gecko; compatible; GPTBot/1.3; +https://openai.com/gptbot)"
74.7.243.248 - - [10/May/2026:18:49:07 +0200] "GET /?C=S;O=D HTTP/1.1" 200 416 "https://www.top-sport.hr.ithome.hr/?C=S;O=A" "Mozilla/5.0 AppleWebKit/537.36 (KHTML, like Gecko; compatible; GPTBot/1.3; +https://openai.com/gptbot)"
74.7.243.248 - - [10/May/2026:18:49:07 +0200] "GET /?C=M;O=D HTTP/1.1" 200 417 "https://www.top-sport.hr.ithome.hr/?C=M;O=A" "Mozilla/5.0 AppleWebKit/537.36 (KHTML, like Gecko; compatible; GPTBot/1.3; +https://openai.com/gptbot)"
74.7.243.248 - - [10/May/2026:18:49:08 +0200] "GET /wp-includes/post-thumbnail-template.php HTTP/1.1" 200 0 "https://www.top-sport.hr.ithome.hr/wp-includes/" "Mozilla/5.0 AppleWebKit/537.36 (KHTML, like Gecko; compatible; GPTBot/1.3; +https://openai.com/gptbot)"
74.7.243.248 - - [10/May/2026:18:49:08 +0200] "GET /wp-admin/admin-header.php HTTP/1.1" 200 33 "https://www.top-sport.hr.ithome.hr/wp-admin/" "Mozilla/5.0 AppleWebKit/537.36 (KHTML, like Gecko; compatible; GPTBot/1.3; +https://openai.com/gptbot)"
74.7.243.248 - - [10/May/2026:18:49:09 +0200] "GET /wp-includes/post-formats.php HTTP/1.1" 200 0 "https://www.top-sport.hr.ithome.hr/wp-includes/" "Mozilla/5.0 AppleWebKit/537.36 (KHTML, like Gecko; compatible; GPTBot/1.3; +https://openai.com/gptbot)"
74.7.243.248 - - [10/May/2026:18:49:09 +0200] "GET /wp-includes/class-wp-fatal-error-handler.php HTTP/1.1" 200 0 "https://www.top-sport.hr.ithome.hr/wp-includes/" "Mozilla/5.0 AppleWebKit/537.36 (KHTML, like Gecko; compatible; GPTBot/1.3; +https://openai.com/gptbot)"
74.7.243.248 - - [10/May/2026:18:49:10 +0200] "GET /wp-admin/admin-footer.php HTTP/1.1" 200 33 "https://www.top-sport.hr.ithome.hr/wp-admin/" "Mozilla/5.0 AppleWebKit/537.36 (KHTML, like Gecko; compatible; GPTBot/1.3; +https://openai.com/gptbot)"
74.7.243.248 - - [10/May/2026:18:49:10 +0200] "GET /wp-includes/global-styles-and-settings.php HTTP/1.1" 200 0 "https://www.top-sport.hr.ithome.hr/wp-includes/" "Mozilla/5.0 AppleWebKit/537.36 (KHTML, like Gecko; compatible; GPTBot/1.3; +https://openai.com/gptbot)"
74.7.243.248 - - [10/May/2026:18:49:11 +0200] "GET /wp-admin/options-privacy.php HTTP/1.1" 200 306 "https://www.top-sport.hr.ithome.hr/wp-admin/" "Mozilla/5.0 AppleWebKit/537.36 (KHTML, like Gecko; compatible; GPTBot/1.3; +https://openai.com/gptbot)"
74.7.243.248 - - [10/May/2026:18:49:12 +0200] "GET /wp-admin/options-discussion.php HTTP/1.1" 200 305 "https://www.top-sport.hr.ithome.hr/wp-admin/" "Mozilla/5.0 AppleWebKit/537.36 (KHTML, like Gecko; compatible; GPTBot/1.3; +https://openai.com/gptbot)"
74.7.243.248 - - [10/May/2026:18:49:12 +0200] "GET /wp-includes/class-wp-oembed-controller.php HTTP/1.1" 200 0 "https://www.top-sport.hr.ithome.hr/wp-includes/" "Mozilla/5.0 AppleWebKit/537.36 (KHTML, like Gecko; compatible; GPTBot/1.3; +https://openai.com/gptbot)"
74.7.243.248 - - [10/May/2026:18:49:13 +0200] "GET /wp-admin/ms-upgrade-network.php HTTP/1.1" 200 309 "https://www.top-sport.hr.ithome.hr/wp-admin/" "Mozilla/5.0 AppleWebKit/537.36 (KHTML, like Gecko; compatible; GPTBot/1.3; +https://openai.com/gptbot)"
