74.7.243.248 - - [10/May/2026:18:56:56 +0200] "GET /wp-content/themes/Divi/?C=D;O=D HTTP/1.1" 200 506 "https://www.top-sport.hr.ithome.hr/wp-content/themes/Divi/?C=D;O=A" "Mozilla/5.0 AppleWebKit/537.36 (KHTML, like Gecko; compatible; GPTBot/1.3; +https://openai.com/gptbot)"
74.7.243.248 - - [10/May/2026:18:56:57 +0200] "GET /wp-content/themes/Divi/?C=M;O=D HTTP/1.1" 200 504 "https://www.top-sport.hr.ithome.hr/wp-content/themes/Divi/?C=M;O=A" "Mozilla/5.0 AppleWebKit/537.36 (KHTML, like Gecko; compatible; GPTBot/1.3; +https://openai.com/gptbot)"
74.7.243.248 - - [10/May/2026:18:56:58 +0200] "GET /wp-content/themes/Divi/?C=S;O=D HTTP/1.1" 200 506 "https://www.top-sport.hr.ithome.hr/wp-content/themes/Divi/?C=S;O=A" "Mozilla/5.0 AppleWebKit/537.36 (KHTML, like Gecko; compatible; GPTBot/1.3; +https://openai.com/gptbot)"
74.7.243.248 - - [10/May/2026:18:56:58 +0200] "GET /wp-includes/feed-rss.php HTTP/1.1" 200 213 "https://www.top-sport.hr.ithome.hr/wp-includes/" "Mozilla/5.0 AppleWebKit/537.36 (KHTML, like Gecko; compatible; GPTBot/1.3; +https://openai.com/gptbot)"
74.7.243.248 - - [10/May/2026:18:56:59 +0200] "GET /wp-includes/feed-rdf.php HTTP/1.1" 200 212 "https://www.top-sport.hr.ithome.hr/wp-includes/" "Mozilla/5.0 AppleWebKit/537.36 (KHTML, like Gecko; compatible; GPTBot/1.3; +https://openai.com/gptbot)"
103.166.24.225 - - [10/May/2026:18:56:59 +0200] "POST /wp-includes/hp2.php HTTP/1.1" 200 11312 "https://www.top-sport.hr/wp-includes/hp2.php" "Mozilla/5.0 (Windows NT 10.0; Win64; x64) AppleWebKit/537.36 (KHTML, like Gecko) Chrome/144.0.0.0 Safari/537.36"
74.7.243.248 - - [10/May/2026:18:57:00 +0200] "GET /wp-includes/feed.php HTTP/1.1" 403 285 "https://www.top-sport.hr.ithome.hr/wp-includes/" "Mozilla/5.0 AppleWebKit/537.36 (KHTML, like Gecko; compatible; GPTBot/1.3; +https://openai.com/gptbot)"
74.7.243.248 - - [10/May/2026:18:57:01 +0200] "GET /wp-includes/feed-rss2.php HTTP/1.1" 403 285 "https://www.top-sport.hr.ithome.hr/wp-includes/" "Mozilla/5.0 AppleWebKit/537.36 (KHTML, like Gecko; compatible; GPTBot/1.3; +https://openai.com/gptbot)"
74.7.243.248 - - [10/May/2026:18:57:01 +0200] "GET /wp-content/et-cache/home/?C=D;O=A HTTP/1.1" 200 355 "https://www.top-sport.hr.ithome.hr/wp-content/et-cache/home/" "Mozilla/5.0 AppleWebKit/537.36 (KHTML, like Gecko; compatible; GPTBot/1.3; +https://openai.com/gptbot)"
74.7.243.248 - - [10/May/2026:18:57:02 +0200] "GET /wp-content/et-cache/home/?C=S;O=A HTTP/1.1" 200 355 "https://www.top-sport.hr.ithome.hr/wp-content/et-cache/home/" "Mozilla/5.0 AppleWebKit/537.36 (KHTML, like Gecko; compatible; GPTBot/1.3; +https://openai.com/gptbot)"
194.36.45.211 - - [10/May/2026:18:57:02 +0200] "GET /wcmipconnector/readfiles/ HTTP/1.1" 404 355 "-" "curl/7.61.1"
74.7.243.248 - - [10/May/2026:18:57:02 +0200] "GET /wp-content/et-cache/home/?C=N;O=D HTTP/1.1" 200 353 "https://www.top-sport.hr.ithome.hr/wp-content/et-cache/home/" "Mozilla/5.0 AppleWebKit/537.36 (KHTML, like Gecko; compatible; GPTBot/1.3; +https://openai.com/gptbot)"
74.7.243.248 - - [10/May/2026:18:57:03 +0200] "GET /wp-content/et-cache/home/?C=M;O=A HTTP/1.1" 200 355 "https://www.top-sport.hr.ithome.hr/wp-content/et-cache/home/" "Mozilla/5.0 AppleWebKit/537.36 (KHTML, like Gecko; compatible; GPTBot/1.3; +https://openai.com/gptbot)"
74.7.243.248 - - [10/May/2026:18:57:04 +0200] "GET /wp-includes/feed-atom.php HTTP/1.1" 403 285 "https://www.top-sport.hr.ithome.hr/wp-includes/" "Mozilla/5.0 AppleWebKit/537.36 (KHTML, like Gecko; compatible; GPTBot/1.3; +https://openai.com/gptbot)"
74.7.243.248 - - [10/May/2026:18:57:04 +0200] "GET /wp-content/et-cache/100437/?C=S;O=A HTTP/1.1" 200 359 "https://www.top-sport.hr.ithome.hr/wp-content/et-cache/100437/" "Mozilla/5.0 AppleWebKit/537.36 (KHTML, like Gecko; compatible; GPTBot/1.3; +https://openai.com/gptbot)"
74.7.243.248 - - [10/May/2026:18:57:05 +0200] "GET /wp-content/et-cache/100345/?C=N;O=D HTTP/1.1" 200 356 "https://www.top-sport.hr.ithome.hr/wp-content/et-cache/100345/" "Mozilla/5.0 AppleWebKit/537.36 (KHTML, like Gecko; compatible; GPTBot/1.3; +https://openai.com/gptbot)"
74.7.243.248 - - [10/May/2026:18:57:05 +0200] "GET /wp-content/et-cache/100467/?C=D;O=A HTTP/1.1" 200 359 "https://www.top-sport.hr.ithome.hr/wp-content/et-cache/100467/" "Mozilla/5.0 AppleWebKit/537.36 (KHTML, like Gecko; compatible; GPTBot/1.3; +https://openai.com/gptbot)"
74.7.243.248 - - [10/May/2026:18:57:06 +0200] "GET /wp-content/et-cache/100652/?C=M;O=A HTTP/1.1" 200 359 "https://www.top-sport.hr.ithome.hr/wp-content/et-cache/100652/" "Mozilla/5.0 AppleWebKit/537.36 (KHTML, like Gecko; compatible; GPTBot/1.3; +https://openai.com/gptbot)"
74.7.243.248 - - [10/May/2026:18:57:06 +0200] "GET /wp-content/et-cache/100627/?C=S;O=A HTTP/1.1" 200 360 "https://www.top-sport.hr.ithome.hr/wp-content/et-cache/100627/" "Mozilla/5.0 AppleWebKit/537.36 (KHTML, like Gecko; compatible; GPTBot/1.3; +https://openai.com/gptbot)"
74.7.243.248 - - [10/May/2026:18:57:07 +0200] "GET /wp-content/et-cache/100568/?C=S;O=A HTTP/1.1" 200 360 "https://www.top-sport.hr.ithome.hr/wp-content/et-cache/100568/" "Mozilla/5.0 AppleWebKit/537.36 (KHTML, like Gecko; compatible; GPTBot/1.3; +https://openai.com/gptbot)"
74.7.243.248 - - [10/May/2026:18:57:08 +0200] "GET /wp-content/et-cache/home/?C=D;O=D HTTP/1.1" 200 353 "https://www.top-sport.hr.ithome.hr/wp-content/et-cache/home/?C=D;O=A" "Mozilla/5.0 AppleWebKit/537.36 (KHTML, like Gecko; compatible; GPTBot/1.3; +https://openai.com/gptbot)"
74.7.243.248 - - [10/May/2026:18:57:09 +0200] "GET /wp-content/et-cache/home/?C=N;O=A HTTP/1.1" 200 355 "https://www.top-sport.hr.ithome.hr/wp-content/et-cache/home/?C=D;O=A" "Mozilla/5.0 AppleWebKit/537.36 (KHTML, like Gecko; compatible; GPTBot/1.3; +https://openai.com/gptbot)"
74.7.243.248 - - [10/May/2026:18:57:09 +0200] "GET /wp-content/et-cache/home/?C=S;O=D HTTP/1.1" 200 353 "https://www.top-sport.hr.ithome.hr/wp-content/et-cache/home/?C=S;O=A" "Mozilla/5.0 AppleWebKit/537.36 (KHTML, like Gecko; compatible; GPTBot/1.3; +https://openai.com/gptbot)"
74.7.243.248 - - [10/May/2026:18:57:10 +0200] "GET /wp-content/et-cache/home/?C=M;O=D HTTP/1.1" 200 353 "https://www.top-sport.hr.ithome.hr/wp-content/et-cache/home/?C=M;O=A" "Mozilla/5.0 AppleWebKit/537.36 (KHTML, like Gecko; compatible; GPTBot/1.3; +https://openai.com/gptbot)"
74.7.243.248 - - [10/May/2026:18:57:10 +0200] "GET /wp-content/et-cache/100345/?C=S;O=A HTTP/1.1" 200 359 "https://www.top-sport.hr.ithome.hr/wp-content/et-cache/100345/" "Mozilla/5.0 AppleWebKit/537.36 (KHTML, like Gecko; compatible; GPTBot/1.3; +https://openai.com/gptbot)"
74.7.243.248 - - [10/May/2026:18:57:11 +0200] "GET /wp-content/et-cache/100546/?C=S;O=A HTTP/1.1" 200 359 "https://www.top-sport.hr.ithome.hr/wp-content/et-cache/100546/" "Mozilla/5.0 AppleWebKit/537.36 (KHTML, like Gecko; compatible; GPTBot/1.3; +https://openai.com/gptbot)"
74.7.243.248 - - [10/May/2026:18:57:12 +0200] "GET /wp-content/et-cache/100497/?C=N;O=D HTTP/1.1" 200 357 "https://www.top-sport.hr.ithome.hr/wp-content/et-cache/100497/" "Mozilla/5.0 AppleWebKit/537.36 (KHTML, like Gecko; compatible; GPTBot/1.3; +https://openai.com/gptbot)"
74.7.243.248 - - [10/May/2026:18:57:12 +0200] "GET /wp-content/et-cache/100387/?C=M;O=A HTTP/1.1" 200 359 "https://www.top-sport.hr.ithome.hr/wp-content/et-cache/100387/" "Mozilla/5.0 AppleWebKit/537.36 (KHTML, like Gecko; compatible; GPTBot/1.3; +https://openai.com/gptbot)"
74.7.243.248 - - [10/May/2026:18:57:13 +0200] "GET /wp-content/et-cache/100356/?C=S;O=A HTTP/1.1" 200 359 "https://www.top-sport.hr.ithome.hr/wp-content/et-cache/100356/" "Mozilla/5.0 AppleWebKit/537.36 (KHTML, like Gecko; compatible; GPTBot/1.3; +https://openai.com/gptbot)"
74.7.243.248 - - [10/May/2026:18:57:14 +0200] "GET /wp-content/et-cache/100536/?C=S;O=A HTTP/1.1" 200 359 "https://www.top-sport.hr.ithome.hr/wp-content/et-cache/100536/" "Mozilla/5.0 AppleWebKit/537.36 (KHTML, like Gecko; compatible; GPTBot/1.3; +https://openai.com/gptbot)"
74.7.243.248 - - [10/May/2026:18:57:14 +0200] "GET /wp-content/et-cache/100462/?C=N;O=D HTTP/1.1" 200 357 "https://www.top-sport.hr.ithome.hr/wp-content/et-cache/100462/" "Mozilla/5.0 AppleWebKit/537.36 (KHTML, like Gecko; compatible; GPTBot/1.3; +https://openai.com/gptbot)"
74.7.243.248 - - [10/May/2026:18:57:15 +0200] "GET /wp-content/et-cache/100475/?C=S;O=A HTTP/1.1" 200 359 "https://www.top-sport.hr.ithome.hr/wp-content/et-cache/100475/" "Mozilla/5.0 AppleWebKit/537.36 (KHTML, like Gecko; compatible; GPTBot/1.3; +https://openai.com/gptbot)"
74.7.243.248 - - [10/May/2026:18:57:15 +0200] "GET /wp-content/et-cache/100475/?C=N;O=D HTTP/1.1" 200 357 "https://www.top-sport.hr.ithome.hr/wp-content/et-cache/100475/" "Mozilla/5.0 AppleWebKit/537.36 (KHTML, like Gecko; compatible; GPTBot/1.3; +https://openai.com/gptbot)"
74.7.243.248 - - [10/May/2026:18:57:16 +0200] "GET /wp-content/et-cache/100365/?C=S;O=A HTTP/1.1" 200 359 "https://www.top-sport.hr.ithome.hr/wp-content/et-cache/100365/" "Mozilla/5.0 AppleWebKit/537.36 (KHTML, like Gecko; compatible; GPTBot/1.3; +https://openai.com/gptbot)"
74.7.243.248 - - [10/May/2026:18:57:17 +0200] "GET /wp-content/et-cache/100279/?C=M;O=A HTTP/1.1" 200 360 "https://www.top-sport.hr.ithome.hr/wp-content/et-cache/100279/" "Mozilla/5.0 AppleWebKit/537.36 (KHTML, like Gecko; compatible; GPTBot/1.3; +https://openai.com/gptbot)"
74.7.243.248 - - [10/May/2026:18:57:17 +0200] "GET /wp-content/et-cache/100526/?C=M;O=A HTTP/1.1" 200 359 "https://www.top-sport.hr.ithome.hr/wp-content/et-cache/100526/" "Mozilla/5.0 AppleWebKit/537.36 (KHTML, like Gecko; compatible; GPTBot/1.3; +https://openai.com/gptbot)"
74.7.243.248 - - [10/May/2026:18:57:18 +0200] "GET /wp-content/et-cache/100387/?C=N;O=D HTTP/1.1" 200 357 "https://www.top-sport.hr.ithome.hr/wp-content/et-cache/100387/" "Mozilla/5.0 AppleWebKit/537.36 (KHTML, like Gecko; compatible; GPTBot/1.3; +https://openai.com/gptbot)"
74.7.243.248 - - [10/May/2026:18:57:18 +0200] "GET /wp-content/et-cache/100549/?C=S;O=A HTTP/1.1" 200 359 "https://www.top-sport.hr.ithome.hr/wp-content/et-cache/100549/" "Mozilla/5.0 AppleWebKit/537.36 (KHTML, like Gecko; compatible; GPTBot/1.3; +https://openai.com/gptbot)"
74.7.243.248 - - [10/May/2026:18:57:19 +0200] "GET /wp-content/et-cache/100258/?C=S;O=A HTTP/1.1" 200 360 "https://www.top-sport.hr.ithome.hr/wp-content/et-cache/100258/" "Mozilla/5.0 AppleWebKit/537.36 (KHTML, like Gecko; compatible; GPTBot/1.3; +https://openai.com/gptbot)"
103.166.24.225 - - [10/May/2026:18:57:19 +0200] "POST /wp-includes/hp2.php HTTP/1.1" 200 11248 "https://www.top-sport.hr/wp-includes/hp2.php" "Mozilla/5.0 (Windows NT 10.0; Win64; x64) AppleWebKit/537.36 (KHTML, like Gecko) Chrome/144.0.0.0 Safari/537.36"
74.7.243.248 - - [10/May/2026:18:57:20 +0200] "GET /wp-content/et-cache/100356/?C=M;O=A HTTP/1.1" 200 359 "https://www.top-sport.hr.ithome.hr/wp-content/et-cache/100356/" "Mozilla/5.0 AppleWebKit/537.36 (KHTML, like Gecko; compatible; GPTBot/1.3; +https://openai.com/gptbot)"
74.7.243.248 - - [10/May/2026:18:57:20 +0200] "GET /wp-content/et-cache/100534/?C=D;O=A HTTP/1.1" 200 358 "https://www.top-sport.hr.ithome.hr/wp-content/et-cache/100534/" "Mozilla/5.0 AppleWebKit/537.36 (KHTML, like Gecko; compatible; GPTBot/1.3; +https://openai.com/gptbot)"
74.7.243.248 - - [10/May/2026:18:57:21 +0200] "GET /wp-content/et-cache/100546/?C=S;O=D HTTP/1.1" 200 357 "https://www.top-sport.hr.ithome.hr/wp-content/et-cache/100546/?C=S;O=A" "Mozilla/5.0 AppleWebKit/537.36 (KHTML, like Gecko; compatible; GPTBot/1.3; +https://openai.com/gptbot)"
103.166.24.225 - - [10/May/2026:18:57:22 +0200] "POST /wp-includes/hp2.php HTTP/1.1" 200 3200 "https://www.top-sport.hr/wp-includes/hp2.php" "Mozilla/5.0 (Windows NT 10.0; Win64; x64) AppleWebKit/537.36 (KHTML, like Gecko) Chrome/144.0.0.0 Safari/537.36"
74.7.243.248 - - [10/May/2026:18:57:22 +0200] "GET /wp-content/et-cache/100238/?C=D;O=A HTTP/1.1" 200 359 "https://www.top-sport.hr.ithome.hr/wp-content/et-cache/100238/" "Mozilla/5.0 AppleWebKit/537.36 (KHTML, like Gecko; compatible; GPTBot/1.3; +https://openai.com/gptbot)"
74.7.243.248 - - [10/May/2026:18:57:22 +0200] "GET /wp-content/et-cache/100497/?C=N;O=A HTTP/1.1" 200 359 "https://www.top-sport.hr.ithome.hr/wp-content/et-cache/100497/?C=N;O=D" "Mozilla/5.0 AppleWebKit/537.36 (KHTML, like Gecko; compatible; GPTBot/1.3; +https://openai.com/gptbot)"
74.7.243.248 - - [10/May/2026:18:57:23 +0200] "GET /wp-content/et-cache/100457/?C=S;O=A HTTP/1.1" 200 359 "https://www.top-sport.hr.ithome.hr/wp-content/et-cache/100457/" "Mozilla/5.0 AppleWebKit/537.36 (KHTML, like Gecko; compatible; GPTBot/1.3; +https://openai.com/gptbot)"
74.7.243.248 - - [10/May/2026:18:57:24 +0200] "GET /wp-content/et-cache/100652/?C=N;O=D HTTP/1.1" 200 357 "https://www.top-sport.hr.ithome.hr/wp-content/et-cache/100652/" "Mozilla/5.0 AppleWebKit/537.36 (KHTML, like Gecko; compatible; GPTBot/1.3; +https://openai.com/gptbot)"
74.7.243.248 - - [10/May/2026:18:57:24 +0200] "GET /wp-content/et-cache/100396/?C=N;O=D HTTP/1.1" 200 357 "https://www.top-sport.hr.ithome.hr/wp-content/et-cache/100396/" "Mozilla/5.0 AppleWebKit/537.36 (KHTML, like Gecko; compatible; GPTBot/1.3; +https://openai.com/gptbot)"
74.7.243.248 - - [10/May/2026:18:57:25 +0200] "GET /wp-content/et-cache/100396/?C=S;O=A HTTP/1.1" 200 359 "https://www.top-sport.hr.ithome.hr/wp-content/et-cache/100396/" "Mozilla/5.0 AppleWebKit/537.36 (KHTML, like Gecko; compatible; GPTBot/1.3; +https://openai.com/gptbot)"
74.7.243.248 - - [10/May/2026:18:57:25 +0200] "GET /wp-content/et-cache/100426/?C=M;O=A HTTP/1.1" 200 359 "https://www.top-sport.hr.ithome.hr/wp-content/et-cache/100426/" "Mozilla/5.0 AppleWebKit/537.36 (KHTML, like Gecko; compatible; GPTBot/1.3; +https://openai.com/gptbot)"
74.7.243.248 - - [10/May/2026:18:57:26 +0200] "GET /wp-content/et-cache/100539/?C=S;O=A HTTP/1.1" 200 359 "https://www.top-sport.hr.ithome.hr/wp-content/et-cache/100539/" "Mozilla/5.0 AppleWebKit/537.36 (KHTML, like Gecko; compatible; GPTBot/1.3; +https://openai.com/gptbot)"
74.7.243.248 - - [10/May/2026:18:57:27 +0200] "GET /wp-content/et-cache/100568/?C=N;O=A HTTP/1.1" 200 359 "https://www.top-sport.hr.ithome.hr/wp-content/et-cache/100568/?C=S;O=A" "Mozilla/5.0 AppleWebKit/537.36 (KHTML, like Gecko; compatible; GPTBot/1.3; +https://openai.com/gptbot)"
74.7.243.248 - - [10/May/2026:18:57:27 +0200] "GET /wp-content/et-cache/100549/?C=S;O=D HTTP/1.1" 200 357 "https://www.top-sport.hr.ithome.hr/wp-content/et-cache/100549/?C=S;O=A" "Mozilla/5.0 AppleWebKit/537.36 (KHTML, like Gecko; compatible; GPTBot/1.3; +https://openai.com/gptbot)"
74.7.243.248 - - [10/May/2026:18:57:28 +0200] "GET /wp-content/et-cache/100493/?C=D;O=A HTTP/1.1" 200 359 "https://www.top-sport.hr.ithome.hr/wp-content/et-cache/100493/" "Mozilla/5.0 AppleWebKit/537.36 (KHTML, like Gecko; compatible; GPTBot/1.3; +https://openai.com/gptbot)"
74.7.243.248 - - [10/May/2026:18:57:28 +0200] "GET /wp-content/et-cache/100238/?C=N;O=A HTTP/1.1" 200 359 "https://www.top-sport.hr.ithome.hr/wp-content/et-cache/100238/?C=D;O=A" "Mozilla/5.0 AppleWebKit/537.36 (KHTML, like Gecko; compatible; GPTBot/1.3; +https://openai.com/gptbot)"
74.7.243.248 - - [10/May/2026:18:57:29 +0200] "GET /wp-content/et-cache/100258/?C=N;O=D HTTP/1.1" 200 357 "https://www.top-sport.hr.ithome.hr/wp-content/et-cache/100258/" "Mozilla/5.0 AppleWebKit/537.36 (KHTML, like Gecko; compatible; GPTBot/1.3; +https://openai.com/gptbot)"
74.7.243.248 - - [10/May/2026:18:57:30 +0200] "GET /wp-content/et-cache/100437/?C=D;O=A HTTP/1.1" 200 359 "https://www.top-sport.hr.ithome.hr/wp-content/et-cache/100437/" "Mozilla/5.0 AppleWebKit/537.36 (KHTML, like Gecko; compatible; GPTBot/1.3; +https://openai.com/gptbot)"
74.7.243.248 - - [10/May/2026:18:57:31 +0200] "GET /wp-content/et-cache/100345/?C=M;O=A HTTP/1.1" 200 359 "https://www.top-sport.hr.ithome.hr/wp-content/et-cache/100345/" "Mozilla/5.0 AppleWebKit/537.36 (KHTML, like Gecko; compatible; GPTBot/1.3; +https://openai.com/gptbot)"
74.7.243.248 - - [10/May/2026:18:57:31 +0200] "GET /wp-content/et-cache/100279/?C=M;O=D HTTP/1.1" 200 358 "https://www.top-sport.hr.ithome.hr/wp-content/et-cache/100279/?C=M;O=A" "Mozilla/5.0 AppleWebKit/537.36 (KHTML, like Gecko; compatible; GPTBot/1.3; +https://openai.com/gptbot)"
74.7.243.248 - - [10/May/2026:18:57:32 +0200] "GET /wp-content/et-cache/100586/?C=N;O=D HTTP/1.1" 200 357 "https://www.top-sport.hr.ithome.hr/wp-content/et-cache/100586/" "Mozilla/5.0 AppleWebKit/537.36 (KHTML, like Gecko; compatible; GPTBot/1.3; +https://openai.com/gptbot)"
74.7.243.248 - - [10/May/2026:18:57:33 +0200] "GET /wp-content/et-cache/100379/?C=M;O=A HTTP/1.1" 200 359 "https://www.top-sport.hr.ithome.hr/wp-content/et-cache/100379/" "Mozilla/5.0 AppleWebKit/537.36 (KHTML, like Gecko; compatible; GPTBot/1.3; +https://openai.com/gptbot)"
74.7.243.248 - - [10/May/2026:18:57:33 +0200] "GET /wp-content/et-cache/100249/?C=D;O=A HTTP/1.1" 200 359 "https://www.top-sport.hr.ithome.hr/wp-content/et-cache/100249/" "Mozilla/5.0 AppleWebKit/537.36 (KHTML, like Gecko; compatible; GPTBot/1.3; +https://openai.com/gptbot)"
74.7.243.248 - - [10/May/2026:18:57:35 +0200] "GET /wp-content/et-cache/100462/?C=N;O=A HTTP/1.1" 200 359 "https://www.top-sport.hr.ithome.hr/wp-content/et-cache/100462/?C=N;O=D" "Mozilla/5.0 AppleWebKit/537.36 (KHTML, like Gecko; compatible; GPTBot/1.3; +https://openai.com/gptbot)"
74.7.243.248 - - [10/May/2026:18:57:35 +0200] "GET /wp-content/et-cache/100426/?C=N;O=D HTTP/1.1" 200 357 "https://www.top-sport.hr.ithome.hr/wp-content/et-cache/100426/" "Mozilla/5.0 AppleWebKit/537.36 (KHTML, like Gecko; compatible; GPTBot/1.3; +https://openai.com/gptbot)"
103.166.24.225 - - [10/May/2026:18:57:35 +0200] "POST /wp-includes/hp2.php HTTP/1.1" 200 3271 "https://www.top-sport.hr/wp-includes/hp2.php" "Mozilla/5.0 (Windows NT 10.0; Win64; x64) AppleWebKit/537.36 (KHTML, like Gecko) Chrome/144.0.0.0 Safari/537.36"
74.7.243.248 - - [10/May/2026:18:57:36 +0200] "GET /wp-content/et-cache/100493/?C=N;O=A HTTP/1.1" 404 0 "https://www.top-sport.hr.ithome.hr/wp-content/et-cache/100493/?C=D;O=A" "Mozilla/5.0 AppleWebKit/537.36 (KHTML, like Gecko; compatible; GPTBot/1.3; +https://openai.com/gptbot)"
74.7.243.248 - - [10/May/2026:18:57:37 +0200] "GET /wp-content/et-cache/100594/?C=S;O=A HTTP/1.1" 404 0 "https://www.top-sport.hr.ithome.hr/wp-content/et-cache/100594/" "Mozilla/5.0 AppleWebKit/537.36 (KHTML, like Gecko; compatible; GPTBot/1.3; +https://openai.com/gptbot)"
103.166.24.225 - - [10/May/2026:18:57:38 +0200] "POST /wp-includes/hp2.php HTTP/1.1" 200 2656 "https://www.top-sport.hr/wp-includes/hp2.php" "Mozilla/5.0 (Windows NT 10.0; Win64; x64) AppleWebKit/537.36 (KHTML, like Gecko) Chrome/144.0.0.0 Safari/537.36"
74.7.243.248 - - [10/May/2026:18:57:38 +0200] "GET /wp-content/et-cache/100235/?C=D;O=A HTTP/1.1" 404 0 "https://www.top-sport.hr.ithome.hr/wp-content/et-cache/100235/" "Mozilla/5.0 AppleWebKit/537.36 (KHTML, like Gecko; compatible; GPTBot/1.3; +https://openai.com/gptbot)"
74.7.243.248 - - [10/May/2026:18:57:38 +0200] "GET /wp-content/et-cache/100598/?C=D;O=A HTTP/1.1" 404 0 "https://www.top-sport.hr.ithome.hr/wp-content/et-cache/100598/" "Mozilla/5.0 AppleWebKit/537.36 (KHTML, like Gecko; compatible; GPTBot/1.3; +https://openai.com/gptbot)"
74.7.243.248 - - [10/May/2026:18:57:39 +0200] "GET /wp-content/et-cache/100345/?C=M;O=D HTTP/1.1" 404 0 "https://www.top-sport.hr.ithome.hr/wp-content/et-cache/100345/?C=M;O=A" "Mozilla/5.0 AppleWebKit/537.36 (KHTML, like Gecko; compatible; GPTBot/1.3; +https://openai.com/gptbot)"
74.7.243.248 - - [10/May/2026:18:57:40 +0200] "GET /wp-content/et-cache/100627/?C=M;O=A HTTP/1.1" 404 0 "https://www.top-sport.hr.ithome.hr/wp-content/et-cache/100627/" "Mozilla/5.0 AppleWebKit/537.36 (KHTML, like Gecko; compatible; GPTBot/1.3; +https://openai.com/gptbot)"
74.7.243.248 - - [10/May/2026:18:57:41 +0200] "GET /wp-content/et-cache/100375/?C=S;O=A HTTP/1.1" 404 0 "https://www.top-sport.hr.ithome.hr/wp-content/et-cache/100375/" "Mozilla/5.0 AppleWebKit/537.36 (KHTML, like Gecko; compatible; GPTBot/1.3; +https://openai.com/gptbot)"
74.7.243.248 - - [10/May/2026:18:57:42 +0200] "GET /wp-content/et-cache/100379/?C=N;O=A HTTP/1.1" 404 0 "https://www.top-sport.hr.ithome.hr/wp-content/et-cache/100379/?C=M;O=A" "Mozilla/5.0 AppleWebKit/537.36 (KHTML, like Gecko; compatible; GPTBot/1.3; +https://openai.com/gptbot)"
74.7.243.248 - - [10/May/2026:18:57:42 +0200] "GET /wp-content/et-cache/100526/?C=D;O=A HTTP/1.1" 404 0 "https://www.top-sport.hr.ithome.hr/wp-content/et-cache/100526/" "Mozilla/5.0 AppleWebKit/537.36 (KHTML, like Gecko; compatible; GPTBot/1.3; +https://openai.com/gptbot)"
103.166.24.225 - - [10/May/2026:18:57:43 +0200] "POST /wp-includes/hp2.php HTTP/1.1" 200 2658 "https://www.top-sport.hr/wp-includes/hp2.php" "Mozilla/5.0 (Windows NT 10.0; Win64; x64) AppleWebKit/537.36 (KHTML, like Gecko) Chrome/144.0.0.0 Safari/537.36"
103.166.24.225 - - [10/May/2026:18:57:43 +0200] "POST /wp-includes/hp2.php HTTP/1.1" 200 2659 "https://www.top-sport.hr/wp-includes/hp2.php" "Mozilla/5.0 (Windows NT 10.0; Win64; x64) AppleWebKit/537.36 (KHTML, like Gecko) Chrome/144.0.0.0 Safari/537.36"
74.7.243.248 - - [10/May/2026:18:57:43 +0200] "GET /wp-content/et-cache/100528/?C=M;O=A HTTP/1.1" 404 0 "https://www.top-sport.hr.ithome.hr/wp-content/et-cache/100528/" "Mozilla/5.0 AppleWebKit/537.36 (KHTML, like Gecko; compatible; GPTBot/1.3; +https://openai.com/gptbot)"
74.7.243.248 - - [10/May/2026:18:57:44 +0200] "GET /wp-content/et-cache/100326/?C=D;O=A HTTP/1.1" 404 0 "https://www.top-sport.hr.ithome.hr/wp-content/et-cache/100326/" "Mozilla/5.0 AppleWebKit/537.36 (KHTML, like Gecko; compatible; GPTBot/1.3; +https://openai.com/gptbot)"
74.7.243.248 - - [10/May/2026:18:57:45 +0200] "GET /wp-content/et-cache/100396/?C=N;O=A HTTP/1.1" 404 0 "https://www.top-sport.hr.ithome.hr/wp-content/et-cache/100396/?C=N;O=D" "Mozilla/5.0 AppleWebKit/537.36 (KHTML, like Gecko; compatible; GPTBot/1.3; +https://openai.com/gptbot)"
103.166.24.225 - - [10/May/2026:18:57:45 +0200] "POST /wp-includes/hp2.php HTTP/1.1" 200 3253 "https://www.top-sport.hr/wp-includes/hp2.php" "Mozilla/5.0 (Windows NT 10.0; Win64; x64) AppleWebKit/537.36 (KHTML, like Gecko) Chrome/144.0.0.0 Safari/537.36"
74.7.243.248 - - [10/May/2026:18:57:46 +0200] "GET /wp-content/et-cache/100457/?C=M;O=A HTTP/1.1" 404 0 "https://www.top-sport.hr.ithome.hr/wp-content/et-cache/100457/" "Mozilla/5.0 AppleWebKit/537.36 (KHTML, like Gecko; compatible; GPTBot/1.3; +https://openai.com/gptbot)"
74.7.243.248 - - [10/May/2026:18:57:47 +0200] "GET /wp-content/et-cache/100238/?C=S;O=A HTTP/1.1" 404 0 "https://www.top-sport.hr.ithome.hr/wp-content/et-cache/100238/" "Mozilla/5.0 AppleWebKit/537.36 (KHTML, like Gecko; compatible; GPTBot/1.3; +https://openai.com/gptbot)"
74.7.243.248 - - [10/May/2026:18:57:48 +0200] "GET /wp-content/et-cache/100534/?C=M;O=A HTTP/1.1" 404 0 "https://www.top-sport.hr.ithome.hr/wp-content/et-cache/100534/" "Mozilla/5.0 AppleWebKit/537.36 (KHTML, like Gecko; compatible; GPTBot/1.3; +https://openai.com/gptbot)"
74.7.243.248 - - [10/May/2026:18:57:49 +0200] "GET /wp-content/et-cache/100536/?C=D;O=A HTTP/1.1" 404 0 "https://www.top-sport.hr.ithome.hr/wp-content/et-cache/100536/" "Mozilla/5.0 AppleWebKit/537.36 (KHTML, like Gecko; compatible; GPTBot/1.3; +https://openai.com/gptbot)"
74.7.243.248 - - [10/May/2026:18:57:49 +0200] "GET /wp-content/et-cache/100586/?C=N;O=A HTTP/1.1" 404 0 "https://www.top-sport.hr.ithome.hr/wp-content/et-cache/100586/?C=N;O=D" "Mozilla/5.0 AppleWebKit/537.36 (KHTML, like Gecko; compatible; GPTBot/1.3; +https://openai.com/gptbot)"
103.166.24.225 - - [10/May/2026:18:57:50 +0200] "GET / HTTP/1.1" 200 0 "-" "Mozilla/5.0 (Windows NT 10.0; Win64; x64) AppleWebKit/537.36 (KHTML, like Gecko) Chrome/144.0.0.0 Safari/537.36"
74.7.243.248 - - [10/May/2026:18:57:50 +0200] "GET /wp-content/et-cache/100326/?C=N;O=D HTTP/1.1" 404 0 "https://www.top-sport.hr.ithome.hr/wp-content/et-cache/100326/" "Mozilla/5.0 AppleWebKit/537.36 (KHTML, like Gecko; compatible; GPTBot/1.3; +https://openai.com/gptbot)"
74.7.243.248 - - [10/May/2026:18:57:51 +0200] "GET /wp-content/et-cache/100432/?C=M;O=A HTTP/1.1" 404 0 "https://www.top-sport.hr.ithome.hr/wp-content/et-cache/100432/" "Mozilla/5.0 AppleWebKit/537.36 (KHTML, like Gecko; compatible; GPTBot/1.3; +https://openai.com/gptbot)"
74.7.243.248 - - [10/May/2026:18:57:52 +0200] "GET /wp-content/et-cache/100573/?C=M;O=A HTTP/1.1" 404 0 "https://www.top-sport.hr.ithome.hr/wp-content/et-cache/100573/" "Mozilla/5.0 AppleWebKit/537.36 (KHTML, like Gecko; compatible; GPTBot/1.3; +https://openai.com/gptbot)"
74.7.243.248 - - [10/May/2026:18:57:53 +0200] "GET /wp-content/et-cache/100279/?C=D;O=A HTTP/1.1" 404 0 "https://www.top-sport.hr.ithome.hr/wp-content/et-cache/100279/" "Mozilla/5.0 AppleWebKit/537.36 (KHTML, like Gecko; compatible; GPTBot/1.3; +https://openai.com/gptbot)"
74.7.243.248 - - [10/May/2026:18:57:54 +0200] "GET /wp-content/et-cache/100568/?C=S;O=D HTTP/1.1" 404 0 "https://www.top-sport.hr.ithome.hr/wp-content/et-cache/100568/?C=S;O=A" "Mozilla/5.0 AppleWebKit/537.36 (KHTML, like Gecko; compatible; GPTBot/1.3; +https://openai.com/gptbot)"
74.7.243.248 - - [10/May/2026:18:57:55 +0200] "GET /wp-content/et-cache/100586/?C=D;O=A HTTP/1.1" 404 0 "https://www.top-sport.hr.ithome.hr/wp-content/et-cache/100586/" "Mozilla/5.0 AppleWebKit/537.36 (KHTML, like Gecko; compatible; GPTBot/1.3; +https://openai.com/gptbot)"
74.7.243.248 - - [10/May/2026:18:57:55 +0200] "GET /wp-content/et-cache/100387/?C=M;O=D HTTP/1.1" 404 0 "https://www.top-sport.hr.ithome.hr/wp-content/et-cache/100387/?C=M;O=A" "Mozilla/5.0 AppleWebKit/537.36 (KHTML, like Gecko; compatible; GPTBot/1.3; +https://openai.com/gptbot)"
74.7.243.248 - - [10/May/2026:18:57:56 +0200] "GET /wp-content/et-cache/100356/?C=N;O=A HTTP/1.1" 404 0 "https://www.top-sport.hr.ithome.hr/wp-content/et-cache/100356/?C=S;O=A" "Mozilla/5.0 AppleWebKit/537.36 (KHTML, like Gecko; compatible; GPTBot/1.3; +https://openai.com/gptbot)"
74.7.243.248 - - [10/May/2026:18:57:57 +0200] "GET /wp-content/et-cache/100375/?C=D;O=A HTTP/1.1" 404 0 "https://www.top-sport.hr.ithome.hr/wp-content/et-cache/100375/" "Mozilla/5.0 AppleWebKit/537.36 (KHTML, like Gecko; compatible; GPTBot/1.3; +https://openai.com/gptbot)"
74.7.243.248 - - [10/May/2026:18:57:58 +0200] "GET /wp-content/et-cache/100275/?C=N;O=D HTTP/1.1" 404 0 "https://www.top-sport.hr.ithome.hr/wp-content/et-cache/100275/" "Mozilla/5.0 AppleWebKit/537.36 (KHTML, like Gecko; compatible; GPTBot/1.3; +https://openai.com/gptbot)"
74.7.243.248 - - [10/May/2026:18:57:59 +0200] "GET /wp-content/et-cache/100238/?C=M;O=A HTTP/1.1" 404 0 "https://www.top-sport.hr.ithome.hr/wp-content/et-cache/100238/" "Mozilla/5.0 AppleWebKit/537.36 (KHTML, like Gecko; compatible; GPTBot/1.3; +https://openai.com/gptbot)"
74.7.243.248 - - [10/May/2026:18:58:00 +0200] "GET /wp-content/et-cache/100356/?C=S;O=D HTTP/1.1" 404 0 "https://www.top-sport.hr.ithome.hr/wp-content/et-cache/100356/?C=S;O=A" "Mozilla/5.0 AppleWebKit/537.36 (KHTML, like Gecko; compatible; GPTBot/1.3; +https://openai.com/gptbot)"
103.166.24.225 - - [10/May/2026:18:58:00 +0200] "POST /wp-includes/hp2.php HTTP/1.1" 200 3338 "https://www.top-sport.hr/wp-includes/hp2.php" "Mozilla/5.0 (Windows NT 10.0; Win64; x64) AppleWebKit/537.36 (KHTML, like Gecko) Chrome/144.0.0.0 Safari/537.36"
74.7.243.248 - - [10/May/2026:18:58:01 +0200] "GET /wp-content/et-cache/100627/?C=S;O=D HTTP/1.1" 404 0 "https://www.top-sport.hr.ithome.hr/wp-content/et-cache/100627/?C=S;O=A" "Mozilla/5.0 AppleWebKit/537.36 (KHTML, like Gecko; compatible; GPTBot/1.3; +https://openai.com/gptbot)"
74.7.243.248 - - [10/May/2026:18:58:01 +0200] "GET /wp-content/et-cache/100586/?C=S;O=A HTTP/1.1" 404 0 "https://www.top-sport.hr.ithome.hr/wp-content/et-cache/100586/" "Mozilla/5.0 AppleWebKit/537.36 (KHTML, like Gecko; compatible; GPTBot/1.3; +https://openai.com/gptbot)"
194.36.45.211 - - [10/May/2026:18:58:02 +0200] "GET /wcmipconnector/readfiles/ HTTP/1.1" 200 0 "-" "curl/7.61.1"
74.7.243.248 - - [10/May/2026:18:58:02 +0200] "GET /wp-content/et-cache/100475/?C=M;O=A HTTP/1.1" 404 0 "https://www.top-sport.hr.ithome.hr/wp-content/et-cache/100475/" "Mozilla/5.0 AppleWebKit/537.36 (KHTML, like Gecko; compatible; GPTBot/1.3; +https://openai.com/gptbot)"
47.128.19.140 - - [10/May/2026:18:58:03 +0200] "GET /kategorija/alpinizam-i-feratta/ HTTP/1.1" 404 0 "-" "Mozilla/5.0 (Linux; Android 5.0) AppleWebKit/537.36 (KHTML, like Gecko) Mobile Safari/537.36 (compatible; Bytespider; spider-feedback@bytedance.com)"
74.7.243.248 - - [10/May/2026:18:58:03 +0200] "GET /wp-content/et-cache/100462/?C=M;O=A HTTP/1.1" 404 0 "https://www.top-sport.hr.ithome.hr/wp-content/et-cache/100462/" "Mozilla/5.0 AppleWebKit/537.36 (KHTML, like Gecko; compatible; GPTBot/1.3; +https://openai.com/gptbot)"
74.7.243.248 - - [10/May/2026:18:58:04 +0200] "GET /wp-content/et-cache/100279/?C=S;O=A HTTP/1.1" 404 0 "https://www.top-sport.hr.ithome.hr/wp-content/et-cache/100279/" "Mozilla/5.0 AppleWebKit/537.36 (KHTML, like Gecko; compatible; GPTBot/1.3; +https://openai.com/gptbot)"
74.7.243.248 - - [10/May/2026:18:58:05 +0200] "GET /wp-content/et-cache/100249/?C=S;O=A HTTP/1.1" 404 0 "https://www.top-sport.hr.ithome.hr/wp-content/et-cache/100249/" "Mozilla/5.0 AppleWebKit/537.36 (KHTML, like Gecko; compatible; GPTBot/1.3; +https://openai.com/gptbot)"
74.7.243.248 - - [10/May/2026:18:58:06 +0200] "GET /wp-content/et-cache/100627/?C=D;O=A HTTP/1.1" 404 0 "https://www.top-sport.hr.ithome.hr/wp-content/et-cache/100627/" "Mozilla/5.0 AppleWebKit/537.36 (KHTML, like Gecko; compatible; GPTBot/1.3; +https://openai.com/gptbot)"
103.166.24.225 - - [10/May/2026:18:58:06 +0200] "POST /wp-includes/hp2.php HTTP/1.1" 200 3381 "https://www.top-sport.hr/wp-includes/hp2.php" "Mozilla/5.0 (Windows NT 10.0; Win64; x64) AppleWebKit/537.36 (KHTML, like Gecko) Chrome/144.0.0.0 Safari/537.36"
47.128.19.154 - - [10/May/2026:18:58:06 +0200] "GET /robots.txt HTTP/1.1" 404 0 "-" "Mozilla/5.0 (Linux; Android 5.0) AppleWebKit/537.36 (KHTML, like Gecko) Mobile Safari/537.36 (compatible; Bytespider; spider-feedback@bytedance.com)"
74.7.243.248 - - [10/May/2026:18:58:07 +0200] "GET /wp-content/et-cache/100524/?C=D;O=A HTTP/1.1" 404 0 "https://www.top-sport.hr.ithome.hr/wp-content/et-cache/100524/" "Mozilla/5.0 AppleWebKit/537.36 (KHTML, like Gecko; compatible; GPTBot/1.3; +https://openai.com/gptbot)"
74.7.243.248 - - [10/May/2026:18:58:08 +0200] "GET /wp-content/et-cache/100457/?C=N;O=D HTTP/1.1" 404 0 "https://www.top-sport.hr.ithome.hr/wp-content/et-cache/100457/" "Mozilla/5.0 AppleWebKit/537.36 (KHTML, like Gecko; compatible; GPTBot/1.3; +https://openai.com/gptbot)"
74.7.243.248 - - [10/May/2026:18:58:08 +0200] "GET /wp-content/et-cache/100426/?C=S;O=A HTTP/1.1" 404 0 "https://www.top-sport.hr.ithome.hr/wp-content/et-cache/100426/" "Mozilla/5.0 AppleWebKit/537.36 (KHTML, like Gecko; compatible; GPTBot/1.3; +https://openai.com/gptbot)"
74.7.243.248 - - [10/May/2026:18:58:09 +0200] "GET /wp-content/et-cache/100258/?C=S;O=D HTTP/1.1" 404 0 "https://www.top-sport.hr.ithome.hr/wp-content/et-cache/100258/?C=S;O=A" "Mozilla/5.0 AppleWebKit/537.36 (KHTML, like Gecko; compatible; GPTBot/1.3; +https://openai.com/gptbot)"
74.7.243.248 - - [10/May/2026:18:58:10 +0200] "GET /wp-content/et-cache/100356/?C=M;O=D HTTP/1.1" 404 0 "https://www.top-sport.hr.ithome.hr/wp-content/et-cache/100356/?C=M;O=A" "Mozilla/5.0 AppleWebKit/537.36 (KHTML, like Gecko; compatible; GPTBot/1.3; +https://openai.com/gptbot)"
74.7.243.248 - - [10/May/2026:18:58:11 +0200] "GET /wp-content/et-cache/100594/?C=D;O=A HTTP/1.1" 404 0 "https://www.top-sport.hr.ithome.hr/wp-content/et-cache/100594/" "Mozilla/5.0 AppleWebKit/537.36 (KHTML, like Gecko; compatible; GPTBot/1.3; +https://openai.com/gptbot)"
74.7.243.248 - - [10/May/2026:18:58:12 +0200] "GET /wp-content/et-cache/100526/?C=M;O=D HTTP/1.1" 404 0 "https://www.top-sport.hr.ithome.hr/wp-content/et-cache/100526/?C=M;O=A" "Mozilla/5.0 AppleWebKit/537.36 (KHTML, like Gecko; compatible; GPTBot/1.3; +https://openai.com/gptbot)"
74.7.243.248 - - [10/May/2026:18:58:13 +0200] "GET /wp-content/et-cache/100627/?C=N;O=A HTTP/1.1" 404 0 "https://www.top-sport.hr.ithome.hr/wp-content/et-cache/100627/?C=S;O=A" "Mozilla/5.0 AppleWebKit/537.36 (KHTML, like Gecko; compatible; GPTBot/1.3; +https://openai.com/gptbot)"
74.7.243.248 - - [10/May/2026:18:58:13 +0200] "GET /wp-content/et-cache/100598/?C=S;O=A HTTP/1.1" 404 0 "https://www.top-sport.hr.ithome.hr/wp-content/et-cache/100598/" "Mozilla/5.0 AppleWebKit/537.36 (KHTML, like Gecko; compatible; GPTBot/1.3; +https://openai.com/gptbot)"
74.7.243.248 - - [10/May/2026:18:58:14 +0200] "GET /wp-content/et-cache/100573/?C=N;O=D HTTP/1.1" 404 0 "https://www.top-sport.hr.ithome.hr/wp-content/et-cache/100573/" "Mozilla/5.0 AppleWebKit/537.36 (KHTML, like Gecko; compatible; GPTBot/1.3; +https://openai.com/gptbot)"
74.7.243.248 - - [10/May/2026:18:58:15 +0200] "GET /wp-content/et-cache/100365/?C=M;O=A HTTP/1.1" 404 0 "https://www.top-sport.hr.ithome.hr/wp-content/et-cache/100365/" "Mozilla/5.0 AppleWebKit/537.36 (KHTML, like Gecko; compatible; GPTBot/1.3; +https://openai.com/gptbot)"
74.7.243.248 - - [10/May/2026:18:58:15 +0200] "GET /wp-content/et-cache/100258/?C=N;O=A HTTP/1.1" 404 0 "https://www.top-sport.hr.ithome.hr/wp-content/et-cache/100258/?C=S;O=A" "Mozilla/5.0 AppleWebKit/537.36 (KHTML, like Gecko; compatible; GPTBot/1.3; +https://openai.com/gptbot)"
74.7.243.248 - - [10/May/2026:18:58:16 +0200] "GET /wp-content/et-cache/100467/?C=S;O=A HTTP/1.1" 404 0 "https://www.top-sport.hr.ithome.hr/wp-content/et-cache/100467/" "Mozilla/5.0 AppleWebKit/537.36 (KHTML, like Gecko; compatible; GPTBot/1.3; +https://openai.com/gptbot)"
74.7.243.248 - - [10/May/2026:18:58:17 +0200] "GET /wp-content/et-cache/100249/?C=N;O=D HTTP/1.1" 404 0 "https://www.top-sport.hr.ithome.hr/wp-content/et-cache/100249/" "Mozilla/5.0 AppleWebKit/537.36 (KHTML, like Gecko; compatible; GPTBot/1.3; +https://openai.com/gptbot)"
74.7.243.248 - - [10/May/2026:18:58:18 +0200] "GET /wp-content/et-cache/100462/?C=D;O=A HTTP/1.1" 404 0 "https://www.top-sport.hr.ithome.hr/wp-content/et-cache/100462/" "Mozilla/5.0 AppleWebKit/537.36 (KHTML, like Gecko; compatible; GPTBot/1.3; +https://openai.com/gptbot)"
74.7.243.248 - - [10/May/2026:18:58:19 +0200] "GET /wp-content/et-cache/100546/?C=N;O=A HTTP/1.1" 404 0 "https://www.top-sport.hr.ithome.hr/wp-content/et-cache/100546/?C=S;O=A" "Mozilla/5.0 AppleWebKit/537.36 (KHTML, like Gecko; compatible; GPTBot/1.3; +https://openai.com/gptbot)"
82.165.150.73 - - [10/May/2026:18:58:19 +0200] "GET /wp-login.php HTTP/1.1" 403 0 "-" "Mozilla/5.0 (X11; Fedora; Linux x86_64) AppleWebKit/537.36 (KHTML, like Gecko) Chrome/133.0.0.0 Safari/537.36"
74.7.243.248 - - [10/May/2026:18:58:19 +0200] "GET /wp-content/et-cache/100568/?C=M;O=A HTTP/1.1" 404 0 "https://www.top-sport.hr.ithome.hr/wp-content/et-cache/100568/" "Mozilla/5.0 AppleWebKit/537.36 (KHTML, like Gecko; compatible; GPTBot/1.3; +https://openai.com/gptbot)"
82.165.150.73 - - [10/May/2026:18:58:20 +0200] "POST /wp-login.php HTTP/1.1" 403 0 "https://www.top-sport.hr/wp-login.php" "Mozilla/5.0 (X11; Fedora; Linux x86_64) AppleWebKit/537.36 (KHTML, like Gecko) Chrome/133.0.0.0 Safari/537.36"
74.7.243.248 - - [10/May/2026:18:58:20 +0200] "GET /wp-content/et-cache/100365/?C=N;O=D HTTP/1.1" 404 0 "https://www.top-sport.hr.ithome.hr/wp-content/et-cache/100365/" "Mozilla/5.0 AppleWebKit/537.36 (KHTML, like Gecko; compatible; GPTBot/1.3; +https://openai.com/gptbot)"
74.7.243.248 - - [10/May/2026:18:58:21 +0200] "GET /wp-content/et-cache/100437/?C=S;O=D HTTP/1.1" 404 0 "https://www.top-sport.hr.ithome.hr/wp-content/et-cache/100437/?C=S;O=A" "Mozilla/5.0 AppleWebKit/537.36 (KHTML, like Gecko; compatible; GPTBot/1.3; +https://openai.com/gptbot)"
74.7.243.248 - - [10/May/2026:18:58:22 +0200] "GET /wp-content/et-cache/100536/?C=N;O=A HTTP/1.1" 404 0 "https://www.top-sport.hr.ithome.hr/wp-content/et-cache/100536/?C=S;O=A" "Mozilla/5.0 AppleWebKit/537.36 (KHTML, like Gecko; compatible; GPTBot/1.3; +https://openai.com/gptbot)"
74.7.243.248 - - [10/May/2026:18:58:23 +0200] "GET /wp-content/et-cache/100524/?C=N;O=D HTTP/1.1" 404 0 "https://www.top-sport.hr.ithome.hr/wp-content/et-cache/100524/" "Mozilla/5.0 AppleWebKit/537.36 (KHTML, like Gecko; compatible; GPTBot/1.3; +https://openai.com/gptbot)"
74.7.243.248 - - [10/May/2026:18:58:23 +0200] "GET /wp-content/et-cache/100457/?C=S;O=D HTTP/1.1" 404 0 "https://www.top-sport.hr.ithome.hr/wp-content/et-cache/100457/?C=S;O=A" "Mozilla/5.0 AppleWebKit/537.36 (KHTML, like Gecko; compatible; GPTBot/1.3; +https://openai.com/gptbot)"
74.7.243.248 - - [10/May/2026:18:58:24 +0200] "GET /wp-content/et-cache/100549/?C=D;O=A HTTP/1.1" 404 0 "https://www.top-sport.hr.ithome.hr/wp-content/et-cache/100549/" "Mozilla/5.0 AppleWebKit/537.36 (KHTML, like Gecko; compatible; GPTBot/1.3; +https://openai.com/gptbot)"
74.7.243.248 - - [10/May/2026:18:58:25 +0200] "GET /wp-content/et-cache/100467/?C=N;O=D HTTP/1.1" 404 0 "https://www.top-sport.hr.ithome.hr/wp-content/et-cache/100467/" "Mozilla/5.0 AppleWebKit/537.36 (KHTML, like Gecko; compatible; GPTBot/1.3; +https://openai.com/gptbot)"
74.7.243.248 - - [10/May/2026:18:58:26 +0200] "GET /wp-content/et-cache/100396/?C=S;O=D HTTP/1.1" 404 0 "https://www.top-sport.hr.ithome.hr/wp-content/et-cache/100396/?C=S;O=A" "Mozilla/5.0 AppleWebKit/537.36 (KHTML, like Gecko; compatible; GPTBot/1.3; +https://openai.com/gptbot)"
74.7.243.248 - - [10/May/2026:18:58:27 +0200] "GET /wp-content/et-cache/100546/?C=D;O=A HTTP/1.1" 404 0 "https://www.top-sport.hr.ithome.hr/wp-content/et-cache/100546/" "Mozilla/5.0 AppleWebKit/537.36 (KHTML, like Gecko; compatible; GPTBot/1.3; +https://openai.com/gptbot)"
74.7.243.248 - - [10/May/2026:18:58:28 +0200] "GET /wp-content/et-cache/100536/?C=N;O=D HTTP/1.1" 404 0 "https://www.top-sport.hr.ithome.hr/wp-content/et-cache/100536/" "Mozilla/5.0 AppleWebKit/537.36 (KHTML, like Gecko; compatible; GPTBot/1.3; +https://openai.com/gptbot)"
74.7.243.248 - - [10/May/2026:18:58:29 +0200] "GET /wp-content/et-cache/100437/?C=N;O=A HTTP/1.1" 404 0 "https://www.top-sport.hr.ithome.hr/wp-content/et-cache/100437/?C=S;O=A" "Mozilla/5.0 AppleWebKit/537.36 (KHTML, like Gecko; compatible; GPTBot/1.3; +https://openai.com/gptbot)"
74.7.243.248 - - [10/May/2026:18:58:29 +0200] "GET /wp-content/et-cache/100235/?C=S;O=A HTTP/1.1" 404 0 "https://www.top-sport.hr.ithome.hr/wp-content/et-cache/100235/" "Mozilla/5.0 AppleWebKit/537.36 (KHTML, like Gecko; compatible; GPTBot/1.3; +https://openai.com/gptbot)"
74.7.243.248 - - [10/May/2026:18:58:30 +0200] "GET /wp-content/et-cache/100539/?C=M;O=A HTTP/1.1" 404 0 "https://www.top-sport.hr.ithome.hr/wp-content/et-cache/100539/" "Mozilla/5.0 AppleWebKit/537.36 (KHTML, like Gecko; compatible; GPTBot/1.3; +https://openai.com/gptbot)"
74.7.243.248 - - [10/May/2026:18:58:31 +0200] "GET /wp-content/et-cache/100345/?C=S;O=D HTTP/1.1" 404 0 "https://www.top-sport.hr.ithome.hr/wp-content/et-cache/100345/?C=S;O=A" "Mozilla/5.0 AppleWebKit/537.36 (KHTML, like Gecko; compatible; GPTBot/1.3; +https://openai.com/gptbot)"
74.7.243.248 - - [10/May/2026:18:58:32 +0200] "GET /wp-content/et-cache/100549/?C=N;O=D HTTP/1.1" 404 0 "https://www.top-sport.hr.ithome.hr/wp-content/et-cache/100549/" "Mozilla/5.0 AppleWebKit/537.36 (KHTML, like Gecko; compatible; GPTBot/1.3; +https://openai.com/gptbot)"
74.7.243.248 - - [10/May/2026:18:58:33 +0200] "GET /wp-content/et-cache/100426/?C=D;O=A HTTP/1.1" 404 0 "https://www.top-sport.hr.ithome.hr/wp-content/et-cache/100426/" "Mozilla/5.0 AppleWebKit/537.36 (KHTML, like Gecko; compatible; GPTBot/1.3; +https://openai.com/gptbot)"
74.7.243.248 - - [10/May/2026:18:58:34 +0200] "GET /wp-content/et-cache/100396/?C=M;O=A HTTP/1.1" 404 0 "https://www.top-sport.hr.ithome.hr/wp-content/et-cache/100396/" "Mozilla/5.0 AppleWebKit/537.36 (KHTML, like Gecko; compatible; GPTBot/1.3; +https://openai.com/gptbot)"
103.166.24.225 - - [10/May/2026:18:58:34 +0200] "POST /wp-includes/hp2.php HTTP/1.1" 200 3446 "https://www.top-sport.hr/wp-includes/hp2.php" "Mozilla/5.0 (Windows NT 10.0; Win64; x64) AppleWebKit/537.36 (KHTML, like Gecko) Chrome/144.0.0.0 Safari/537.36"
74.7.243.248 - - [10/May/2026:18:58:34 +0200] "GET /wp-content/et-cache/100379/?C=D;O=A HTTP/1.1" 404 0 "https://www.top-sport.hr.ithome.hr/wp-content/et-cache/100379/" "Mozilla/5.0 AppleWebKit/537.36 (KHTML, like Gecko; compatible; GPTBot/1.3; +https://openai.com/gptbot)"
74.7.243.248 - - [10/May/2026:18:58:35 +0200] "GET /wp-content/et-cache/100528/?C=S;O=A HTTP/1.1" 404 0 "https://www.top-sport.hr.ithome.hr/wp-content/et-cache/100528/" "Mozilla/5.0 AppleWebKit/537.36 (KHTML, like Gecko; compatible; GPTBot/1.3; +https://openai.com/gptbot)"
74.7.243.248 - - [10/May/2026:18:58:36 +0200] "GET /wp-content/et-cache/100365/?C=S;O=D HTTP/1.1" 404 0 "https://www.top-sport.hr.ithome.hr/wp-content/et-cache/100365/?C=S;O=A" "Mozilla/5.0 AppleWebKit/537.36 (KHTML, like Gecko; compatible; GPTBot/1.3; +https://openai.com/gptbot)"
74.7.243.248 - - [10/May/2026:18:58:37 +0200] "GET /wp-content/et-cache/100279/?C=N;O=A HTTP/1.1" 404 0 "https://www.top-sport.hr.ithome.hr/wp-content/et-cache/100279/?C=N;O=D" "Mozilla/5.0 AppleWebKit/537.36 (KHTML, like Gecko; compatible; GPTBot/1.3; +https://openai.com/gptbot)"
74.7.243.248 - - [10/May/2026:18:58:38 +0200] "GET /wp-content/et-cache/100497/?C=D;O=A HTTP/1.1" 404 0 "https://www.top-sport.hr.ithome.hr/wp-content/et-cache/100497/" "Mozilla/5.0 AppleWebKit/537.36 (KHTML, like Gecko; compatible; GPTBot/1.3; +https://openai.com/gptbot)"
74.7.243.248 - - [10/May/2026:18:58:39 +0200] "GET /wp-content/et-cache/100258/?C=M;O=A HTTP/1.1" 404 0 "https://www.top-sport.hr.ithome.hr/wp-content/et-cache/100258/" "Mozilla/5.0 AppleWebKit/537.36 (KHTML, like Gecko; compatible; GPTBot/1.3; +https://openai.com/gptbot)"
74.7.243.248 - - [10/May/2026:18:58:39 +0200] "GET /wp-content/et-cache/100534/?C=S;O=A HTTP/1.1" 404 0 "https://www.top-sport.hr.ithome.hr/wp-content/et-cache/100534/" "Mozilla/5.0 AppleWebKit/537.36 (KHTML, like Gecko; compatible; GPTBot/1.3; +https://openai.com/gptbot)"
103.166.24.225 - - [10/May/2026:18:58:40 +0200] "POST /wp-includes/hp2.php HTTP/1.1" 200 3498 "https://www.top-sport.hr/wp-includes/hp2.php" "Mozilla/5.0 (Windows NT 10.0; Win64; x64) AppleWebKit/537.36 (KHTML, like Gecko) Chrome/144.0.0.0 Safari/537.36"
74.7.243.248 - - [10/May/2026:18:58:40 +0200] "GET /wp-content/et-cache/100479/?C=D;O=A HTTP/1.1" 404 0 "https://www.top-sport.hr.ithome.hr/wp-content/et-cache/100479/" "Mozilla/5.0 AppleWebKit/537.36 (KHTML, like Gecko; compatible; GPTBot/1.3; +https://openai.com/gptbot)"
74.7.243.248 - - [10/May/2026:18:58:41 +0200] "GET /wp-content/et-cache/100356/?C=N;O=D HTTP/1.1" 404 0 "https://www.top-sport.hr.ithome.hr/wp-content/et-cache/100356/" "Mozilla/5.0 AppleWebKit/537.36 (KHTML, like Gecko; compatible; GPTBot/1.3; +https://openai.com/gptbot)"
74.7.243.248 - - [10/May/2026:18:58:42 +0200] "GET /wp-content/et-cache/100539/?C=N;O=A HTTP/1.1" 404 0 "https://www.top-sport.hr.ithome.hr/wp-content/et-cache/100539/?C=S;O=A" "Mozilla/5.0 AppleWebKit/537.36 (KHTML, like Gecko; compatible; GPTBot/1.3; +https://openai.com/gptbot)"
74.7.243.248 - - [10/May/2026:18:58:42 +0200] "GET /wp-content/et-cache/100345/?C=N;O=A HTTP/1.1" 404 0 "https://www.top-sport.hr.ithome.hr/wp-content/et-cache/100345/?C=N;O=D" "Mozilla/5.0 AppleWebKit/537.36 (KHTML, like Gecko; compatible; GPTBot/1.3; +https://openai.com/gptbot)"
74.7.243.248 - - [10/May/2026:18:58:43 +0200] "GET /wp-content/et-cache/100475/?C=S;O=D HTTP/1.1" 404 0 "https://www.top-sport.hr.ithome.hr/wp-content/et-cache/100475/?C=S;O=A" "Mozilla/5.0 AppleWebKit/537.36 (KHTML, like Gecko; compatible; GPTBot/1.3; +https://openai.com/gptbot)"
74.7.243.248 - - [10/May/2026:18:58:44 +0200] "GET /wp-content/et-cache/100573/?C=S;O=A HTTP/1.1" 404 0 "https://www.top-sport.hr.ithome.hr/wp-content/et-cache/100573/" "Mozilla/5.0 AppleWebKit/537.36 (KHTML, like Gecko; compatible; GPTBot/1.3; +https://openai.com/gptbot)"
74.7.243.248 - - [10/May/2026:18:58:45 +0200] "GET /wp-content/et-cache/100594/?C=M;O=A HTTP/1.1" 404 0 "https://www.top-sport.hr.ithome.hr/wp-content/et-cache/100594/" "Mozilla/5.0 AppleWebKit/537.36 (KHTML, like Gecko; compatible; GPTBot/1.3; +https://openai.com/gptbot)"
74.7.243.248 - - [10/May/2026:18:58:46 +0200] "GET /wp-content/et-cache/100549/?C=N;O=A HTTP/1.1" 404 0 "https://www.top-sport.hr.ithome.hr/wp-content/et-cache/100549/?C=S;O=A" "Mozilla/5.0 AppleWebKit/537.36 (KHTML, like Gecko; compatible; GPTBot/1.3; +https://openai.com/gptbot)"
74.7.243.248 - - [10/May/2026:18:58:47 +0200] "GET /wp-content/et-cache/100467/?C=N;O=A HTTP/1.1" 404 0 "https://www.top-sport.hr.ithome.hr/wp-content/et-cache/100467/?C=D;O=A" "Mozilla/5.0 AppleWebKit/537.36 (KHTML, like Gecko; compatible; GPTBot/1.3; +https://openai.com/gptbot)"
103.166.24.225 - - [10/May/2026:18:58:47 +0200] "POST /wp-includes/hp2.php HTTP/1.1" 200 3561 "https://www.top-sport.hr/wp-includes/hp2.php" "Mozilla/5.0 (Windows NT 10.0; Win64; x64) AppleWebKit/537.36 (KHTML, like Gecko) Chrome/144.0.0.0 Safari/537.36"
74.7.243.248 - - [10/May/2026:18:58:48 +0200] "GET /wp-content/et-cache/100568/?C=N;O=D HTTP/1.1" 404 0 "https://www.top-sport.hr.ithome.hr/wp-content/et-cache/100568/" "Mozilla/5.0 AppleWebKit/537.36 (KHTML, like Gecko; compatible; GPTBot/1.3; +https://openai.com/gptbot)"
74.7.243.248 - - [10/May/2026:18:58:48 +0200] "GET /wp-content/et-cache/100356/?C=D;O=A HTTP/1.1" 404 0 "https://www.top-sport.hr.ithome.hr/wp-content/et-cache/100356/" "Mozilla/5.0 AppleWebKit/537.36 (KHTML, like Gecko; compatible; GPTBot/1.3; +https://openai.com/gptbot)"
74.7.243.248 - - [10/May/2026:18:58:49 +0200] "GET /wp-content/et-cache/100379/?C=N;O=D HTTP/1.1" 404 0 "https://www.top-sport.hr.ithome.hr/wp-content/et-cache/100379/" "Mozilla/5.0 AppleWebKit/537.36 (KHTML, like Gecko; compatible; GPTBot/1.3; +https://openai.com/gptbot)"
74.7.243.248 - - [10/May/2026:18:58:50 +0200] "GET /wp-content/et-cache/100235/?C=N;O=D HTTP/1.1" 404 0 "https://www.top-sport.hr.ithome.hr/wp-content/et-cache/100235/" "Mozilla/5.0 AppleWebKit/537.36 (KHTML, like Gecko; compatible; GPTBot/1.3; +https://openai.com/gptbot)"
74.7.243.248 - - [10/May/2026:18:58:51 +0200] "GET /wp-content/et-cache/100539/?C=S;O=D HTTP/1.1" 404 0 "https://www.top-sport.hr.ithome.hr/wp-content/et-cache/100539/?C=S;O=A" "Mozilla/5.0 AppleWebKit/537.36 (KHTML, like Gecko; compatible; GPTBot/1.3; +https://openai.com/gptbot)"
74.7.243.248 - - [10/May/2026:18:58:52 +0200] "GET /wp-content/et-cache/100379/?C=S;O=A HTTP/1.1" 404 0 "https://www.top-sport.hr.ithome.hr/wp-content/et-cache/100379/" "Mozilla/5.0 AppleWebKit/537.36 (KHTML, like Gecko; compatible; GPTBot/1.3; +https://openai.com/gptbot)"
74.7.243.248 - - [10/May/2026:18:58:53 +0200] "GET /wp-content/et-cache/100598/?C=N;O=D HTTP/1.1" 404 0 "https://www.top-sport.hr.ithome.hr/wp-content/et-cache/100598/" "Mozilla/5.0 AppleWebKit/537.36 (KHTML, like Gecko; compatible; GPTBot/1.3; +https://openai.com/gptbot)"
74.7.243.248 - - [10/May/2026:18:58:54 +0200] "GET /wp-content/et-cache/100497/?C=M;O=A HTTP/1.1" 404 0 "https://www.top-sport.hr.ithome.hr/wp-content/et-cache/100497/" "Mozilla/5.0 AppleWebKit/537.36 (KHTML, like Gecko; compatible; GPTBot/1.3; +https://openai.com/gptbot)"
74.7.243.248 - - [10/May/2026:18:58:55 +0200] "GET /wp-content/et-cache/100627/?C=N;O=D HTTP/1.1" 404 0 "https://www.top-sport.hr.ithome.hr/wp-content/et-cache/100627/" "Mozilla/5.0 AppleWebKit/537.36 (KHTML, like Gecko; compatible; GPTBot/1.3; +https://openai.com/gptbot)"
74.7.243.248 - - [10/May/2026:18:58:55 +0200] "GET /wp-content/et-cache/100275/?C=D;O=A HTTP/1.1" 404 0 "https://www.top-sport.hr.ithome.hr/wp-content/et-cache/100275/" "Mozilla/5.0 AppleWebKit/537.36 (KHTML, like Gecko; compatible; GPTBot/1.3; +https://openai.com/gptbot)"
74.7.243.248 - - [10/May/2026:18:58:56 +0200] "GET /wp-content/et-cache/100238/?C=N;O=D HTTP/1.1" 404 0 "https://www.top-sport.hr.ithome.hr/wp-content/et-cache/100238/" "Mozilla/5.0 AppleWebKit/537.36 (KHTML, like Gecko; compatible; GPTBot/1.3; +https://openai.com/gptbot)"
74.7.243.248 - - [10/May/2026:18:58:57 +0200] "GET /wp-content/et-cache/100536/?C=M;O=A HTTP/1.1" 404 0 "https://www.top-sport.hr.ithome.hr/wp-content/et-cache/100536/" "Mozilla/5.0 AppleWebKit/537.36 (KHTML, like Gecko; compatible; GPTBot/1.3; +https://openai.com/gptbot)"
74.7.243.248 - - [10/May/2026:18:58:58 +0200] "GET /wp-content/et-cache/100573/?C=N;O=A HTTP/1.1" 404 0 "https://www.top-sport.hr.ithome.hr/wp-content/et-cache/100573/?C=D;O=A" "Mozilla/5.0 AppleWebKit/537.36 (KHTML, like Gecko; compatible; GPTBot/1.3; +https://openai.com/gptbot)"
74.7.243.248 - - [10/May/2026:18:58:59 +0200] "GET /wp-content/et-cache/100528/?C=N;O=D HTTP/1.1" 404 0 "https://www.top-sport.hr.ithome.hr/wp-content/et-cache/100528/" "Mozilla/5.0 AppleWebKit/537.36 (KHTML, like Gecko; compatible; GPTBot/1.3; +https://openai.com/gptbot)"
74.7.243.248 - - [10/May/2026:18:58:59 +0200] "GET /wp-content/et-cache/100396/?C=D;O=A HTTP/1.1" 404 0 "https://www.top-sport.hr.ithome.hr/wp-content/et-cache/100396/" "Mozilla/5.0 AppleWebKit/537.36 (KHTML, like Gecko; compatible; GPTBot/1.3; +https://openai.com/gptbot)"
74.7.243.248 - - [10/May/2026:18:59:00 +0200] "GET /wp-content/et-cache/100539/?C=N;O=D HTTP/1.1" 404 0 "https://www.top-sport.hr.ithome.hr/wp-content/et-cache/100539/" "Mozilla/5.0 AppleWebKit/537.36 (KHTML, like Gecko; compatible; GPTBot/1.3; +https://openai.com/gptbot)"
103.166.24.225 - - [10/May/2026:18:59:01 +0200] "POST /wp-includes/hp2.php HTTP/1.1" 200 3619 "https://www.top-sport.hr/wp-includes/hp2.php" "Mozilla/5.0 (Windows NT 10.0; Win64; x64) AppleWebKit/537.36 (KHTML, like Gecko) Chrome/144.0.0.0 Safari/537.36"
